{"id":1881,"date":"2022-10-31T21:24:12","date_gmt":"2022-10-31T21:24:12","guid":{"rendered":"https:\/\/italchamber.qc.ca\/speakers\/marie-claude-lavallee\/"},"modified":"2022-10-31T21:24:12","modified_gmt":"2022-10-31T21:24:12","slug":"marie-claude-lavallee","status":"publish","type":"speaker","link":"https:\/\/italchamber.qc.ca\/it\/speakers\/marie-claude-lavallee\/","title":{"rendered":"Marie-Claude Lavall\u00e9e"},"content":{"rendered":"<p>Marie-Claude Lavall\u00e9e, journaliste, conf\u00e9renci\u00e8re et animatrice, est bien connue du public de Radio-Canada o\u00f9 elle s\u2019est illustr\u00e9e pendant plus de 30 ans dans une grande vari\u00e9t\u00e9 d\u2019\u00e9missions. Il y a 6 ans, Marie-Claude quittait la SRC pour devenir pigiste. On la retrouve dor\u00e9navant au micro du 98,5 o\u00f9 elle remplace Patrick Lagac\u00e9 au Qu\u00e9bec Maintenant.<\/p>\n<p>Elle anime aussi de nombreux Colloques et Ev\u00e9nements en plus de donner des formations \u00e0 ceux qui veulent am\u00e9liorer leurs performances en public.<\/p>\n<p>&nbsp;<\/p>\n","protected":false},"featured_media":1882,"template":"","country":[84],"class_list":["post-1881","speaker","type-speaker","status-publish","has-post-thumbnail","hentry","country-canada"],"acf":[],"yoast_head":"<!-- This site is optimized with the Yoast SEO plugin v27.4 - https:\/\/yoast.com\/product\/yoast-seo-wordpress\/ -->\n<title>Marie-Claude Lavall\u00e9e - ICCC<\/title>\n<meta name=\"robots\" content=\"index, follow, max-snippet:-1, max-image-preview:large, max-video-preview:-1\" \/>\n<link rel=\"canonical\" href=\"https:\/\/italchamber.qc.ca\/it\/speakers\/marie-claude-lavallee\/\" \/>\n<meta property=\"og:locale\" content=\"it_IT\" \/>\n<meta property=\"og:type\" content=\"article\" \/>\n<meta property=\"og:title\" content=\"Marie-Claude Lavall\u00e9e - ICCC\" \/>\n<meta property=\"og:description\" content=\"Marie-Claude Lavall\u00e9e, journaliste, conf\u00e9renci\u00e8re et animatrice, est bien connue du public de Radio-Canada o\u00f9 elle s\u2019est illustr\u00e9e pendant plus de 30 ans dans une grande vari\u00e9t\u00e9 d\u2019\u00e9missions. Il y a 6 ans, Marie-Claude quittait la SRC pour devenir pigiste. On la retrouve dor\u00e9navant au micro du 98,5 o\u00f9 elle remplace Patrick Lagac\u00e9 au Qu\u00e9bec Maintenant. [&hellip;]\" \/>\n<meta property=\"og:url\" content=\"https:\/\/italchamber.qc.ca\/it\/speakers\/marie-claude-lavallee\/\" \/>\n<meta property=\"og:site_name\" content=\"ICCC\" \/>\n<meta name=\"twitter:card\" content=\"summary_large_image\" \/>\n<script type=\"application\/ld+json\" class=\"yoast-schema-graph\">{\"@context\":\"https:\\\/\\\/schema.org\",\"@graph\":[{\"@type\":\"WebPage\",\"@id\":\"https:\\\/\\\/italchamber.qc.ca\\\/it\\\/speakers\\\/marie-claude-lavallee\\\/\",\"url\":\"https:\\\/\\\/italchamber.qc.ca\\\/it\\\/speakers\\\/marie-claude-lavallee\\\/\",\"name\":\"Marie-Claude Lavall\u00e9e - ICCC\",\"isPartOf\":{\"@id\":\"https:\\\/\\\/italchamber.qc.ca\\\/it\\\/#website\"},\"primaryImageOfPage\":{\"@id\":\"https:\\\/\\\/italchamber.qc.ca\\\/it\\\/speakers\\\/marie-claude-lavallee\\\/#primaryimage\"},\"image\":{\"@id\":\"https:\\\/\\\/italchamber.qc.ca\\\/it\\\/speakers\\\/marie-claude-lavallee\\\/#primaryimage\"},\"thumbnailUrl\":\"https:\\\/\\\/italchamber.qc.ca\\\/wp-content\\\/uploads\\\/2024\\\/10\\\/marie-claude-lavallee-accueil-conferencier-formax.jpg\",\"datePublished\":\"2022-10-31T21:24:12+00:00\",\"breadcrumb\":{\"@id\":\"https:\\\/\\\/italchamber.qc.ca\\\/it\\\/speakers\\\/marie-claude-lavallee\\\/#breadcrumb\"},\"inLanguage\":\"it-IT\",\"potentialAction\":[{\"@type\":\"ReadAction\",\"target\":[\"https:\\\/\\\/italchamber.qc.ca\\\/it\\\/speakers\\\/marie-claude-lavallee\\\/\"]}]},{\"@type\":\"ImageObject\",\"inLanguage\":\"it-IT\",\"@id\":\"https:\\\/\\\/italchamber.qc.ca\\\/it\\\/speakers\\\/marie-claude-lavallee\\\/#primaryimage\",\"url\":\"https:\\\/\\\/italchamber.qc.ca\\\/wp-content\\\/uploads\\\/2024\\\/10\\\/marie-claude-lavallee-accueil-conferencier-formax.jpg\",\"contentUrl\":\"https:\\\/\\\/italchamber.qc.ca\\\/wp-content\\\/uploads\\\/2024\\\/10\\\/marie-claude-lavallee-accueil-conferencier-formax.jpg\",\"width\":800,\"height\":600},{\"@type\":\"BreadcrumbList\",\"@id\":\"https:\\\/\\\/italchamber.qc.ca\\\/it\\\/speakers\\\/marie-claude-lavallee\\\/#breadcrumb\",\"itemListElement\":[{\"@type\":\"ListItem\",\"position\":1,\"name\":\"Home\",\"item\":\"https:\\\/\\\/italchamber.qc.ca\\\/it\\\/home\\\/\"},{\"@type\":\"ListItem\",\"position\":2,\"name\":\"Speakers\",\"item\":\"https:\\\/\\\/italchamber.qc.ca\\\/it\\\/speakers\\\/\"},{\"@type\":\"ListItem\",\"position\":3,\"name\":\"Marie-Claude Lavall\u00e9e\"}]},{\"@type\":\"WebSite\",\"@id\":\"https:\\\/\\\/italchamber.qc.ca\\\/it\\\/#website\",\"url\":\"https:\\\/\\\/italchamber.qc.ca\\\/it\\\/\",\"name\":\"ICCC\",\"description\":\"Italian Chamber of Commerce in Canada\",\"publisher\":{\"@id\":\"https:\\\/\\\/italchamber.qc.ca\\\/it\\\/#organization\"},\"potentialAction\":[{\"@type\":\"SearchAction\",\"target\":{\"@type\":\"EntryPoint\",\"urlTemplate\":\"https:\\\/\\\/italchamber.qc.ca\\\/it\\\/?s={search_term_string}\"},\"query-input\":{\"@type\":\"PropertyValueSpecification\",\"valueRequired\":true,\"valueName\":\"search_term_string\"}}],\"inLanguage\":\"it-IT\"},{\"@type\":\"Organization\",\"@id\":\"https:\\\/\\\/italchamber.qc.ca\\\/it\\\/#organization\",\"name\":\"ICCC\",\"url\":\"https:\\\/\\\/italchamber.qc.ca\\\/it\\\/\",\"logo\":{\"@type\":\"ImageObject\",\"inLanguage\":\"it-IT\",\"@id\":\"https:\\\/\\\/italchamber.qc.ca\\\/it\\\/#\\\/schema\\\/logo\\\/image\\\/\",\"url\":\"https:\\\/\\\/italchamber.qc.ca\\\/wp-content\\\/uploads\\\/2025\\\/05\\\/ICCC-Logo-Italian.svg\",\"contentUrl\":\"https:\\\/\\\/italchamber.qc.ca\\\/wp-content\\\/uploads\\\/2025\\\/05\\\/ICCC-Logo-Italian.svg\",\"caption\":\"ICCC\"},\"image\":{\"@id\":\"https:\\\/\\\/italchamber.qc.ca\\\/it\\\/#\\\/schema\\\/logo\\\/image\\\/\"}}]}<\/script>\n<!-- \/ Yoast SEO plugin. -->","yoast_head_json":{"title":"Marie-Claude Lavall\u00e9e - ICCC","robots":{"index":"index","follow":"follow","max-snippet":"max-snippet:-1","max-image-preview":"max-image-preview:large","max-video-preview":"max-video-preview:-1"},"canonical":"https:\/\/italchamber.qc.ca\/it\/speakers\/marie-claude-lavallee\/","og_locale":"it_IT","og_type":"article","og_title":"Marie-Claude Lavall\u00e9e - ICCC","og_description":"Marie-Claude Lavall\u00e9e, journaliste, conf\u00e9renci\u00e8re et animatrice, est bien connue du public de Radio-Canada o\u00f9 elle s\u2019est illustr\u00e9e pendant plus de 30 ans dans une grande vari\u00e9t\u00e9 d\u2019\u00e9missions. Il y a 6 ans, Marie-Claude quittait la SRC pour devenir pigiste. On la retrouve dor\u00e9navant au micro du 98,5 o\u00f9 elle remplace Patrick Lagac\u00e9 au Qu\u00e9bec Maintenant. [&hellip;]","og_url":"https:\/\/italchamber.qc.ca\/it\/speakers\/marie-claude-lavallee\/","og_site_name":"ICCC","twitter_card":"summary_large_image","schema":{"@context":"https:\/\/schema.org","@graph":[{"@type":"WebPage","@id":"https:\/\/italchamber.qc.ca\/it\/speakers\/marie-claude-lavallee\/","url":"https:\/\/italchamber.qc.ca\/it\/speakers\/marie-claude-lavallee\/","name":"Marie-Claude Lavall\u00e9e - ICCC","isPartOf":{"@id":"https:\/\/italchamber.qc.ca\/it\/#website"},"primaryImageOfPage":{"@id":"https:\/\/italchamber.qc.ca\/it\/speakers\/marie-claude-lavallee\/#primaryimage"},"image":{"@id":"https:\/\/italchamber.qc.ca\/it\/speakers\/marie-claude-lavallee\/#primaryimage"},"thumbnailUrl":"https:\/\/italchamber.qc.ca\/wp-content\/uploads\/2024\/10\/marie-claude-lavallee-accueil-conferencier-formax.jpg","datePublished":"2022-10-31T21:24:12+00:00","breadcrumb":{"@id":"https:\/\/italchamber.qc.ca\/it\/speakers\/marie-claude-lavallee\/#breadcrumb"},"inLanguage":"it-IT","potentialAction":[{"@type":"ReadAction","target":["https:\/\/italchamber.qc.ca\/it\/speakers\/marie-claude-lavallee\/"]}]},{"@type":"ImageObject","inLanguage":"it-IT","@id":"https:\/\/italchamber.qc.ca\/it\/speakers\/marie-claude-lavallee\/#primaryimage","url":"https:\/\/italchamber.qc.ca\/wp-content\/uploads\/2024\/10\/marie-claude-lavallee-accueil-conferencier-formax.jpg","contentUrl":"https:\/\/italchamber.qc.ca\/wp-content\/uploads\/2024\/10\/marie-claude-lavallee-accueil-conferencier-formax.jpg","width":800,"height":600},{"@type":"BreadcrumbList","@id":"https:\/\/italchamber.qc.ca\/it\/speakers\/marie-claude-lavallee\/#breadcrumb","itemListElement":[{"@type":"ListItem","position":1,"name":"Home","item":"https:\/\/italchamber.qc.ca\/it\/home\/"},{"@type":"ListItem","position":2,"name":"Speakers","item":"https:\/\/italchamber.qc.ca\/it\/speakers\/"},{"@type":"ListItem","position":3,"name":"Marie-Claude Lavall\u00e9e"}]},{"@type":"WebSite","@id":"https:\/\/italchamber.qc.ca\/it\/#website","url":"https:\/\/italchamber.qc.ca\/it\/","name":"ICCC","description":"Italian Chamber of Commerce in Canada","publisher":{"@id":"https:\/\/italchamber.qc.ca\/it\/#organization"},"potentialAction":[{"@type":"SearchAction","target":{"@type":"EntryPoint","urlTemplate":"https:\/\/italchamber.qc.ca\/it\/?s={search_term_string}"},"query-input":{"@type":"PropertyValueSpecification","valueRequired":true,"valueName":"search_term_string"}}],"inLanguage":"it-IT"},{"@type":"Organization","@id":"https:\/\/italchamber.qc.ca\/it\/#organization","name":"ICCC","url":"https:\/\/italchamber.qc.ca\/it\/","logo":{"@type":"ImageObject","inLanguage":"it-IT","@id":"https:\/\/italchamber.qc.ca\/it\/#\/schema\/logo\/image\/","url":"https:\/\/italchamber.qc.ca\/wp-content\/uploads\/2025\/05\/ICCC-Logo-Italian.svg","contentUrl":"https:\/\/italchamber.qc.ca\/wp-content\/uploads\/2025\/05\/ICCC-Logo-Italian.svg","caption":"ICCC"},"image":{"@id":"https:\/\/italchamber.qc.ca\/it\/#\/schema\/logo\/image\/"}}]}},"_links":{"self":[{"href":"https:\/\/italchamber.qc.ca\/it\/wp-json\/wp\/v2\/speaker\/1881","targetHints":{"allow":["GET"]}}],"collection":[{"href":"https:\/\/italchamber.qc.ca\/it\/wp-json\/wp\/v2\/speaker"}],"about":[{"href":"https:\/\/italchamber.qc.ca\/it\/wp-json\/wp\/v2\/types\/speaker"}],"version-history":[{"count":0,"href":"https:\/\/italchamber.qc.ca\/it\/wp-json\/wp\/v2\/speaker\/1881\/revisions"}],"wp:featuredmedia":[{"embeddable":true,"href":"https:\/\/italchamber.qc.ca\/it\/wp-json\/wp\/v2\/media\/1882"}],"wp:attachment":[{"href":"https:\/\/italchamber.qc.ca\/it\/wp-json\/wp\/v2\/media?parent=1881"}],"wp:term":[{"taxonomy":"country","embeddable":true,"href":"https:\/\/italchamber.qc.ca\/it\/wp-json\/wp\/v2\/country?post=1881"}],"curies":[{"name":"wp","href":"https:\/\/api.w.org\/{rel}","templated":true}]}}

Marie-Claude Lavallée

<p>Marie-Claude Lavallée, journaliste, conférencière et animatrice, est bien connue du public de Radio-Canada où elle s’est illustrée pendant plus de 30 ans dans une grande variété d’émissions. Il y a 6 ans, Marie-Claude quittait la SRC pour devenir pigiste. On la retrouve dorénavant au micro du 98,5 où elle remplace Patrick Lagacé au Québec Maintenant.</p>
<p>Elle anime aussi de nombreux Colloques et Evénements en plus de donner des formations à ceux qui veulent améliorer leurs performances en public.</p>
<p>&nbsp;</p>

<!-- This site is optimized with the Yoast SEO plugin v27.4 - https://yoast.com/product/yoast-seo-wordpress/ -->
<title>Marie-Claude Lavallée - ICCC</title>
<meta name="robots" content="index, follow, max-snippet:-1, max-image-preview:large, max-video-preview:-1" />
<link rel="canonical" href="https://italchamber.qc.ca/it/speakers/marie-claude-lavallee/" />
<meta property="og:locale" content="it_IT" />
<meta property="og:type" content="article" />
<meta property="og:title" content="Marie-Claude Lavallée - ICCC" />
<meta property="og:description" content="Marie-Claude Lavallée, journaliste, conférencière et animatrice, est bien connue du public de Radio-Canada où elle s’est illustrée pendant plus de 30 ans dans une grande variété d’émissions. Il y a 6 ans, Marie-Claude quittait la SRC pour devenir pigiste. On la retrouve dorénavant au micro du 98,5 où elle remplace Patrick Lagacé au Québec Maintenant. [&hellip;]" />
<meta property="og:url" content="https://italchamber.qc.ca/it/speakers/marie-claude-lavallee/" />
<meta property="og:site_name" content="ICCC" />
<meta name="twitter:card" content="summary_large_image" />
<script type="application/ld+json" class="yoast-schema-graph">{"@context":"https:\/\/schema.org","@graph":[{"@type":"WebPage","@id":"https:\/\/italchamber.qc.ca\/it\/speakers\/marie-claude-lavallee\/","url":"https:\/\/italchamber.qc.ca\/it\/speakers\/marie-claude-lavallee\/","name":"Marie-Claude Lavallée - ICCC","isPartOf":{"@id":"https:\/\/italchamber.qc.ca\/it\/#website"},"primaryImageOfPage":{"@id":"https:\/\/italchamber.qc.ca\/it\/speakers\/marie-claude-lavallee\/#primaryimage"},"image":{"@id":"https:\/\/italchamber.qc.ca\/it\/speakers\/marie-claude-lavallee\/#primaryimage"},"thumbnailUrl":"https:\/\/italchamber.qc.ca\/wp-content\/uploads\/2024\/10\/marie-claude-lavallee-accueil-conferencier-formax.jpg","datePublished":"2022-10-31T21:24:12+00:00","breadcrumb":{"@id":"https:\/\/italchamber.qc.ca\/it\/speakers\/marie-claude-lavallee\/#breadcrumb"},"inLanguage":"it-IT","potentialAction":[{"@type":"ReadAction","target":["https:\/\/italchamber.qc.ca\/it\/speakers\/marie-claude-lavallee\/"]}]},{"@type":"ImageObject","inLanguage":"it-IT","@id":"https:\/\/italchamber.qc.ca\/it\/speakers\/marie-claude-lavallee\/#primaryimage","url":"https:\/\/italchamber.qc.ca\/wp-content\/uploads\/2024\/10\/marie-claude-lavallee-accueil-conferencier-formax.jpg","contentUrl":"https:\/\/italchamber.qc.ca\/wp-content\/uploads\/2024\/10\/marie-claude-lavallee-accueil-conferencier-formax.jpg","width":800,"height":600},{"@type":"BreadcrumbList","@id":"https:\/\/italchamber.qc.ca\/it\/speakers\/marie-claude-lavallee\/#breadcrumb","itemListElement":[{"@type":"ListItem","position":1,"name":"Home","item":"https:\/\/italchamber.qc.ca\/it\/home\/"},{"@type":"ListItem","position":2,"name":"Speakers","item":"https:\/\/italchamber.qc.ca\/it\/speakers\/"},{"@type":"ListItem","position":3,"name":"Marie-Claude Lavallée"}]},{"@type":"WebSite","@id":"https:\/\/italchamber.qc.ca\/it\/#website","url":"https:\/\/italchamber.qc.ca\/it\/","name":"ICCC","description":"Italian Chamber of Commerce in Canada","publisher":{"@id":"https:\/\/italchamber.qc.ca\/it\/#organization"},"potentialAction":[{"@type":"SearchAction","target":{"@type":"EntryPoint","urlTemplate":"https:\/\/italchamber.qc.ca\/it\/?s={search_term_string}"},"query-input":{"@type":"PropertyValueSpecification","valueRequired":true,"valueName":"search_term_string"}}],"inLanguage":"it-IT"},{"@type":"Organization","@id":"https:\/\/italchamber.qc.ca\/it\/#organization","name":"ICCC","url":"https:\/\/italchamber.qc.ca\/it\/","logo":{"@type":"ImageObject","inLanguage":"it-IT","@id":"https:\/\/italchamber.qc.ca\/it\/#\/schema\/logo\/image\/","url":"https:\/\/italchamber.qc.ca\/wp-content\/uploads\/2025\/05\/ICCC-Logo-Italian.svg","contentUrl":"https:\/\/italchamber.qc.ca\/wp-content\/uploads\/2025\/05\/ICCC-Logo-Italian.svg","caption":"ICCC"},"image":{"@id":"https:\/\/italchamber.qc.ca\/it\/#\/schema\/logo\/image\/"}}]}</script>
<!-- / Yoast SEO plugin. -->

Marie-Claude Lavallée - ICCC

Marie-Claude Lavallée, journaliste, conférencière et animatrice, est bien connue du public de Radio-Canada où elle s’est illustrée pendant plus de 30 ans dans une grande variété d’émissions. Il y a 6 ans, Marie-Claude quittait la SRC pour devenir pigiste. On la retrouve dorénavant au micro du 98,5 où elle remplace Patrick Lagacé au Québec Maintenant. [&hellip;]
