{"id":9168,"date":"2021-08-06T16:59:10","date_gmt":"2021-08-06T16:59:10","guid":{"rendered":"https:\/\/italchamber.qc.ca\/events\/connexion-2021-3\/"},"modified":"2021-08-06T16:59:10","modified_gmt":"2021-08-06T16:59:10","slug":"connexion-2021-3","status":"publish","type":"event","link":"https:\/\/italchamber.qc.ca\/it\/events\/connexion-2021-3\/","title":{"rendered":"Connexion 2021"},"content":{"rendered":"<p>Connexion est L\u2019UNIQUE guichet francophone rassemblant les plus grands experts en mati\u00e8re de transformation num\u00e9rique..<\/p>\n<p>Durant 3 jours, des sp\u00e9cialistes de renom aborderont les sujets incontournables de l&#8217;heure en mati\u00e8re d&#8217;int\u00e9gration de technologies num\u00e9riques sous les th\u00e8mes suivants : ressources humaines, transformation organisationnelle, marketing et gouvernance des donn\u00e9es. Ils sauront vous guider, vous accompagner, vous apporter des solutions concr\u00e8tes qui r\u00e9pondent \u00e0 la r\u00e9alit\u00e9 de votre entreprise et \u00e0 celle du march\u00e9 qu\u00e9b\u00e9cois actuel.<\/p>\n<p style=\"text-align: center;\"><strong>Inscrivez-vous d\u00e8s aujourd&#8217;hui et b\u00e9n\u00e9ficiez d&#8217;un rabais de 40% sur votre inscription!<\/strong><br \/>\n<strong>Code promotionnel : CCIC40<\/strong><\/p>\n<p style=\"text-align: center;\"><strong>Pour vous inscrire, <a href=\"https:\/\/connexion.lesaffaires.com\/?utm_source=partenaire&amp;utm_medium=email&amp;utm_campaign=ccic\" target=\"_blank\" rel=\"noopener\">cliquez ici<\/a><\/strong><\/p>\n<p>&nbsp;<\/p>\n","protected":false},"excerpt":{"rendered":"<p>Le sommet de la transformation num\u00e9rique<\/p>\n","protected":false},"featured_media":9166,"template":"","event_category":[],"class_list":["post-9168","event","type-event","status-publish","has-post-thumbnail","hentry"],"acf":[],"yoast_head":"<!-- This site is optimized with the Yoast SEO plugin v27.4 - https:\/\/yoast.com\/product\/yoast-seo-wordpress\/ -->\n<title>Connexion 2021 - ICCC<\/title>\n<meta name=\"robots\" content=\"index, follow, max-snippet:-1, max-image-preview:large, max-video-preview:-1\" \/>\n<link rel=\"canonical\" href=\"https:\/\/italchamber.qc.ca\/it\/events\/connexion-2021-3\/\" \/>\n<meta property=\"og:locale\" content=\"it_IT\" \/>\n<meta property=\"og:type\" content=\"article\" \/>\n<meta property=\"og:title\" content=\"Connexion 2021 - ICCC\" \/>\n<meta property=\"og:description\" content=\"Le sommet de la transformation num\u00e9rique\" \/>\n<meta property=\"og:url\" content=\"https:\/\/italchamber.qc.ca\/it\/events\/connexion-2021-3\/\" \/>\n<meta property=\"og:site_name\" content=\"ICCC\" \/>\n<meta property=\"og:image\" content=\"https:\/\/italchamber.qc.ca\/wp-content\/uploads\/2024\/10\/Connexion-logo-avec-date.png\" \/>\n\t<meta property=\"og:image:width\" content=\"2700\" \/>\n\t<meta property=\"og:image:height\" content=\"1000\" \/>\n\t<meta property=\"og:image:type\" content=\"image\/png\" \/>\n<meta name=\"twitter:card\" content=\"summary_large_image\" \/>\n<meta name=\"twitter:label1\" content=\"Tempo di lettura stimato\" \/>\n\t<meta name=\"twitter:data1\" content=\"1 minuto\" \/>\n<script type=\"application\/ld+json\" class=\"yoast-schema-graph\">{\"@context\":\"https:\\\/\\\/schema.org\",\"@graph\":[{\"@type\":\"WebPage\",\"@id\":\"https:\\\/\\\/italchamber.qc.ca\\\/it\\\/events\\\/connexion-2021-3\\\/\",\"url\":\"https:\\\/\\\/italchamber.qc.ca\\\/it\\\/events\\\/connexion-2021-3\\\/\",\"name\":\"Connexion 2021 - ICCC\",\"isPartOf\":{\"@id\":\"https:\\\/\\\/italchamber.qc.ca\\\/it\\\/#website\"},\"primaryImageOfPage\":{\"@id\":\"https:\\\/\\\/italchamber.qc.ca\\\/it\\\/events\\\/connexion-2021-3\\\/#primaryimage\"},\"image\":{\"@id\":\"https:\\\/\\\/italchamber.qc.ca\\\/it\\\/events\\\/connexion-2021-3\\\/#primaryimage\"},\"thumbnailUrl\":\"https:\\\/\\\/italchamber.qc.ca\\\/wp-content\\\/uploads\\\/2024\\\/10\\\/Connexion-logo-avec-date.png\",\"datePublished\":\"2021-08-06T16:59:10+00:00\",\"breadcrumb\":{\"@id\":\"https:\\\/\\\/italchamber.qc.ca\\\/it\\\/events\\\/connexion-2021-3\\\/#breadcrumb\"},\"inLanguage\":\"it-IT\",\"potentialAction\":[{\"@type\":\"ReadAction\",\"target\":[\"https:\\\/\\\/italchamber.qc.ca\\\/it\\\/events\\\/connexion-2021-3\\\/\"]}]},{\"@type\":\"ImageObject\",\"inLanguage\":\"it-IT\",\"@id\":\"https:\\\/\\\/italchamber.qc.ca\\\/it\\\/events\\\/connexion-2021-3\\\/#primaryimage\",\"url\":\"https:\\\/\\\/italchamber.qc.ca\\\/wp-content\\\/uploads\\\/2024\\\/10\\\/Connexion-logo-avec-date.png\",\"contentUrl\":\"https:\\\/\\\/italchamber.qc.ca\\\/wp-content\\\/uploads\\\/2024\\\/10\\\/Connexion-logo-avec-date.png\",\"width\":2700,\"height\":1000},{\"@type\":\"BreadcrumbList\",\"@id\":\"https:\\\/\\\/italchamber.qc.ca\\\/it\\\/events\\\/connexion-2021-3\\\/#breadcrumb\",\"itemListElement\":[{\"@type\":\"ListItem\",\"position\":1,\"name\":\"Home\",\"item\":\"https:\\\/\\\/italchamber.qc.ca\\\/it\\\/home\\\/\"},{\"@type\":\"ListItem\",\"position\":2,\"name\":\"Events\",\"item\":\"https:\\\/\\\/italchamber.qc.ca\\\/it\\\/events\\\/\"},{\"@type\":\"ListItem\",\"position\":3,\"name\":\"Connexion 2021\"}]},{\"@type\":\"WebSite\",\"@id\":\"https:\\\/\\\/italchamber.qc.ca\\\/it\\\/#website\",\"url\":\"https:\\\/\\\/italchamber.qc.ca\\\/it\\\/\",\"name\":\"ICCC\",\"description\":\"Italian Chamber of Commerce in Canada\",\"publisher\":{\"@id\":\"https:\\\/\\\/italchamber.qc.ca\\\/it\\\/#organization\"},\"potentialAction\":[{\"@type\":\"SearchAction\",\"target\":{\"@type\":\"EntryPoint\",\"urlTemplate\":\"https:\\\/\\\/italchamber.qc.ca\\\/it\\\/?s={search_term_string}\"},\"query-input\":{\"@type\":\"PropertyValueSpecification\",\"valueRequired\":true,\"valueName\":\"search_term_string\"}}],\"inLanguage\":\"it-IT\"},{\"@type\":\"Organization\",\"@id\":\"https:\\\/\\\/italchamber.qc.ca\\\/it\\\/#organization\",\"name\":\"ICCC\",\"url\":\"https:\\\/\\\/italchamber.qc.ca\\\/it\\\/\",\"logo\":{\"@type\":\"ImageObject\",\"inLanguage\":\"it-IT\",\"@id\":\"https:\\\/\\\/italchamber.qc.ca\\\/it\\\/#\\\/schema\\\/logo\\\/image\\\/\",\"url\":\"https:\\\/\\\/italchamber.qc.ca\\\/wp-content\\\/uploads\\\/2025\\\/05\\\/ICCC-Logo-Italian.svg\",\"contentUrl\":\"https:\\\/\\\/italchamber.qc.ca\\\/wp-content\\\/uploads\\\/2025\\\/05\\\/ICCC-Logo-Italian.svg\",\"caption\":\"ICCC\"},\"image\":{\"@id\":\"https:\\\/\\\/italchamber.qc.ca\\\/it\\\/#\\\/schema\\\/logo\\\/image\\\/\"}}]}<\/script>\n<!-- \/ Yoast SEO plugin. -->","yoast_head_json":{"title":"Connexion 2021 - ICCC","robots":{"index":"index","follow":"follow","max-snippet":"max-snippet:-1","max-image-preview":"max-image-preview:large","max-video-preview":"max-video-preview:-1"},"canonical":"https:\/\/italchamber.qc.ca\/it\/events\/connexion-2021-3\/","og_locale":"it_IT","og_type":"article","og_title":"Connexion 2021 - ICCC","og_description":"Le sommet de la transformation num\u00e9rique","og_url":"https:\/\/italchamber.qc.ca\/it\/events\/connexion-2021-3\/","og_site_name":"ICCC","og_image":[{"width":2700,"height":1000,"url":"https:\/\/italchamber.qc.ca\/wp-content\/uploads\/2024\/10\/Connexion-logo-avec-date.png","type":"image\/png"}],"twitter_card":"summary_large_image","twitter_misc":{"Tempo di lettura stimato":"1 minuto"},"schema":{"@context":"https:\/\/schema.org","@graph":[{"@type":"WebPage","@id":"https:\/\/italchamber.qc.ca\/it\/events\/connexion-2021-3\/","url":"https:\/\/italchamber.qc.ca\/it\/events\/connexion-2021-3\/","name":"Connexion 2021 - ICCC","isPartOf":{"@id":"https:\/\/italchamber.qc.ca\/it\/#website"},"primaryImageOfPage":{"@id":"https:\/\/italchamber.qc.ca\/it\/events\/connexion-2021-3\/#primaryimage"},"image":{"@id":"https:\/\/italchamber.qc.ca\/it\/events\/connexion-2021-3\/#primaryimage"},"thumbnailUrl":"https:\/\/italchamber.qc.ca\/wp-content\/uploads\/2024\/10\/Connexion-logo-avec-date.png","datePublished":"2021-08-06T16:59:10+00:00","breadcrumb":{"@id":"https:\/\/italchamber.qc.ca\/it\/events\/connexion-2021-3\/#breadcrumb"},"inLanguage":"it-IT","potentialAction":[{"@type":"ReadAction","target":["https:\/\/italchamber.qc.ca\/it\/events\/connexion-2021-3\/"]}]},{"@type":"ImageObject","inLanguage":"it-IT","@id":"https:\/\/italchamber.qc.ca\/it\/events\/connexion-2021-3\/#primaryimage","url":"https:\/\/italchamber.qc.ca\/wp-content\/uploads\/2024\/10\/Connexion-logo-avec-date.png","contentUrl":"https:\/\/italchamber.qc.ca\/wp-content\/uploads\/2024\/10\/Connexion-logo-avec-date.png","width":2700,"height":1000},{"@type":"BreadcrumbList","@id":"https:\/\/italchamber.qc.ca\/it\/events\/connexion-2021-3\/#breadcrumb","itemListElement":[{"@type":"ListItem","position":1,"name":"Home","item":"https:\/\/italchamber.qc.ca\/it\/home\/"},{"@type":"ListItem","position":2,"name":"Events","item":"https:\/\/italchamber.qc.ca\/it\/events\/"},{"@type":"ListItem","position":3,"name":"Connexion 2021"}]},{"@type":"WebSite","@id":"https:\/\/italchamber.qc.ca\/it\/#website","url":"https:\/\/italchamber.qc.ca\/it\/","name":"ICCC","description":"Italian Chamber of Commerce in Canada","publisher":{"@id":"https:\/\/italchamber.qc.ca\/it\/#organization"},"potentialAction":[{"@type":"SearchAction","target":{"@type":"EntryPoint","urlTemplate":"https:\/\/italchamber.qc.ca\/it\/?s={search_term_string}"},"query-input":{"@type":"PropertyValueSpecification","valueRequired":true,"valueName":"search_term_string"}}],"inLanguage":"it-IT"},{"@type":"Organization","@id":"https:\/\/italchamber.qc.ca\/it\/#organization","name":"ICCC","url":"https:\/\/italchamber.qc.ca\/it\/","logo":{"@type":"ImageObject","inLanguage":"it-IT","@id":"https:\/\/italchamber.qc.ca\/it\/#\/schema\/logo\/image\/","url":"https:\/\/italchamber.qc.ca\/wp-content\/uploads\/2025\/05\/ICCC-Logo-Italian.svg","contentUrl":"https:\/\/italchamber.qc.ca\/wp-content\/uploads\/2025\/05\/ICCC-Logo-Italian.svg","caption":"ICCC"},"image":{"@id":"https:\/\/italchamber.qc.ca\/it\/#\/schema\/logo\/image\/"}}]}},"_links":{"self":[{"href":"https:\/\/italchamber.qc.ca\/it\/wp-json\/wp\/v2\/event\/9168","targetHints":{"allow":["GET"]}}],"collection":[{"href":"https:\/\/italchamber.qc.ca\/it\/wp-json\/wp\/v2\/event"}],"about":[{"href":"https:\/\/italchamber.qc.ca\/it\/wp-json\/wp\/v2\/types\/event"}],"version-history":[{"count":0,"href":"https:\/\/italchamber.qc.ca\/it\/wp-json\/wp\/v2\/event\/9168\/revisions"}],"wp:featuredmedia":[{"embeddable":true,"href":"https:\/\/italchamber.qc.ca\/it\/wp-json\/wp\/v2\/media\/9166"}],"wp:attachment":[{"href":"https:\/\/italchamber.qc.ca\/it\/wp-json\/wp\/v2\/media?parent=9168"}],"wp:term":[{"taxonomy":"event_category","embeddable":true,"href":"https:\/\/italchamber.qc.ca\/it\/wp-json\/wp\/v2\/event_category?post=9168"}],"curies":[{"name":"wp","href":"https:\/\/api.w.org\/{rel}","templated":true}]}}

<p>Connexion est L’UNIQUE guichet francophone rassemblant les plus grands experts en matière de transformation numérique..</p>
<p>Durant 3 jours, des spécialistes de renom aborderont les sujets incontournables de l&#8217;heure en matière d&#8217;intégration de technologies numériques sous les thèmes suivants : ressources humaines, transformation organisationnelle, marketing et gouvernance des données. Ils sauront vous guider, vous accompagner, vous apporter des solutions concrètes qui répondent à la réalité de votre entreprise et à celle du marché québécois actuel.</p>
<p style="text-align: center;"><strong>Inscrivez-vous dès aujourd&#8217;hui et bénéficiez d&#8217;un rabais de 40% sur votre inscription!</strong><br />
<strong>Code promotionnel : CCIC40</strong></p>
<p style="text-align: center;"><strong>Pour vous inscrire, <a href="https://connexion.lesaffaires.com/?utm_source=partenaire&amp;utm_medium=email&amp;utm_campaign=ccic" target="_blank" rel="noopener">cliquez ici</a></strong></p>
<p>&nbsp;</p>

<p>Le sommet de la transformation numérique</p>

<!-- This site is optimized with the Yoast SEO plugin v27.4 - https://yoast.com/product/yoast-seo-wordpress/ -->
<title>Connexion 2021 - ICCC</title>
<meta name="robots" content="index, follow, max-snippet:-1, max-image-preview:large, max-video-preview:-1" />
<link rel="canonical" href="https://italchamber.qc.ca/it/events/connexion-2021-3/" />
<meta property="og:locale" content="it_IT" />
<meta property="og:type" content="article" />
<meta property="og:title" content="Connexion 2021 - ICCC" />
<meta property="og:description" content="Le sommet de la transformation numérique" />
<meta property="og:url" content="https://italchamber.qc.ca/it/events/connexion-2021-3/" />
<meta property="og:site_name" content="ICCC" />
<meta property="og:image" content="https://italchamber.qc.ca/wp-content/uploads/2024/10/Connexion-logo-avec-date.png" />
	<meta property="og:image:width" content="2700" />
	<meta property="og:image:height" content="1000" />
	<meta property="og:image:type" content="image/png" />
<meta name="twitter:card" content="summary_large_image" />
<meta name="twitter:label1" content="Tempo di lettura stimato" />
	<meta name="twitter:data1" content="1 minuto" />
<script type="application/ld+json" class="yoast-schema-graph">{"@context":"https:\/\/schema.org","@graph":[{"@type":"WebPage","@id":"https:\/\/italchamber.qc.ca\/it\/events\/connexion-2021-3\/","url":"https:\/\/italchamber.qc.ca\/it\/events\/connexion-2021-3\/","name":"Connexion 2021 - ICCC","isPartOf":{"@id":"https:\/\/italchamber.qc.ca\/it\/#website"},"primaryImageOfPage":{"@id":"https:\/\/italchamber.qc.ca\/it\/events\/connexion-2021-3\/#primaryimage"},"image":{"@id":"https:\/\/italchamber.qc.ca\/it\/events\/connexion-2021-3\/#primaryimage"},"thumbnailUrl":"https:\/\/italchamber.qc.ca\/wp-content\/uploads\/2024\/10\/Connexion-logo-avec-date.png","datePublished":"2021-08-06T16:59:10+00:00","breadcrumb":{"@id":"https:\/\/italchamber.qc.ca\/it\/events\/connexion-2021-3\/#breadcrumb"},"inLanguage":"it-IT","potentialAction":[{"@type":"ReadAction","target":["https:\/\/italchamber.qc.ca\/it\/events\/connexion-2021-3\/"]}]},{"@type":"ImageObject","inLanguage":"it-IT","@id":"https:\/\/italchamber.qc.ca\/it\/events\/connexion-2021-3\/#primaryimage","url":"https:\/\/italchamber.qc.ca\/wp-content\/uploads\/2024\/10\/Connexion-logo-avec-date.png","contentUrl":"https:\/\/italchamber.qc.ca\/wp-content\/uploads\/2024\/10\/Connexion-logo-avec-date.png","width":2700,"height":1000},{"@type":"BreadcrumbList","@id":"https:\/\/italchamber.qc.ca\/it\/events\/connexion-2021-3\/#breadcrumb","itemListElement":[{"@type":"ListItem","position":1,"name":"Home","item":"https:\/\/italchamber.qc.ca\/it\/home\/"},{"@type":"ListItem","position":2,"name":"Events","item":"https:\/\/italchamber.qc.ca\/it\/events\/"},{"@type":"ListItem","position":3,"name":"Connexion 2021"}]},{"@type":"WebSite","@id":"https:\/\/italchamber.qc.ca\/it\/#website","url":"https:\/\/italchamber.qc.ca\/it\/","name":"ICCC","description":"Italian Chamber of Commerce in Canada","publisher":{"@id":"https:\/\/italchamber.qc.ca\/it\/#organization"},"potentialAction":[{"@type":"SearchAction","target":{"@type":"EntryPoint","urlTemplate":"https:\/\/italchamber.qc.ca\/it\/?s={search_term_string}"},"query-input":{"@type":"PropertyValueSpecification","valueRequired":true,"valueName":"search_term_string"}}],"inLanguage":"it-IT"},{"@type":"Organization","@id":"https:\/\/italchamber.qc.ca\/it\/#organization","name":"ICCC","url":"https:\/\/italchamber.qc.ca\/it\/","logo":{"@type":"ImageObject","inLanguage":"it-IT","@id":"https:\/\/italchamber.qc.ca\/it\/#\/schema\/logo\/image\/","url":"https:\/\/italchamber.qc.ca\/wp-content\/uploads\/2025\/05\/ICCC-Logo-Italian.svg","contentUrl":"https:\/\/italchamber.qc.ca\/wp-content\/uploads\/2025\/05\/ICCC-Logo-Italian.svg","caption":"ICCC"},"image":{"@id":"https:\/\/italchamber.qc.ca\/it\/#\/schema\/logo\/image\/"}}]}</script>
<!-- / Yoast SEO plugin. -->

Le sommet de la transformation numérique
