{"version":"1.0","provider_name":"ICCC","provider_url":"https:\/\/italchamber.qc.ca\/it\/","author_name":"ICCC","author_url":"https:\/\/italchamber.qc.ca\/it\/","title":"Emilia-Romagna Evening : terra con l'anima - ICCC","type":"rich","width":600,"height":338,"html":"<blockquote class=\"wp-embedded-content\" data-secret=\"duCCL2m3PJ\"><a href=\"https:\/\/italchamber.qc.ca\/it\/events\/emilia-romagna-evening-terra-con-lanima-2\/\">Emilia-Romagna Evening : terra con l&#8217;anima<\/a><\/blockquote><iframe sandbox=\"allow-scripts\" security=\"restricted\" src=\"https:\/\/italchamber.qc.ca\/it\/events\/emilia-romagna-evening-terra-con-lanima-2\/embed\/#?secret=duCCL2m3PJ\" width=\"600\" height=\"338\" title=\"&#8220;Emilia-Romagna Evening : terra con l&#8217;anima&#8221; &#8212; ICCC\" data-secret=\"duCCL2m3PJ\" frameborder=\"0\" marginwidth=\"0\" marginheight=\"0\" scrolling=\"no\" class=\"wp-embedded-content\"><\/iframe><script>\n\/*! This file is auto-generated *\/\n!function(d,l){\"use strict\";l.querySelector&&d.addEventListener&&\"undefined\"!=typeof URL&&(d.wp=d.wp||{},d.wp.receiveEmbedMessage||(d.wp.receiveEmbedMessage=function(e){var t=e.data;if((t||t.secret||t.message||t.value)&&!\/[^a-zA-Z0-9]\/.test(t.secret)){for(var s,r,n,a=l.querySelectorAll('iframe[data-secret=\"'+t.secret+'\"]'),o=l.querySelectorAll('blockquote[data-secret=\"'+t.secret+'\"]'),c=new RegExp(\"^https?:$\",\"i\"),i=0;i<o.length;i++)o[i].style.display=\"none\";for(i=0;i<a.length;i++)s=a[i],e.source===s.contentWindow&&(s.removeAttribute(\"style\"),\"height\"===t.message?(1e3<(r=parseInt(t.value,10))?r=1e3:~~r<200&&(r=200),s.height=r):\"link\"===t.message&&(r=new URL(s.getAttribute(\"src\")),n=new URL(t.value),c.test(n.protocol))&&n.host===r.host&&l.activeElement===s&&(d.top.location.href=t.value))}},d.addEventListener(\"message\",d.wp.receiveEmbedMessage,!1),l.addEventListener(\"DOMContentLoaded\",function(){for(var e,t,s=l.querySelectorAll(\"iframe.wp-embedded-content\"),r=0;r<s.length;r++)(t=(e=s[r]).getAttribute(\"data-secret\"))||(t=Math.random().toString(36).substring(2,12),e.src+=\"#?secret=\"+t,e.setAttribute(\"data-secret\",t)),e.contentWindow.postMessage({message:\"ready\",secret:t},\"*\")},!1)))}(window,document);\n\/\/# sourceURL=https:\/\/italchamber.qc.ca\/wp-includes\/js\/wp-embed.min.js\n<\/script>\n","thumbnail_url":"https:\/\/italchamber.qc.ca\/wp-content\/uploads\/2024\/10\/header-ER-terra-con-lanima-B2C.png","thumbnail_width":768,"thumbnail_height":176,"description":"La\u00a0richesse\u00a0et\u00a0la\u00a0diversit\u00e9\u00a0de\u00a0l&#8217;Emilia-Romagna,\u00a0capitale\u00a0gastronomique\u00a0de\u00a0l&#8217;Italie,\u00a0seront\u00a0en\u00a0vedette\u00a0lors\u00a0d&#8217;un\u00a0cocktail\u00a0d\u00eenatoire\u00a0exclusif. D\u00e9gustez\u00a0des\u00a0recettes\u00a0authentiques\u00a0pr\u00e9par\u00e9es\u00a0par: Chef Carla Brigliadori et Chef Giandomenico Palomba, de la r\u00e9nomm\u00e9e \u00e9cole culinaire Casa D&#8217;Artusi, fond\u00e9e par l&#8217;auteur du livre de recettes Science in the kitchen and the art of eating well et le livre de r\u00e9f\u00e9rence par excellence pour la cuisine italienne. Assistez\u00a0\u00e0\u00a0la\u00a0pr\u00e9paration\u00a0de\u00a0p\u00e2tes\u00a0\u00e0\u00a0la\u00a0main\u00a0par\u00a0&#8220;Marietta&#8221;\u00a0Ivana,\u00a0experte\u00a0dans\u00a0l&#8217;art\u00a0et\u00a0les\u00a0traditions\u00a0de\u00a0la\u00a0cuisine\u00a0&#8220;maison&#8221;. Time:\u00a018h00\u00a0\u00e0 20h00 Place:\u00a0 \u00a0\u00a0ITHQ \u2013 Salle La Rel\u00e8ve , 2e [&hellip;]"}

La richesse et la diversité de l&#8217;Emilia-Romagna, capitale gastronomique de l&#8217;Italie, seront en vedette lors d&#8217;un cocktail dînatoire exclusif. Dégustez des recettes authentiques préparées par: Chef Carla Brigliadori et Chef Giandomenico Palomba, de la rénommée école culinaire Casa D&#8217;Artusi, fondée par l&#8217;auteur du livre de recettes Science in the kitchen and the art of eating well et le livre de référence par excellence pour la cuisine italienne. Assistez à la préparation de pâtes à la main par &#8220;Marietta&#8221; Ivana, experte dans l&#8217;art et les traditions de la cuisine &#8220;maison&#8221;. Time: 18h00 à 20h00 Place:    ITHQ – Salle La Relève , 2e [&hellip;]
