{"id":1157,"date":"2020-11-10T19:13:25","date_gmt":"2020-11-10T19:13:25","guid":{"rendered":"https:\/\/italchamber.qc.ca\/speakers\/rodrigue-gilbert-managing-director-transportation-logistics-pwc-canada-2\/"},"modified":"2020-11-10T19:13:25","modified_gmt":"2020-11-10T19:13:25","slug":"rodrigue-gilbert-managing-director-transportation-logistics-pwc-canada-2","status":"publish","type":"speaker","link":"https:\/\/italchamber.qc.ca\/fr\/speakers\/rodrigue-gilbert-managing-director-transportation-logistics-pwc-canada-2\/","title":{"rendered":"Rodrigue Gilbert &#8211; Directeur, Transport et logistique, PwC Canada"},"content":{"rendered":"<p>M. Gilbert poss\u00e8de plus de 20 ans d&rsquo;exp\u00e9rience en gestion dans les domaines de la gestion technologique, des op\u00e9rations et de la gestion des ventes et du marketing dans un large \u00e9ventail d&rsquo;industries. Il a eu un impact fort et mesurable dans la transformation de grandes<br \/>\nentreprises (ex\u00e9cution de la strat\u00e9gie et de la performance) \u00e0 travers ses exp\u00e9riences internationales (Asie, Europe, Moyen-Orient, Etats-Unis, Am\u00e9rique Centrale et du Sud). Il se sp\u00e9cialise dans la planification strat\u00e9gique (entr\u00e9e sur le march\u00e9, audit appropri\u00e9), la cha\u00eene d&rsquo;approvisionnement et gestion des transports, approvisionnement strat\u00e9gique, strat\u00e9gie d&rsquo;innovation et efficacit\u00e9, conception de r\u00e9seau, strat\u00e9gie informatique et s\u00e9lection de syst\u00e8mes. M. Gilbert a d\u00e9velopp\u00e9 de nouvelles technologies adapt\u00e9es aux grands \u00e9quipementiers travaillant avec des start-up.<\/p>\n","protected":false},"featured_media":1070,"template":"","country":[85],"class_list":["post-1157","speaker","type-speaker","status-publish","has-post-thumbnail","hentry","country-canada-fr"],"acf":[],"yoast_head":"<!-- This site is optimized with the Yoast SEO plugin v27.4 - https:\/\/yoast.com\/product\/yoast-seo-wordpress\/ -->\n<title>Rodrigue Gilbert - Directeur, Transport et logistique, PwC Canada - ICCC<\/title>\n<meta name=\"robots\" content=\"index, follow, max-snippet:-1, max-image-preview:large, max-video-preview:-1\" \/>\n<link rel=\"canonical\" href=\"https:\/\/italchamber.qc.ca\/fr\/speakers\/rodrigue-gilbert-managing-director-transportation-logistics-pwc-canada-2\/\" \/>\n<meta property=\"og:locale\" content=\"fr_FR\" \/>\n<meta property=\"og:type\" content=\"article\" \/>\n<meta property=\"og:title\" content=\"Rodrigue Gilbert - Directeur, Transport et logistique, PwC Canada - ICCC\" \/>\n<meta property=\"og:description\" content=\"M. Gilbert poss\u00e8de plus de 20 ans d&rsquo;exp\u00e9rience en gestion dans les domaines de la gestion technologique, des op\u00e9rations et de la gestion des ventes et du marketing dans un large \u00e9ventail d&rsquo;industries. Il a eu un impact fort et mesurable dans la transformation de grandes entreprises (ex\u00e9cution de la strat\u00e9gie et de la performance) [&hellip;]\" \/>\n<meta property=\"og:url\" content=\"https:\/\/italchamber.qc.ca\/fr\/speakers\/rodrigue-gilbert-managing-director-transportation-logistics-pwc-canada-2\/\" \/>\n<meta property=\"og:site_name\" content=\"ICCC\" \/>\n<meta name=\"twitter:card\" content=\"summary_large_image\" \/>\n<meta name=\"twitter:label1\" content=\"Dur\u00e9e de lecture estim\u00e9e\" \/>\n\t<meta name=\"twitter:data1\" content=\"1 minute\" \/>\n<script type=\"application\/ld+json\" class=\"yoast-schema-graph\">{\"@context\":\"https:\\\/\\\/schema.org\",\"@graph\":[{\"@type\":\"WebPage\",\"@id\":\"https:\\\/\\\/italchamber.qc.ca\\\/fr\\\/speakers\\\/rodrigue-gilbert-managing-director-transportation-logistics-pwc-canada-2\\\/\",\"url\":\"https:\\\/\\\/italchamber.qc.ca\\\/fr\\\/speakers\\\/rodrigue-gilbert-managing-director-transportation-logistics-pwc-canada-2\\\/\",\"name\":\"Rodrigue Gilbert - Directeur, Transport et logistique, PwC Canada - ICCC\",\"isPartOf\":{\"@id\":\"https:\\\/\\\/italchamber.qc.ca\\\/fr\\\/#website\"},\"primaryImageOfPage\":{\"@id\":\"https:\\\/\\\/italchamber.qc.ca\\\/fr\\\/speakers\\\/rodrigue-gilbert-managing-director-transportation-logistics-pwc-canada-2\\\/#primaryimage\"},\"image\":{\"@id\":\"https:\\\/\\\/italchamber.qc.ca\\\/fr\\\/speakers\\\/rodrigue-gilbert-managing-director-transportation-logistics-pwc-canada-2\\\/#primaryimage\"},\"thumbnailUrl\":\"https:\\\/\\\/italchamber.qc.ca\\\/wp-content\\\/uploads\\\/2024\\\/10\\\/Webp.net-resizeimage.png\",\"datePublished\":\"2020-11-10T19:13:25+00:00\",\"breadcrumb\":{\"@id\":\"https:\\\/\\\/italchamber.qc.ca\\\/fr\\\/speakers\\\/rodrigue-gilbert-managing-director-transportation-logistics-pwc-canada-2\\\/#breadcrumb\"},\"inLanguage\":\"fr-FR\",\"potentialAction\":[{\"@type\":\"ReadAction\",\"target\":[\"https:\\\/\\\/italchamber.qc.ca\\\/fr\\\/speakers\\\/rodrigue-gilbert-managing-director-transportation-logistics-pwc-canada-2\\\/\"]}]},{\"@type\":\"ImageObject\",\"inLanguage\":\"fr-FR\",\"@id\":\"https:\\\/\\\/italchamber.qc.ca\\\/fr\\\/speakers\\\/rodrigue-gilbert-managing-director-transportation-logistics-pwc-canada-2\\\/#primaryimage\",\"url\":\"https:\\\/\\\/italchamber.qc.ca\\\/wp-content\\\/uploads\\\/2024\\\/10\\\/Webp.net-resizeimage.png\",\"contentUrl\":\"https:\\\/\\\/italchamber.qc.ca\\\/wp-content\\\/uploads\\\/2024\\\/10\\\/Webp.net-resizeimage.png\",\"width\":200,\"height\":213},{\"@type\":\"BreadcrumbList\",\"@id\":\"https:\\\/\\\/italchamber.qc.ca\\\/fr\\\/speakers\\\/rodrigue-gilbert-managing-director-transportation-logistics-pwc-canada-2\\\/#breadcrumb\",\"itemListElement\":[{\"@type\":\"ListItem\",\"position\":1,\"name\":\"Home\",\"item\":\"https:\\\/\\\/italchamber.qc.ca\\\/fr\\\/accueil\\\/\"},{\"@type\":\"ListItem\",\"position\":2,\"name\":\"Speakers\",\"item\":\"https:\\\/\\\/italchamber.qc.ca\\\/fr\\\/speakers\\\/\"},{\"@type\":\"ListItem\",\"position\":3,\"name\":\"Rodrigue Gilbert &#8211; Directeur, Transport et logistique, PwC Canada\"}]},{\"@type\":\"WebSite\",\"@id\":\"https:\\\/\\\/italchamber.qc.ca\\\/fr\\\/#website\",\"url\":\"https:\\\/\\\/italchamber.qc.ca\\\/fr\\\/\",\"name\":\"ICCC\",\"description\":\"Italian Chamber of Commerce in Canada\",\"publisher\":{\"@id\":\"https:\\\/\\\/italchamber.qc.ca\\\/fr\\\/#organization\"},\"potentialAction\":[{\"@type\":\"SearchAction\",\"target\":{\"@type\":\"EntryPoint\",\"urlTemplate\":\"https:\\\/\\\/italchamber.qc.ca\\\/fr\\\/?s={search_term_string}\"},\"query-input\":{\"@type\":\"PropertyValueSpecification\",\"valueRequired\":true,\"valueName\":\"search_term_string\"}}],\"inLanguage\":\"fr-FR\"},{\"@type\":\"Organization\",\"@id\":\"https:\\\/\\\/italchamber.qc.ca\\\/fr\\\/#organization\",\"name\":\"ICCC\",\"url\":\"https:\\\/\\\/italchamber.qc.ca\\\/fr\\\/\",\"logo\":{\"@type\":\"ImageObject\",\"inLanguage\":\"fr-FR\",\"@id\":\"https:\\\/\\\/italchamber.qc.ca\\\/fr\\\/#\\\/schema\\\/logo\\\/image\\\/\",\"url\":\"https:\\\/\\\/italchamber.qc.ca\\\/wp-content\\\/uploads\\\/2025\\\/05\\\/ICCC-Logo-French.svg\",\"contentUrl\":\"https:\\\/\\\/italchamber.qc.ca\\\/wp-content\\\/uploads\\\/2025\\\/05\\\/ICCC-Logo-French.svg\",\"caption\":\"ICCC\"},\"image\":{\"@id\":\"https:\\\/\\\/italchamber.qc.ca\\\/fr\\\/#\\\/schema\\\/logo\\\/image\\\/\"}}]}<\/script>\n<!-- \/ Yoast SEO plugin. -->","yoast_head_json":{"title":"Rodrigue Gilbert - Directeur, Transport et logistique, PwC Canada - ICCC","robots":{"index":"index","follow":"follow","max-snippet":"max-snippet:-1","max-image-preview":"max-image-preview:large","max-video-preview":"max-video-preview:-1"},"canonical":"https:\/\/italchamber.qc.ca\/fr\/speakers\/rodrigue-gilbert-managing-director-transportation-logistics-pwc-canada-2\/","og_locale":"fr_FR","og_type":"article","og_title":"Rodrigue Gilbert - Directeur, Transport et logistique, PwC Canada - ICCC","og_description":"M. Gilbert poss\u00e8de plus de 20 ans d&rsquo;exp\u00e9rience en gestion dans les domaines de la gestion technologique, des op\u00e9rations et de la gestion des ventes et du marketing dans un large \u00e9ventail d&rsquo;industries. Il a eu un impact fort et mesurable dans la transformation de grandes entreprises (ex\u00e9cution de la strat\u00e9gie et de la performance) [&hellip;]","og_url":"https:\/\/italchamber.qc.ca\/fr\/speakers\/rodrigue-gilbert-managing-director-transportation-logistics-pwc-canada-2\/","og_site_name":"ICCC","twitter_card":"summary_large_image","twitter_misc":{"Dur\u00e9e de lecture estim\u00e9e":"1 minute"},"schema":{"@context":"https:\/\/schema.org","@graph":[{"@type":"WebPage","@id":"https:\/\/italchamber.qc.ca\/fr\/speakers\/rodrigue-gilbert-managing-director-transportation-logistics-pwc-canada-2\/","url":"https:\/\/italchamber.qc.ca\/fr\/speakers\/rodrigue-gilbert-managing-director-transportation-logistics-pwc-canada-2\/","name":"Rodrigue Gilbert - Directeur, Transport et logistique, PwC Canada - ICCC","isPartOf":{"@id":"https:\/\/italchamber.qc.ca\/fr\/#website"},"primaryImageOfPage":{"@id":"https:\/\/italchamber.qc.ca\/fr\/speakers\/rodrigue-gilbert-managing-director-transportation-logistics-pwc-canada-2\/#primaryimage"},"image":{"@id":"https:\/\/italchamber.qc.ca\/fr\/speakers\/rodrigue-gilbert-managing-director-transportation-logistics-pwc-canada-2\/#primaryimage"},"thumbnailUrl":"https:\/\/italchamber.qc.ca\/wp-content\/uploads\/2024\/10\/Webp.net-resizeimage.png","datePublished":"2020-11-10T19:13:25+00:00","breadcrumb":{"@id":"https:\/\/italchamber.qc.ca\/fr\/speakers\/rodrigue-gilbert-managing-director-transportation-logistics-pwc-canada-2\/#breadcrumb"},"inLanguage":"fr-FR","potentialAction":[{"@type":"ReadAction","target":["https:\/\/italchamber.qc.ca\/fr\/speakers\/rodrigue-gilbert-managing-director-transportation-logistics-pwc-canada-2\/"]}]},{"@type":"ImageObject","inLanguage":"fr-FR","@id":"https:\/\/italchamber.qc.ca\/fr\/speakers\/rodrigue-gilbert-managing-director-transportation-logistics-pwc-canada-2\/#primaryimage","url":"https:\/\/italchamber.qc.ca\/wp-content\/uploads\/2024\/10\/Webp.net-resizeimage.png","contentUrl":"https:\/\/italchamber.qc.ca\/wp-content\/uploads\/2024\/10\/Webp.net-resizeimage.png","width":200,"height":213},{"@type":"BreadcrumbList","@id":"https:\/\/italchamber.qc.ca\/fr\/speakers\/rodrigue-gilbert-managing-director-transportation-logistics-pwc-canada-2\/#breadcrumb","itemListElement":[{"@type":"ListItem","position":1,"name":"Home","item":"https:\/\/italchamber.qc.ca\/fr\/accueil\/"},{"@type":"ListItem","position":2,"name":"Speakers","item":"https:\/\/italchamber.qc.ca\/fr\/speakers\/"},{"@type":"ListItem","position":3,"name":"Rodrigue Gilbert &#8211; Directeur, Transport et logistique, PwC Canada"}]},{"@type":"WebSite","@id":"https:\/\/italchamber.qc.ca\/fr\/#website","url":"https:\/\/italchamber.qc.ca\/fr\/","name":"ICCC","description":"Italian Chamber of Commerce in Canada","publisher":{"@id":"https:\/\/italchamber.qc.ca\/fr\/#organization"},"potentialAction":[{"@type":"SearchAction","target":{"@type":"EntryPoint","urlTemplate":"https:\/\/italchamber.qc.ca\/fr\/?s={search_term_string}"},"query-input":{"@type":"PropertyValueSpecification","valueRequired":true,"valueName":"search_term_string"}}],"inLanguage":"fr-FR"},{"@type":"Organization","@id":"https:\/\/italchamber.qc.ca\/fr\/#organization","name":"ICCC","url":"https:\/\/italchamber.qc.ca\/fr\/","logo":{"@type":"ImageObject","inLanguage":"fr-FR","@id":"https:\/\/italchamber.qc.ca\/fr\/#\/schema\/logo\/image\/","url":"https:\/\/italchamber.qc.ca\/wp-content\/uploads\/2025\/05\/ICCC-Logo-French.svg","contentUrl":"https:\/\/italchamber.qc.ca\/wp-content\/uploads\/2025\/05\/ICCC-Logo-French.svg","caption":"ICCC"},"image":{"@id":"https:\/\/italchamber.qc.ca\/fr\/#\/schema\/logo\/image\/"}}]}},"_links":{"self":[{"href":"https:\/\/italchamber.qc.ca\/fr\/wp-json\/wp\/v2\/speaker\/1157","targetHints":{"allow":["GET"]}}],"collection":[{"href":"https:\/\/italchamber.qc.ca\/fr\/wp-json\/wp\/v2\/speaker"}],"about":[{"href":"https:\/\/italchamber.qc.ca\/fr\/wp-json\/wp\/v2\/types\/speaker"}],"version-history":[{"count":0,"href":"https:\/\/italchamber.qc.ca\/fr\/wp-json\/wp\/v2\/speaker\/1157\/revisions"}],"wp:featuredmedia":[{"embeddable":true,"href":"https:\/\/italchamber.qc.ca\/fr\/wp-json\/wp\/v2\/media\/1070"}],"wp:attachment":[{"href":"https:\/\/italchamber.qc.ca\/fr\/wp-json\/wp\/v2\/media?parent=1157"}],"wp:term":[{"taxonomy":"country","embeddable":true,"href":"https:\/\/italchamber.qc.ca\/fr\/wp-json\/wp\/v2\/country?post=1157"}],"curies":[{"name":"wp","href":"https:\/\/api.w.org\/{rel}","templated":true}]}}

<p>M. Gilbert possède plus de 20 ans d&rsquo;expérience en gestion dans les domaines de la gestion technologique, des opérations et de la gestion des ventes et du marketing dans un large éventail d&rsquo;industries. Il a eu un impact fort et mesurable dans la transformation de grandes<br />
entreprises (exécution de la stratégie et de la performance) à travers ses expériences internationales (Asie, Europe, Moyen-Orient, Etats-Unis, Amérique Centrale et du Sud). Il se spécialise dans la planification stratégique (entrée sur le marché, audit approprié), la chaîne d&rsquo;approvisionnement et gestion des transports, approvisionnement stratégique, stratégie d&rsquo;innovation et efficacité, conception de réseau, stratégie informatique et sélection de systèmes. M. Gilbert a développé de nouvelles technologies adaptées aux grands équipementiers travaillant avec des start-up.</p>

<!-- This site is optimized with the Yoast SEO plugin v27.4 - https://yoast.com/product/yoast-seo-wordpress/ -->
<title>Rodrigue Gilbert - Directeur, Transport et logistique, PwC Canada - ICCC</title>
<meta name="robots" content="index, follow, max-snippet:-1, max-image-preview:large, max-video-preview:-1" />
<link rel="canonical" href="https://italchamber.qc.ca/fr/speakers/rodrigue-gilbert-managing-director-transportation-logistics-pwc-canada-2/" />
<meta property="og:locale" content="fr_FR" />
<meta property="og:type" content="article" />
<meta property="og:title" content="Rodrigue Gilbert - Directeur, Transport et logistique, PwC Canada - ICCC" />
<meta property="og:description" content="M. Gilbert possède plus de 20 ans d&rsquo;expérience en gestion dans les domaines de la gestion technologique, des opérations et de la gestion des ventes et du marketing dans un large éventail d&rsquo;industries. Il a eu un impact fort et mesurable dans la transformation de grandes entreprises (exécution de la stratégie et de la performance) [&hellip;]" />
<meta property="og:url" content="https://italchamber.qc.ca/fr/speakers/rodrigue-gilbert-managing-director-transportation-logistics-pwc-canada-2/" />
<meta property="og:site_name" content="ICCC" />
<meta name="twitter:card" content="summary_large_image" />
<meta name="twitter:label1" content="Durée de lecture estimée" />
	<meta name="twitter:data1" content="1 minute" />
<script type="application/ld+json" class="yoast-schema-graph">{"@context":"https:\/\/schema.org","@graph":[{"@type":"WebPage","@id":"https:\/\/italchamber.qc.ca\/fr\/speakers\/rodrigue-gilbert-managing-director-transportation-logistics-pwc-canada-2\/","url":"https:\/\/italchamber.qc.ca\/fr\/speakers\/rodrigue-gilbert-managing-director-transportation-logistics-pwc-canada-2\/","name":"Rodrigue Gilbert - Directeur, Transport et logistique, PwC Canada - ICCC","isPartOf":{"@id":"https:\/\/italchamber.qc.ca\/fr\/#website"},"primaryImageOfPage":{"@id":"https:\/\/italchamber.qc.ca\/fr\/speakers\/rodrigue-gilbert-managing-director-transportation-logistics-pwc-canada-2\/#primaryimage"},"image":{"@id":"https:\/\/italchamber.qc.ca\/fr\/speakers\/rodrigue-gilbert-managing-director-transportation-logistics-pwc-canada-2\/#primaryimage"},"thumbnailUrl":"https:\/\/italchamber.qc.ca\/wp-content\/uploads\/2024\/10\/Webp.net-resizeimage.png","datePublished":"2020-11-10T19:13:25+00:00","breadcrumb":{"@id":"https:\/\/italchamber.qc.ca\/fr\/speakers\/rodrigue-gilbert-managing-director-transportation-logistics-pwc-canada-2\/#breadcrumb"},"inLanguage":"fr-FR","potentialAction":[{"@type":"ReadAction","target":["https:\/\/italchamber.qc.ca\/fr\/speakers\/rodrigue-gilbert-managing-director-transportation-logistics-pwc-canada-2\/"]}]},{"@type":"ImageObject","inLanguage":"fr-FR","@id":"https:\/\/italchamber.qc.ca\/fr\/speakers\/rodrigue-gilbert-managing-director-transportation-logistics-pwc-canada-2\/#primaryimage","url":"https:\/\/italchamber.qc.ca\/wp-content\/uploads\/2024\/10\/Webp.net-resizeimage.png","contentUrl":"https:\/\/italchamber.qc.ca\/wp-content\/uploads\/2024\/10\/Webp.net-resizeimage.png","width":200,"height":213},{"@type":"BreadcrumbList","@id":"https:\/\/italchamber.qc.ca\/fr\/speakers\/rodrigue-gilbert-managing-director-transportation-logistics-pwc-canada-2\/#breadcrumb","itemListElement":[{"@type":"ListItem","position":1,"name":"Home","item":"https:\/\/italchamber.qc.ca\/fr\/accueil\/"},{"@type":"ListItem","position":2,"name":"Speakers","item":"https:\/\/italchamber.qc.ca\/fr\/speakers\/"},{"@type":"ListItem","position":3,"name":"Rodrigue Gilbert &#8211; Directeur, Transport et logistique, PwC Canada"}]},{"@type":"WebSite","@id":"https:\/\/italchamber.qc.ca\/fr\/#website","url":"https:\/\/italchamber.qc.ca\/fr\/","name":"ICCC","description":"Italian Chamber of Commerce in Canada","publisher":{"@id":"https:\/\/italchamber.qc.ca\/fr\/#organization"},"potentialAction":[{"@type":"SearchAction","target":{"@type":"EntryPoint","urlTemplate":"https:\/\/italchamber.qc.ca\/fr\/?s={search_term_string}"},"query-input":{"@type":"PropertyValueSpecification","valueRequired":true,"valueName":"search_term_string"}}],"inLanguage":"fr-FR"},{"@type":"Organization","@id":"https:\/\/italchamber.qc.ca\/fr\/#organization","name":"ICCC","url":"https:\/\/italchamber.qc.ca\/fr\/","logo":{"@type":"ImageObject","inLanguage":"fr-FR","@id":"https:\/\/italchamber.qc.ca\/fr\/#\/schema\/logo\/image\/","url":"https:\/\/italchamber.qc.ca\/wp-content\/uploads\/2025\/05\/ICCC-Logo-French.svg","contentUrl":"https:\/\/italchamber.qc.ca\/wp-content\/uploads\/2025\/05\/ICCC-Logo-French.svg","caption":"ICCC"},"image":{"@id":"https:\/\/italchamber.qc.ca\/fr\/#\/schema\/logo\/image\/"}}]}</script>
<!-- / Yoast SEO plugin. -->

M. Gilbert possède plus de 20 ans d&rsquo;expérience en gestion dans les domaines de la gestion technologique, des opérations et de la gestion des ventes et du marketing dans un large éventail d&rsquo;industries. Il a eu un impact fort et mesurable dans la transformation de grandes entreprises (exécution de la stratégie et de la performance) [&hellip;]
