{"id":1040,"date":"2020-11-04T17:14:39","date_gmt":"2020-11-04T17:14:39","guid":{"rendered":"https:\/\/italchamber.qc.ca\/speakers\/john-kildea-medical-physicist-mcgill-university-health-centre-2\/"},"modified":"2020-11-04T17:14:39","modified_gmt":"2020-11-04T17:14:39","slug":"john-kildea-medical-physicist-mcgill-university-health-centre-2","status":"publish","type":"speaker","link":"https:\/\/italchamber.qc.ca\/fr\/speakers\/john-kildea-medical-physicist-mcgill-university-health-centre-2\/","title":{"rendered":"John Kildea &#8211; CTO et co-fondateur d&rsquo;Opal Med Apps Inc.; Co-Lead du Opal Health Informatics Research Groupau Centre Universitaire de sant\u00e9 McGillCENTRE"},"content":{"rendered":"<p>John Kildea est un physicien m\u00e9dical au Centre universitaire de sant\u00e9 McGill (CUSM) \u00e0 Montr\u00e9al et professeur adjoint en oncologie \u00e0 l&rsquo;Universit\u00e9 McGill.<\/p>\n<p>La formation du Dr Kildea est en astrophysique, avec un doctorat en astrophysique des hautes \u00e9nergies du University College Dublin et des postdocs \u00e0 McGill et au Harvard-Smithsonian Center for Astrophysics. Il a fait la transition vers la physique m\u00e9dicale en 2010 et a travaill\u00e9 pendant sept ans comme physicien m\u00e9dical clinique au CUSM avant de se joindre au D\u00e9partement d&rsquo;oncologie Gerald Bronfman de McGill en tant que professeur adjoint universitaire en 2017.<\/p>\n<p>En collaboration avec le radio-oncologue Dr Tarek Hijal, le Dr Kildea codirige le d\u00e9veloppement du projet de portail des patients Opal au Qu\u00e9bec (opalmedapps.com), qui permet aux patients d&rsquo;acc\u00e9der \u00e0 leurs donn\u00e9es m\u00e9dicales et \u00e0 des outils pour soumettre les r\u00e9sultats rapport\u00e9s par les patients qui peuvent \u00eatre utilis\u00e9 dans la recherche sur l&rsquo;IA. Opal a \u00e9t\u00e9 nomm\u00e9e solution de cybersant\u00e9 qu\u00e9b\u00e9coise de 2019 et a re\u00e7u le Prix d\u2019excellence 2019 &#8211; coup de coeurs du minist\u00e8re de la Sant\u00e9 du Qu\u00e9bec, la plus haute distinction du minist\u00e8re. Opal est actuellement utilis\u00e9 au CUSM et est \u00e9tendu \u00e0 cinq autres centres de canc\u00e9rologie \u00e0 Montr\u00e9al.<\/p>\n","protected":false},"featured_media":1041,"template":"","country":[85],"class_list":["post-1040","speaker","type-speaker","status-publish","has-post-thumbnail","hentry","country-canada-fr"],"acf":[],"yoast_head":"<!-- This site is optimized with the Yoast SEO plugin v27.4 - https:\/\/yoast.com\/product\/yoast-seo-wordpress\/ -->\n<title>John Kildea - CTO et co-fondateur d&#039;Opal Med Apps Inc.; Co-Lead du Opal Health Informatics Research Groupau Centre Universitaire de sant\u00e9 McGillCENTRE - ICCC<\/title>\n<meta name=\"robots\" content=\"index, follow, max-snippet:-1, max-image-preview:large, max-video-preview:-1\" \/>\n<link rel=\"canonical\" href=\"https:\/\/italchamber.qc.ca\/fr\/speakers\/john-kildea-medical-physicist-mcgill-university-health-centre-2\/\" \/>\n<meta property=\"og:locale\" content=\"fr_FR\" \/>\n<meta property=\"og:type\" content=\"article\" \/>\n<meta property=\"og:title\" content=\"John Kildea - CTO et co-fondateur d&#039;Opal Med Apps Inc.; Co-Lead du Opal Health Informatics Research Groupau Centre Universitaire de sant\u00e9 McGillCENTRE - ICCC\" \/>\n<meta property=\"og:description\" content=\"John Kildea est un physicien m\u00e9dical au Centre universitaire de sant\u00e9 McGill (CUSM) \u00e0 Montr\u00e9al et professeur adjoint en oncologie \u00e0 l&rsquo;Universit\u00e9 McGill. La formation du Dr Kildea est en astrophysique, avec un doctorat en astrophysique des hautes \u00e9nergies du University College Dublin et des postdocs \u00e0 McGill et au Harvard-Smithsonian Center for Astrophysics. Il [&hellip;]\" \/>\n<meta property=\"og:url\" content=\"https:\/\/italchamber.qc.ca\/fr\/speakers\/john-kildea-medical-physicist-mcgill-university-health-centre-2\/\" \/>\n<meta property=\"og:site_name\" content=\"ICCC\" \/>\n<meta name=\"twitter:card\" content=\"summary_large_image\" \/>\n<meta name=\"twitter:label1\" content=\"Dur\u00e9e de lecture estim\u00e9e\" \/>\n\t<meta name=\"twitter:data1\" content=\"1 minute\" \/>\n<script type=\"application\/ld+json\" class=\"yoast-schema-graph\">{\"@context\":\"https:\\\/\\\/schema.org\",\"@graph\":[{\"@type\":\"WebPage\",\"@id\":\"https:\\\/\\\/italchamber.qc.ca\\\/fr\\\/speakers\\\/john-kildea-medical-physicist-mcgill-university-health-centre-2\\\/\",\"url\":\"https:\\\/\\\/italchamber.qc.ca\\\/fr\\\/speakers\\\/john-kildea-medical-physicist-mcgill-university-health-centre-2\\\/\",\"name\":\"John Kildea - CTO et co-fondateur d'Opal Med Apps Inc.; Co-Lead du Opal Health Informatics Research Groupau Centre Universitaire de sant\u00e9 McGillCENTRE - ICCC\",\"isPartOf\":{\"@id\":\"https:\\\/\\\/italchamber.qc.ca\\\/fr\\\/#website\"},\"primaryImageOfPage\":{\"@id\":\"https:\\\/\\\/italchamber.qc.ca\\\/fr\\\/speakers\\\/john-kildea-medical-physicist-mcgill-university-health-centre-2\\\/#primaryimage\"},\"image\":{\"@id\":\"https:\\\/\\\/italchamber.qc.ca\\\/fr\\\/speakers\\\/john-kildea-medical-physicist-mcgill-university-health-centre-2\\\/#primaryimage\"},\"thumbnailUrl\":\"https:\\\/\\\/italchamber.qc.ca\\\/wp-content\\\/uploads\\\/2024\\\/10\\\/johnkildea.jpg\",\"datePublished\":\"2020-11-04T17:14:39+00:00\",\"breadcrumb\":{\"@id\":\"https:\\\/\\\/italchamber.qc.ca\\\/fr\\\/speakers\\\/john-kildea-medical-physicist-mcgill-university-health-centre-2\\\/#breadcrumb\"},\"inLanguage\":\"fr-FR\",\"potentialAction\":[{\"@type\":\"ReadAction\",\"target\":[\"https:\\\/\\\/italchamber.qc.ca\\\/fr\\\/speakers\\\/john-kildea-medical-physicist-mcgill-university-health-centre-2\\\/\"]}]},{\"@type\":\"ImageObject\",\"inLanguage\":\"fr-FR\",\"@id\":\"https:\\\/\\\/italchamber.qc.ca\\\/fr\\\/speakers\\\/john-kildea-medical-physicist-mcgill-university-health-centre-2\\\/#primaryimage\",\"url\":\"https:\\\/\\\/italchamber.qc.ca\\\/wp-content\\\/uploads\\\/2024\\\/10\\\/johnkildea.jpg\",\"contentUrl\":\"https:\\\/\\\/italchamber.qc.ca\\\/wp-content\\\/uploads\\\/2024\\\/10\\\/johnkildea.jpg\",\"width\":1077,\"height\":1382},{\"@type\":\"BreadcrumbList\",\"@id\":\"https:\\\/\\\/italchamber.qc.ca\\\/fr\\\/speakers\\\/john-kildea-medical-physicist-mcgill-university-health-centre-2\\\/#breadcrumb\",\"itemListElement\":[{\"@type\":\"ListItem\",\"position\":1,\"name\":\"Home\",\"item\":\"https:\\\/\\\/italchamber.qc.ca\\\/fr\\\/accueil\\\/\"},{\"@type\":\"ListItem\",\"position\":2,\"name\":\"Speakers\",\"item\":\"https:\\\/\\\/italchamber.qc.ca\\\/fr\\\/speakers\\\/\"},{\"@type\":\"ListItem\",\"position\":3,\"name\":\"John Kildea &#8211; CTO et co-fondateur d&#8217;Opal Med Apps Inc.; Co-Lead du Opal Health Informatics Research Groupau Centre Universitaire de sant\u00e9 McGillCENTRE\"}]},{\"@type\":\"WebSite\",\"@id\":\"https:\\\/\\\/italchamber.qc.ca\\\/fr\\\/#website\",\"url\":\"https:\\\/\\\/italchamber.qc.ca\\\/fr\\\/\",\"name\":\"ICCC\",\"description\":\"Italian Chamber of Commerce in Canada\",\"publisher\":{\"@id\":\"https:\\\/\\\/italchamber.qc.ca\\\/fr\\\/#organization\"},\"potentialAction\":[{\"@type\":\"SearchAction\",\"target\":{\"@type\":\"EntryPoint\",\"urlTemplate\":\"https:\\\/\\\/italchamber.qc.ca\\\/fr\\\/?s={search_term_string}\"},\"query-input\":{\"@type\":\"PropertyValueSpecification\",\"valueRequired\":true,\"valueName\":\"search_term_string\"}}],\"inLanguage\":\"fr-FR\"},{\"@type\":\"Organization\",\"@id\":\"https:\\\/\\\/italchamber.qc.ca\\\/fr\\\/#organization\",\"name\":\"ICCC\",\"url\":\"https:\\\/\\\/italchamber.qc.ca\\\/fr\\\/\",\"logo\":{\"@type\":\"ImageObject\",\"inLanguage\":\"fr-FR\",\"@id\":\"https:\\\/\\\/italchamber.qc.ca\\\/fr\\\/#\\\/schema\\\/logo\\\/image\\\/\",\"url\":\"https:\\\/\\\/italchamber.qc.ca\\\/wp-content\\\/uploads\\\/2025\\\/05\\\/ICCC-Logo-French.svg\",\"contentUrl\":\"https:\\\/\\\/italchamber.qc.ca\\\/wp-content\\\/uploads\\\/2025\\\/05\\\/ICCC-Logo-French.svg\",\"caption\":\"ICCC\"},\"image\":{\"@id\":\"https:\\\/\\\/italchamber.qc.ca\\\/fr\\\/#\\\/schema\\\/logo\\\/image\\\/\"}}]}<\/script>\n<!-- \/ Yoast SEO plugin. -->","yoast_head_json":{"title":"John Kildea - CTO et co-fondateur d'Opal Med Apps Inc.; Co-Lead du Opal Health Informatics Research Groupau Centre Universitaire de sant\u00e9 McGillCENTRE - ICCC","robots":{"index":"index","follow":"follow","max-snippet":"max-snippet:-1","max-image-preview":"max-image-preview:large","max-video-preview":"max-video-preview:-1"},"canonical":"https:\/\/italchamber.qc.ca\/fr\/speakers\/john-kildea-medical-physicist-mcgill-university-health-centre-2\/","og_locale":"fr_FR","og_type":"article","og_title":"John Kildea - CTO et co-fondateur d'Opal Med Apps Inc.; Co-Lead du Opal Health Informatics Research Groupau Centre Universitaire de sant\u00e9 McGillCENTRE - ICCC","og_description":"John Kildea est un physicien m\u00e9dical au Centre universitaire de sant\u00e9 McGill (CUSM) \u00e0 Montr\u00e9al et professeur adjoint en oncologie \u00e0 l&rsquo;Universit\u00e9 McGill. La formation du Dr Kildea est en astrophysique, avec un doctorat en astrophysique des hautes \u00e9nergies du University College Dublin et des postdocs \u00e0 McGill et au Harvard-Smithsonian Center for Astrophysics. Il [&hellip;]","og_url":"https:\/\/italchamber.qc.ca\/fr\/speakers\/john-kildea-medical-physicist-mcgill-university-health-centre-2\/","og_site_name":"ICCC","twitter_card":"summary_large_image","twitter_misc":{"Dur\u00e9e de lecture estim\u00e9e":"1 minute"},"schema":{"@context":"https:\/\/schema.org","@graph":[{"@type":"WebPage","@id":"https:\/\/italchamber.qc.ca\/fr\/speakers\/john-kildea-medical-physicist-mcgill-university-health-centre-2\/","url":"https:\/\/italchamber.qc.ca\/fr\/speakers\/john-kildea-medical-physicist-mcgill-university-health-centre-2\/","name":"John Kildea - CTO et co-fondateur d'Opal Med Apps Inc.; Co-Lead du Opal Health Informatics Research Groupau Centre Universitaire de sant\u00e9 McGillCENTRE - ICCC","isPartOf":{"@id":"https:\/\/italchamber.qc.ca\/fr\/#website"},"primaryImageOfPage":{"@id":"https:\/\/italchamber.qc.ca\/fr\/speakers\/john-kildea-medical-physicist-mcgill-university-health-centre-2\/#primaryimage"},"image":{"@id":"https:\/\/italchamber.qc.ca\/fr\/speakers\/john-kildea-medical-physicist-mcgill-university-health-centre-2\/#primaryimage"},"thumbnailUrl":"https:\/\/italchamber.qc.ca\/wp-content\/uploads\/2024\/10\/johnkildea.jpg","datePublished":"2020-11-04T17:14:39+00:00","breadcrumb":{"@id":"https:\/\/italchamber.qc.ca\/fr\/speakers\/john-kildea-medical-physicist-mcgill-university-health-centre-2\/#breadcrumb"},"inLanguage":"fr-FR","potentialAction":[{"@type":"ReadAction","target":["https:\/\/italchamber.qc.ca\/fr\/speakers\/john-kildea-medical-physicist-mcgill-university-health-centre-2\/"]}]},{"@type":"ImageObject","inLanguage":"fr-FR","@id":"https:\/\/italchamber.qc.ca\/fr\/speakers\/john-kildea-medical-physicist-mcgill-university-health-centre-2\/#primaryimage","url":"https:\/\/italchamber.qc.ca\/wp-content\/uploads\/2024\/10\/johnkildea.jpg","contentUrl":"https:\/\/italchamber.qc.ca\/wp-content\/uploads\/2024\/10\/johnkildea.jpg","width":1077,"height":1382},{"@type":"BreadcrumbList","@id":"https:\/\/italchamber.qc.ca\/fr\/speakers\/john-kildea-medical-physicist-mcgill-university-health-centre-2\/#breadcrumb","itemListElement":[{"@type":"ListItem","position":1,"name":"Home","item":"https:\/\/italchamber.qc.ca\/fr\/accueil\/"},{"@type":"ListItem","position":2,"name":"Speakers","item":"https:\/\/italchamber.qc.ca\/fr\/speakers\/"},{"@type":"ListItem","position":3,"name":"John Kildea &#8211; CTO et co-fondateur d&#8217;Opal Med Apps Inc.; Co-Lead du Opal Health Informatics Research Groupau Centre Universitaire de sant\u00e9 McGillCENTRE"}]},{"@type":"WebSite","@id":"https:\/\/italchamber.qc.ca\/fr\/#website","url":"https:\/\/italchamber.qc.ca\/fr\/","name":"ICCC","description":"Italian Chamber of Commerce in Canada","publisher":{"@id":"https:\/\/italchamber.qc.ca\/fr\/#organization"},"potentialAction":[{"@type":"SearchAction","target":{"@type":"EntryPoint","urlTemplate":"https:\/\/italchamber.qc.ca\/fr\/?s={search_term_string}"},"query-input":{"@type":"PropertyValueSpecification","valueRequired":true,"valueName":"search_term_string"}}],"inLanguage":"fr-FR"},{"@type":"Organization","@id":"https:\/\/italchamber.qc.ca\/fr\/#organization","name":"ICCC","url":"https:\/\/italchamber.qc.ca\/fr\/","logo":{"@type":"ImageObject","inLanguage":"fr-FR","@id":"https:\/\/italchamber.qc.ca\/fr\/#\/schema\/logo\/image\/","url":"https:\/\/italchamber.qc.ca\/wp-content\/uploads\/2025\/05\/ICCC-Logo-French.svg","contentUrl":"https:\/\/italchamber.qc.ca\/wp-content\/uploads\/2025\/05\/ICCC-Logo-French.svg","caption":"ICCC"},"image":{"@id":"https:\/\/italchamber.qc.ca\/fr\/#\/schema\/logo\/image\/"}}]}},"_links":{"self":[{"href":"https:\/\/italchamber.qc.ca\/fr\/wp-json\/wp\/v2\/speaker\/1040","targetHints":{"allow":["GET"]}}],"collection":[{"href":"https:\/\/italchamber.qc.ca\/fr\/wp-json\/wp\/v2\/speaker"}],"about":[{"href":"https:\/\/italchamber.qc.ca\/fr\/wp-json\/wp\/v2\/types\/speaker"}],"version-history":[{"count":0,"href":"https:\/\/italchamber.qc.ca\/fr\/wp-json\/wp\/v2\/speaker\/1040\/revisions"}],"wp:featuredmedia":[{"embeddable":true,"href":"https:\/\/italchamber.qc.ca\/fr\/wp-json\/wp\/v2\/media\/1041"}],"wp:attachment":[{"href":"https:\/\/italchamber.qc.ca\/fr\/wp-json\/wp\/v2\/media?parent=1040"}],"wp:term":[{"taxonomy":"country","embeddable":true,"href":"https:\/\/italchamber.qc.ca\/fr\/wp-json\/wp\/v2\/country?post=1040"}],"curies":[{"name":"wp","href":"https:\/\/api.w.org\/{rel}","templated":true}]}}

John Kildea &#8211; CTO et co-fondateur d&rsquo;Opal Med Apps Inc.; Co-Lead du Opal Health Informatics Research Groupau Centre Universitaire de santé McGillCENTRE

<p>John Kildea est un physicien médical au Centre universitaire de santé McGill (CUSM) à Montréal et professeur adjoint en oncologie à l&rsquo;Université McGill.</p>
<p>La formation du Dr Kildea est en astrophysique, avec un doctorat en astrophysique des hautes énergies du University College Dublin et des postdocs à McGill et au Harvard-Smithsonian Center for Astrophysics. Il a fait la transition vers la physique médicale en 2010 et a travaillé pendant sept ans comme physicien médical clinique au CUSM avant de se joindre au Département d&rsquo;oncologie Gerald Bronfman de McGill en tant que professeur adjoint universitaire en 2017.</p>
<p>En collaboration avec le radio-oncologue Dr Tarek Hijal, le Dr Kildea codirige le développement du projet de portail des patients Opal au Québec (opalmedapps.com), qui permet aux patients d&rsquo;accéder à leurs données médicales et à des outils pour soumettre les résultats rapportés par les patients qui peuvent être utilisé dans la recherche sur l&rsquo;IA. Opal a été nommée solution de cybersanté québécoise de 2019 et a reçu le Prix d’excellence 2019 &#8211; coup de coeurs du ministère de la Santé du Québec, la plus haute distinction du ministère. Opal est actuellement utilisé au CUSM et est étendu à cinq autres centres de cancérologie à Montréal.</p>

<!-- This site is optimized with the Yoast SEO plugin v27.4 - https://yoast.com/product/yoast-seo-wordpress/ -->
<title>John Kildea - CTO et co-fondateur d&#039;Opal Med Apps Inc.; Co-Lead du Opal Health Informatics Research Groupau Centre Universitaire de santé McGillCENTRE - ICCC</title>
<meta name="robots" content="index, follow, max-snippet:-1, max-image-preview:large, max-video-preview:-1" />
<link rel="canonical" href="https://italchamber.qc.ca/fr/speakers/john-kildea-medical-physicist-mcgill-university-health-centre-2/" />
<meta property="og:locale" content="fr_FR" />
<meta property="og:type" content="article" />
<meta property="og:title" content="John Kildea - CTO et co-fondateur d&#039;Opal Med Apps Inc.; Co-Lead du Opal Health Informatics Research Groupau Centre Universitaire de santé McGillCENTRE - ICCC" />
<meta property="og:description" content="John Kildea est un physicien médical au Centre universitaire de santé McGill (CUSM) à Montréal et professeur adjoint en oncologie à l&rsquo;Université McGill. La formation du Dr Kildea est en astrophysique, avec un doctorat en astrophysique des hautes énergies du University College Dublin et des postdocs à McGill et au Harvard-Smithsonian Center for Astrophysics. Il [&hellip;]" />
<meta property="og:url" content="https://italchamber.qc.ca/fr/speakers/john-kildea-medical-physicist-mcgill-university-health-centre-2/" />
<meta property="og:site_name" content="ICCC" />
<meta name="twitter:card" content="summary_large_image" />
<meta name="twitter:label1" content="Durée de lecture estimée" />
	<meta name="twitter:data1" content="1 minute" />
<script type="application/ld+json" class="yoast-schema-graph">{"@context":"https:\/\/schema.org","@graph":[{"@type":"WebPage","@id":"https:\/\/italchamber.qc.ca\/fr\/speakers\/john-kildea-medical-physicist-mcgill-university-health-centre-2\/","url":"https:\/\/italchamber.qc.ca\/fr\/speakers\/john-kildea-medical-physicist-mcgill-university-health-centre-2\/","name":"John Kildea - CTO et co-fondateur d'Opal Med Apps Inc.; Co-Lead du Opal Health Informatics Research Groupau Centre Universitaire de santé McGillCENTRE - ICCC","isPartOf":{"@id":"https:\/\/italchamber.qc.ca\/fr\/#website"},"primaryImageOfPage":{"@id":"https:\/\/italchamber.qc.ca\/fr\/speakers\/john-kildea-medical-physicist-mcgill-university-health-centre-2\/#primaryimage"},"image":{"@id":"https:\/\/italchamber.qc.ca\/fr\/speakers\/john-kildea-medical-physicist-mcgill-university-health-centre-2\/#primaryimage"},"thumbnailUrl":"https:\/\/italchamber.qc.ca\/wp-content\/uploads\/2024\/10\/johnkildea.jpg","datePublished":"2020-11-04T17:14:39+00:00","breadcrumb":{"@id":"https:\/\/italchamber.qc.ca\/fr\/speakers\/john-kildea-medical-physicist-mcgill-university-health-centre-2\/#breadcrumb"},"inLanguage":"fr-FR","potentialAction":[{"@type":"ReadAction","target":["https:\/\/italchamber.qc.ca\/fr\/speakers\/john-kildea-medical-physicist-mcgill-university-health-centre-2\/"]}]},{"@type":"ImageObject","inLanguage":"fr-FR","@id":"https:\/\/italchamber.qc.ca\/fr\/speakers\/john-kildea-medical-physicist-mcgill-university-health-centre-2\/#primaryimage","url":"https:\/\/italchamber.qc.ca\/wp-content\/uploads\/2024\/10\/johnkildea.jpg","contentUrl":"https:\/\/italchamber.qc.ca\/wp-content\/uploads\/2024\/10\/johnkildea.jpg","width":1077,"height":1382},{"@type":"BreadcrumbList","@id":"https:\/\/italchamber.qc.ca\/fr\/speakers\/john-kildea-medical-physicist-mcgill-university-health-centre-2\/#breadcrumb","itemListElement":[{"@type":"ListItem","position":1,"name":"Home","item":"https:\/\/italchamber.qc.ca\/fr\/accueil\/"},{"@type":"ListItem","position":2,"name":"Speakers","item":"https:\/\/italchamber.qc.ca\/fr\/speakers\/"},{"@type":"ListItem","position":3,"name":"John Kildea &#8211; CTO et co-fondateur d&#8217;Opal Med Apps Inc.; Co-Lead du Opal Health Informatics Research Groupau Centre Universitaire de santé McGillCENTRE"}]},{"@type":"WebSite","@id":"https:\/\/italchamber.qc.ca\/fr\/#website","url":"https:\/\/italchamber.qc.ca\/fr\/","name":"ICCC","description":"Italian Chamber of Commerce in Canada","publisher":{"@id":"https:\/\/italchamber.qc.ca\/fr\/#organization"},"potentialAction":[{"@type":"SearchAction","target":{"@type":"EntryPoint","urlTemplate":"https:\/\/italchamber.qc.ca\/fr\/?s={search_term_string}"},"query-input":{"@type":"PropertyValueSpecification","valueRequired":true,"valueName":"search_term_string"}}],"inLanguage":"fr-FR"},{"@type":"Organization","@id":"https:\/\/italchamber.qc.ca\/fr\/#organization","name":"ICCC","url":"https:\/\/italchamber.qc.ca\/fr\/","logo":{"@type":"ImageObject","inLanguage":"fr-FR","@id":"https:\/\/italchamber.qc.ca\/fr\/#\/schema\/logo\/image\/","url":"https:\/\/italchamber.qc.ca\/wp-content\/uploads\/2025\/05\/ICCC-Logo-French.svg","contentUrl":"https:\/\/italchamber.qc.ca\/wp-content\/uploads\/2025\/05\/ICCC-Logo-French.svg","caption":"ICCC"},"image":{"@id":"https:\/\/italchamber.qc.ca\/fr\/#\/schema\/logo\/image\/"}}]}</script>
<!-- / Yoast SEO plugin. -->

John Kildea - CTO et co-fondateur d'Opal Med Apps Inc.; Co-Lead du Opal Health Informatics Research Groupau Centre Universitaire de santé McGillCENTRE - ICCC

John Kildea est un physicien médical au Centre universitaire de santé McGill (CUSM) à Montréal et professeur adjoint en oncologie à l&rsquo;Université McGill. La formation du Dr Kildea est en astrophysique, avec un doctorat en astrophysique des hautes énergies du University College Dublin et des postdocs à McGill et au Harvard-Smithsonian Center for Astrophysics. Il [&hellip;]

John Kildea &#8211; CTO et co-fondateur d&#8217;Opal Med Apps Inc.; Co-Lead du Opal Health Informatics Research Groupau Centre Universitaire de santé McGillCENTRE
