{"id":9301,"date":"2022-12-23T16:39:03","date_gmt":"2022-12-23T16:39:03","guid":{"rendered":"https:\/\/italchamber.qc.ca\/events\/calendrier-2023\/"},"modified":"2022-12-23T16:39:03","modified_gmt":"2022-12-23T16:39:03","slug":"calendrier-2023","status":"publish","type":"event","link":"https:\/\/italchamber.qc.ca\/fr\/events\/calendrier-2023\/","title":{"rendered":"Calendrier 2023"},"content":{"rendered":"<p><strong>10 et 11 f\u00e9vrier<\/strong> \u2013 BuyWine Toscana<\/p>\n<p><strong>2 mai<\/strong> \u2013 <a href=\"https:\/\/italchamber.qc.ca\/events\/assemblee-generale-annuelle-des-membres-de-la-ccic-2023\/?lang=fr\">Assembl\u00e9e g\u00e9n\u00e9rale annuelle<\/a><\/p>\n<p><strong>8 au 22 juin <\/strong> \u2013 <a href=\"https:\/\/italchamber.qc.ca\/events\/semaines-resto-prosecco-doc-et-prosecco-doc-rose-2\/?lang=fr\">Semaines Resto Prosecco DOC et Prosecco DOC Ros\u00e9<\/a><\/p>\n<p><strong>21 ao\u00fbt<\/strong> \u2013 <a href=\"https:\/\/italchamber.qc.ca\/events\/tournoi-de-golf-et-souper-gastronomique\/?lang=fr\">Golf et Souper gastronomique \u00e0 l&rsquo;italienne<\/a><\/p>\n<p><strong>24 octobre<\/strong> \u2013 <a href=\"https:\/\/italchamber.qc.ca\/events\/ceremonie-des-laureats-premio-venezia-3\/?lang=fr\">C\u00e9r\u00e9monie des laur\u00e9ats Premio Venezia<\/a><\/p>\n<p><strong>7 novembre <\/strong> \u2013 <a href=\"https:\/\/italchamber.qc.ca\/events\/5e-edition-forum-daffaires-canada-italie-sur-lia\/?lang=fr\">5e Forum Canada-Italie sur l&rsquo;IA<\/a><\/p>\n<p>&nbsp;<\/p>\n<p>&nbsp;<\/p>\n<p>&nbsp;<\/p>\n","protected":false},"excerpt":{"rendered":"<p>Visitez r\u00e9guli\u00e8rement pour voir les nouvelles activit\u00e9s<\/p>\n","protected":false},"featured_media":9302,"template":"","event_category":[],"class_list":["post-9301","event","type-event","status-publish","has-post-thumbnail","hentry"],"acf":[],"yoast_head":"<!-- This site is optimized with the Yoast SEO plugin v27.4 - https:\/\/yoast.com\/product\/yoast-seo-wordpress\/ -->\n<title>Calendrier 2023 - ICCC<\/title>\n<meta name=\"robots\" content=\"index, follow, max-snippet:-1, max-image-preview:large, max-video-preview:-1\" \/>\n<link rel=\"canonical\" href=\"https:\/\/italchamber.qc.ca\/fr\/events\/calendrier-2023\/\" \/>\n<meta property=\"og:locale\" content=\"fr_FR\" \/>\n<meta property=\"og:type\" content=\"article\" \/>\n<meta property=\"og:title\" content=\"Calendrier 2023 - ICCC\" \/>\n<meta property=\"og:description\" content=\"Visitez r\u00e9guli\u00e8rement pour voir les nouvelles activit\u00e9s\" \/>\n<meta property=\"og:url\" content=\"https:\/\/italchamber.qc.ca\/fr\/events\/calendrier-2023\/\" \/>\n<meta property=\"og:site_name\" content=\"ICCC\" \/>\n<meta property=\"og:image\" content=\"https:\/\/italchamber.qc.ca\/wp-content\/uploads\/2024\/10\/UPCOMING-EVENTS-2023-1.png\" \/>\n\t<meta property=\"og:image:width\" content=\"700\" \/>\n\t<meta property=\"og:image:height\" content=\"200\" \/>\n\t<meta property=\"og:image:type\" content=\"image\/png\" \/>\n<meta name=\"twitter:card\" content=\"summary_large_image\" \/>\n<script type=\"application\/ld+json\" class=\"yoast-schema-graph\">{\"@context\":\"https:\\\/\\\/schema.org\",\"@graph\":[{\"@type\":\"WebPage\",\"@id\":\"https:\\\/\\\/italchamber.qc.ca\\\/fr\\\/events\\\/calendrier-2023\\\/\",\"url\":\"https:\\\/\\\/italchamber.qc.ca\\\/fr\\\/events\\\/calendrier-2023\\\/\",\"name\":\"Calendrier 2023 - ICCC\",\"isPartOf\":{\"@id\":\"https:\\\/\\\/italchamber.qc.ca\\\/fr\\\/#website\"},\"primaryImageOfPage\":{\"@id\":\"https:\\\/\\\/italchamber.qc.ca\\\/fr\\\/events\\\/calendrier-2023\\\/#primaryimage\"},\"image\":{\"@id\":\"https:\\\/\\\/italchamber.qc.ca\\\/fr\\\/events\\\/calendrier-2023\\\/#primaryimage\"},\"thumbnailUrl\":\"https:\\\/\\\/italchamber.qc.ca\\\/wp-content\\\/uploads\\\/2024\\\/10\\\/UPCOMING-EVENTS-2023-1.png\",\"datePublished\":\"2022-12-23T16:39:03+00:00\",\"breadcrumb\":{\"@id\":\"https:\\\/\\\/italchamber.qc.ca\\\/fr\\\/events\\\/calendrier-2023\\\/#breadcrumb\"},\"inLanguage\":\"fr-FR\",\"potentialAction\":[{\"@type\":\"ReadAction\",\"target\":[\"https:\\\/\\\/italchamber.qc.ca\\\/fr\\\/events\\\/calendrier-2023\\\/\"]}]},{\"@type\":\"ImageObject\",\"inLanguage\":\"fr-FR\",\"@id\":\"https:\\\/\\\/italchamber.qc.ca\\\/fr\\\/events\\\/calendrier-2023\\\/#primaryimage\",\"url\":\"https:\\\/\\\/italchamber.qc.ca\\\/wp-content\\\/uploads\\\/2024\\\/10\\\/UPCOMING-EVENTS-2023-1.png\",\"contentUrl\":\"https:\\\/\\\/italchamber.qc.ca\\\/wp-content\\\/uploads\\\/2024\\\/10\\\/UPCOMING-EVENTS-2023-1.png\",\"width\":700,\"height\":200},{\"@type\":\"BreadcrumbList\",\"@id\":\"https:\\\/\\\/italchamber.qc.ca\\\/fr\\\/events\\\/calendrier-2023\\\/#breadcrumb\",\"itemListElement\":[{\"@type\":\"ListItem\",\"position\":1,\"name\":\"Home\",\"item\":\"https:\\\/\\\/italchamber.qc.ca\\\/fr\\\/accueil\\\/\"},{\"@type\":\"ListItem\",\"position\":2,\"name\":\"Events\",\"item\":\"https:\\\/\\\/italchamber.qc.ca\\\/fr\\\/events\\\/\"},{\"@type\":\"ListItem\",\"position\":3,\"name\":\"Calendrier 2023\"}]},{\"@type\":\"WebSite\",\"@id\":\"https:\\\/\\\/italchamber.qc.ca\\\/fr\\\/#website\",\"url\":\"https:\\\/\\\/italchamber.qc.ca\\\/fr\\\/\",\"name\":\"ICCC\",\"description\":\"Italian Chamber of Commerce in Canada\",\"publisher\":{\"@id\":\"https:\\\/\\\/italchamber.qc.ca\\\/fr\\\/#organization\"},\"potentialAction\":[{\"@type\":\"SearchAction\",\"target\":{\"@type\":\"EntryPoint\",\"urlTemplate\":\"https:\\\/\\\/italchamber.qc.ca\\\/fr\\\/?s={search_term_string}\"},\"query-input\":{\"@type\":\"PropertyValueSpecification\",\"valueRequired\":true,\"valueName\":\"search_term_string\"}}],\"inLanguage\":\"fr-FR\"},{\"@type\":\"Organization\",\"@id\":\"https:\\\/\\\/italchamber.qc.ca\\\/fr\\\/#organization\",\"name\":\"ICCC\",\"url\":\"https:\\\/\\\/italchamber.qc.ca\\\/fr\\\/\",\"logo\":{\"@type\":\"ImageObject\",\"inLanguage\":\"fr-FR\",\"@id\":\"https:\\\/\\\/italchamber.qc.ca\\\/fr\\\/#\\\/schema\\\/logo\\\/image\\\/\",\"url\":\"https:\\\/\\\/italchamber.qc.ca\\\/wp-content\\\/uploads\\\/2025\\\/05\\\/ICCC-Logo-French.svg\",\"contentUrl\":\"https:\\\/\\\/italchamber.qc.ca\\\/wp-content\\\/uploads\\\/2025\\\/05\\\/ICCC-Logo-French.svg\",\"caption\":\"ICCC\"},\"image\":{\"@id\":\"https:\\\/\\\/italchamber.qc.ca\\\/fr\\\/#\\\/schema\\\/logo\\\/image\\\/\"}}]}<\/script>\n<!-- \/ Yoast SEO plugin. -->","yoast_head_json":{"title":"Calendrier 2023 - ICCC","robots":{"index":"index","follow":"follow","max-snippet":"max-snippet:-1","max-image-preview":"max-image-preview:large","max-video-preview":"max-video-preview:-1"},"canonical":"https:\/\/italchamber.qc.ca\/fr\/events\/calendrier-2023\/","og_locale":"fr_FR","og_type":"article","og_title":"Calendrier 2023 - ICCC","og_description":"Visitez r\u00e9guli\u00e8rement pour voir les nouvelles activit\u00e9s","og_url":"https:\/\/italchamber.qc.ca\/fr\/events\/calendrier-2023\/","og_site_name":"ICCC","og_image":[{"width":700,"height":200,"url":"https:\/\/italchamber.qc.ca\/wp-content\/uploads\/2024\/10\/UPCOMING-EVENTS-2023-1.png","type":"image\/png"}],"twitter_card":"summary_large_image","schema":{"@context":"https:\/\/schema.org","@graph":[{"@type":"WebPage","@id":"https:\/\/italchamber.qc.ca\/fr\/events\/calendrier-2023\/","url":"https:\/\/italchamber.qc.ca\/fr\/events\/calendrier-2023\/","name":"Calendrier 2023 - ICCC","isPartOf":{"@id":"https:\/\/italchamber.qc.ca\/fr\/#website"},"primaryImageOfPage":{"@id":"https:\/\/italchamber.qc.ca\/fr\/events\/calendrier-2023\/#primaryimage"},"image":{"@id":"https:\/\/italchamber.qc.ca\/fr\/events\/calendrier-2023\/#primaryimage"},"thumbnailUrl":"https:\/\/italchamber.qc.ca\/wp-content\/uploads\/2024\/10\/UPCOMING-EVENTS-2023-1.png","datePublished":"2022-12-23T16:39:03+00:00","breadcrumb":{"@id":"https:\/\/italchamber.qc.ca\/fr\/events\/calendrier-2023\/#breadcrumb"},"inLanguage":"fr-FR","potentialAction":[{"@type":"ReadAction","target":["https:\/\/italchamber.qc.ca\/fr\/events\/calendrier-2023\/"]}]},{"@type":"ImageObject","inLanguage":"fr-FR","@id":"https:\/\/italchamber.qc.ca\/fr\/events\/calendrier-2023\/#primaryimage","url":"https:\/\/italchamber.qc.ca\/wp-content\/uploads\/2024\/10\/UPCOMING-EVENTS-2023-1.png","contentUrl":"https:\/\/italchamber.qc.ca\/wp-content\/uploads\/2024\/10\/UPCOMING-EVENTS-2023-1.png","width":700,"height":200},{"@type":"BreadcrumbList","@id":"https:\/\/italchamber.qc.ca\/fr\/events\/calendrier-2023\/#breadcrumb","itemListElement":[{"@type":"ListItem","position":1,"name":"Home","item":"https:\/\/italchamber.qc.ca\/fr\/accueil\/"},{"@type":"ListItem","position":2,"name":"Events","item":"https:\/\/italchamber.qc.ca\/fr\/events\/"},{"@type":"ListItem","position":3,"name":"Calendrier 2023"}]},{"@type":"WebSite","@id":"https:\/\/italchamber.qc.ca\/fr\/#website","url":"https:\/\/italchamber.qc.ca\/fr\/","name":"ICCC","description":"Italian Chamber of Commerce in Canada","publisher":{"@id":"https:\/\/italchamber.qc.ca\/fr\/#organization"},"potentialAction":[{"@type":"SearchAction","target":{"@type":"EntryPoint","urlTemplate":"https:\/\/italchamber.qc.ca\/fr\/?s={search_term_string}"},"query-input":{"@type":"PropertyValueSpecification","valueRequired":true,"valueName":"search_term_string"}}],"inLanguage":"fr-FR"},{"@type":"Organization","@id":"https:\/\/italchamber.qc.ca\/fr\/#organization","name":"ICCC","url":"https:\/\/italchamber.qc.ca\/fr\/","logo":{"@type":"ImageObject","inLanguage":"fr-FR","@id":"https:\/\/italchamber.qc.ca\/fr\/#\/schema\/logo\/image\/","url":"https:\/\/italchamber.qc.ca\/wp-content\/uploads\/2025\/05\/ICCC-Logo-French.svg","contentUrl":"https:\/\/italchamber.qc.ca\/wp-content\/uploads\/2025\/05\/ICCC-Logo-French.svg","caption":"ICCC"},"image":{"@id":"https:\/\/italchamber.qc.ca\/fr\/#\/schema\/logo\/image\/"}}]}},"_links":{"self":[{"href":"https:\/\/italchamber.qc.ca\/fr\/wp-json\/wp\/v2\/event\/9301","targetHints":{"allow":["GET"]}}],"collection":[{"href":"https:\/\/italchamber.qc.ca\/fr\/wp-json\/wp\/v2\/event"}],"about":[{"href":"https:\/\/italchamber.qc.ca\/fr\/wp-json\/wp\/v2\/types\/event"}],"version-history":[{"count":0,"href":"https:\/\/italchamber.qc.ca\/fr\/wp-json\/wp\/v2\/event\/9301\/revisions"}],"wp:featuredmedia":[{"embeddable":true,"href":"https:\/\/italchamber.qc.ca\/fr\/wp-json\/wp\/v2\/media\/9302"}],"wp:attachment":[{"href":"https:\/\/italchamber.qc.ca\/fr\/wp-json\/wp\/v2\/media?parent=9301"}],"wp:term":[{"taxonomy":"event_category","embeddable":true,"href":"https:\/\/italchamber.qc.ca\/fr\/wp-json\/wp\/v2\/event_category?post=9301"}],"curies":[{"name":"wp","href":"https:\/\/api.w.org\/{rel}","templated":true}]}}

<p><strong>10 et 11 février</strong> – BuyWine Toscana</p>
<p><strong>2 mai</strong> – <a href="https://italchamber.qc.ca/events/assemblee-generale-annuelle-des-membres-de-la-ccic-2023/?lang=fr">Assemblée générale annuelle</a></p>
<p><strong>8 au 22 juin </strong> – <a href="https://italchamber.qc.ca/events/semaines-resto-prosecco-doc-et-prosecco-doc-rose-2/?lang=fr">Semaines Resto Prosecco DOC et Prosecco DOC Rosé</a></p>
<p><strong>21 août</strong> – <a href="https://italchamber.qc.ca/events/tournoi-de-golf-et-souper-gastronomique/?lang=fr">Golf et Souper gastronomique à l&rsquo;italienne</a></p>
<p><strong>24 octobre</strong> – <a href="https://italchamber.qc.ca/events/ceremonie-des-laureats-premio-venezia-3/?lang=fr">Cérémonie des lauréats Premio Venezia</a></p>
<p><strong>7 novembre </strong> – <a href="https://italchamber.qc.ca/events/5e-edition-forum-daffaires-canada-italie-sur-lia/?lang=fr">5e Forum Canada-Italie sur l&rsquo;IA</a></p>
<p>&nbsp;</p>
<p>&nbsp;</p>
<p>&nbsp;</p>

<p>Visitez régulièrement pour voir les nouvelles activités</p>

<!-- This site is optimized with the Yoast SEO plugin v27.4 - https://yoast.com/product/yoast-seo-wordpress/ -->
<title>Calendrier 2023 - ICCC</title>
<meta name="robots" content="index, follow, max-snippet:-1, max-image-preview:large, max-video-preview:-1" />
<link rel="canonical" href="https://italchamber.qc.ca/fr/events/calendrier-2023/" />
<meta property="og:locale" content="fr_FR" />
<meta property="og:type" content="article" />
<meta property="og:title" content="Calendrier 2023 - ICCC" />
<meta property="og:description" content="Visitez régulièrement pour voir les nouvelles activités" />
<meta property="og:url" content="https://italchamber.qc.ca/fr/events/calendrier-2023/" />
<meta property="og:site_name" content="ICCC" />
<meta property="og:image" content="https://italchamber.qc.ca/wp-content/uploads/2024/10/UPCOMING-EVENTS-2023-1.png" />
	<meta property="og:image:width" content="700" />
	<meta property="og:image:height" content="200" />
	<meta property="og:image:type" content="image/png" />
<meta name="twitter:card" content="summary_large_image" />
<script type="application/ld+json" class="yoast-schema-graph">{"@context":"https:\/\/schema.org","@graph":[{"@type":"WebPage","@id":"https:\/\/italchamber.qc.ca\/fr\/events\/calendrier-2023\/","url":"https:\/\/italchamber.qc.ca\/fr\/events\/calendrier-2023\/","name":"Calendrier 2023 - ICCC","isPartOf":{"@id":"https:\/\/italchamber.qc.ca\/fr\/#website"},"primaryImageOfPage":{"@id":"https:\/\/italchamber.qc.ca\/fr\/events\/calendrier-2023\/#primaryimage"},"image":{"@id":"https:\/\/italchamber.qc.ca\/fr\/events\/calendrier-2023\/#primaryimage"},"thumbnailUrl":"https:\/\/italchamber.qc.ca\/wp-content\/uploads\/2024\/10\/UPCOMING-EVENTS-2023-1.png","datePublished":"2022-12-23T16:39:03+00:00","breadcrumb":{"@id":"https:\/\/italchamber.qc.ca\/fr\/events\/calendrier-2023\/#breadcrumb"},"inLanguage":"fr-FR","potentialAction":[{"@type":"ReadAction","target":["https:\/\/italchamber.qc.ca\/fr\/events\/calendrier-2023\/"]}]},{"@type":"ImageObject","inLanguage":"fr-FR","@id":"https:\/\/italchamber.qc.ca\/fr\/events\/calendrier-2023\/#primaryimage","url":"https:\/\/italchamber.qc.ca\/wp-content\/uploads\/2024\/10\/UPCOMING-EVENTS-2023-1.png","contentUrl":"https:\/\/italchamber.qc.ca\/wp-content\/uploads\/2024\/10\/UPCOMING-EVENTS-2023-1.png","width":700,"height":200},{"@type":"BreadcrumbList","@id":"https:\/\/italchamber.qc.ca\/fr\/events\/calendrier-2023\/#breadcrumb","itemListElement":[{"@type":"ListItem","position":1,"name":"Home","item":"https:\/\/italchamber.qc.ca\/fr\/accueil\/"},{"@type":"ListItem","position":2,"name":"Events","item":"https:\/\/italchamber.qc.ca\/fr\/events\/"},{"@type":"ListItem","position":3,"name":"Calendrier 2023"}]},{"@type":"WebSite","@id":"https:\/\/italchamber.qc.ca\/fr\/#website","url":"https:\/\/italchamber.qc.ca\/fr\/","name":"ICCC","description":"Italian Chamber of Commerce in Canada","publisher":{"@id":"https:\/\/italchamber.qc.ca\/fr\/#organization"},"potentialAction":[{"@type":"SearchAction","target":{"@type":"EntryPoint","urlTemplate":"https:\/\/italchamber.qc.ca\/fr\/?s={search_term_string}"},"query-input":{"@type":"PropertyValueSpecification","valueRequired":true,"valueName":"search_term_string"}}],"inLanguage":"fr-FR"},{"@type":"Organization","@id":"https:\/\/italchamber.qc.ca\/fr\/#organization","name":"ICCC","url":"https:\/\/italchamber.qc.ca\/fr\/","logo":{"@type":"ImageObject","inLanguage":"fr-FR","@id":"https:\/\/italchamber.qc.ca\/fr\/#\/schema\/logo\/image\/","url":"https:\/\/italchamber.qc.ca\/wp-content\/uploads\/2025\/05\/ICCC-Logo-French.svg","contentUrl":"https:\/\/italchamber.qc.ca\/wp-content\/uploads\/2025\/05\/ICCC-Logo-French.svg","caption":"ICCC"},"image":{"@id":"https:\/\/italchamber.qc.ca\/fr\/#\/schema\/logo\/image\/"}}]}</script>
<!-- / Yoast SEO plugin. -->

Visitez régulièrement pour voir les nouvelles activités
