{"id":8320,"date":"2019-05-14T19:13:06","date_gmt":"2019-05-14T19:13:06","guid":{"rendered":"https:\/\/italchamber.qc.ca\/events\/seance-de-formation-et-dejeuner-decouvrez-les-appellations-de-lemilie-romagne\/"},"modified":"2019-05-14T19:13:06","modified_gmt":"2019-05-14T19:13:06","slug":"seance-de-formation-et-dejeuner-decouvrez-les-appellations-de-lemilie-romagne","status":"publish","type":"event","link":"https:\/\/italchamber.qc.ca\/fr\/events\/seance-de-formation-et-dejeuner-decouvrez-les-appellations-de-lemilie-romagne\/","title":{"rendered":"S\u00e9ance de formation et d\u00e9jeuner : D\u00e9couvrez les appellations de l&rsquo;\u00c9milie-Romagne"},"content":{"rendered":"<p style=\"text-align: center;\"><strong><span style=\"color: #000000;\">** Activit\u00e9 r\u00e9serv\u00e9e pour les m\u00e9dias et les professionnels du secteur **<\/span><\/strong><\/p>\n<p><span style=\"color: #000000;\">La s\u00e9ance de formation sera anim\u00e9e par\u00a0<strong>Romain Gruson<\/strong>, sommelier d\u2019exp\u00e9rience et professeur de sommellerie \u00e0 l\u2019ITHQ, ancien pr\u00e9sident de l\u2019Association canadienne des sommeliers professionnels au Qu\u00e9bec (ACSP-Qc) et vice-pr\u00e9sident pour le Canada de 2013 \u00e0 2017.<\/span><\/p>\n<p><span style=\"color: #000000;\"><strong>Horaire de la journ\u00e9e<\/strong><\/span><\/p>\n<p><span style=\"color: #000000;\">10h30 \u00e0 12h00\u00a0 Atelier technique pour les m\u00e9dias et professionnels\u00a0\u00a0<\/span><br \/>\n<span style=\"color: #000000;\">12h00 \u00e0 13h30\u00a0 Lunch pour les m\u00e9dias et professionnels<\/span><\/p>\n","protected":false},"excerpt":{"rendered":"<p>D\u00e9couvrez les appellations de l&rsquo;\u00c9milie-Romagne avec Romain Gruson, sommelier d\u2019exp\u00e9rience et professeur de sommellerie \u00e0 l\u2019ITHQ.<\/p>\n","protected":false},"featured_media":8338,"template":"","event_category":[163],"class_list":["post-8320","event","type-event","status-publish","has-post-thumbnail","hentry","event_category-la-difference-est-dans-le-gout"],"acf":[],"yoast_head":"<!-- This site is optimized with the Yoast SEO plugin v27.4 - https:\/\/yoast.com\/product\/yoast-seo-wordpress\/ -->\n<title>S\u00e9ance de formation et d\u00e9jeuner : D\u00e9couvrez les appellations de l&#039;\u00c9milie-Romagne - ICCC<\/title>\n<meta name=\"robots\" content=\"index, follow, max-snippet:-1, max-image-preview:large, max-video-preview:-1\" \/>\n<link rel=\"canonical\" href=\"https:\/\/italchamber.qc.ca\/fr\/events\/seance-de-formation-et-dejeuner-decouvrez-les-appellations-de-lemilie-romagne\/\" \/>\n<meta property=\"og:locale\" content=\"fr_FR\" \/>\n<meta property=\"og:type\" content=\"article\" \/>\n<meta property=\"og:title\" content=\"S\u00e9ance de formation et d\u00e9jeuner : D\u00e9couvrez les appellations de l&#039;\u00c9milie-Romagne - ICCC\" \/>\n<meta property=\"og:description\" content=\"D\u00e9couvrez les appellations de l&#039;\u00c9milie-Romagne avec Romain Gruson, sommelier d\u2019exp\u00e9rience et professeur de sommellerie \u00e0 l\u2019ITHQ.\" \/>\n<meta property=\"og:url\" content=\"https:\/\/italchamber.qc.ca\/fr\/events\/seance-de-formation-et-dejeuner-decouvrez-les-appellations-de-lemilie-romagne\/\" \/>\n<meta property=\"og:site_name\" content=\"ICCC\" \/>\n<meta property=\"og:image\" content=\"https:\/\/italchamber.qc.ca\/wp-content\/uploads\/2024\/10\/Seance-de-formatin-ER-web.png\" \/>\n\t<meta property=\"og:image:width\" content=\"860\" \/>\n\t<meta property=\"og:image:height\" content=\"315\" \/>\n\t<meta property=\"og:image:type\" content=\"image\/png\" \/>\n<meta name=\"twitter:card\" content=\"summary_large_image\" \/>\n<script type=\"application\/ld+json\" class=\"yoast-schema-graph\">{\"@context\":\"https:\\\/\\\/schema.org\",\"@graph\":[{\"@type\":\"WebPage\",\"@id\":\"https:\\\/\\\/italchamber.qc.ca\\\/fr\\\/events\\\/seance-de-formation-et-dejeuner-decouvrez-les-appellations-de-lemilie-romagne\\\/\",\"url\":\"https:\\\/\\\/italchamber.qc.ca\\\/fr\\\/events\\\/seance-de-formation-et-dejeuner-decouvrez-les-appellations-de-lemilie-romagne\\\/\",\"name\":\"S\u00e9ance de formation et d\u00e9jeuner : D\u00e9couvrez les appellations de l'\u00c9milie-Romagne - ICCC\",\"isPartOf\":{\"@id\":\"https:\\\/\\\/italchamber.qc.ca\\\/fr\\\/#website\"},\"primaryImageOfPage\":{\"@id\":\"https:\\\/\\\/italchamber.qc.ca\\\/fr\\\/events\\\/seance-de-formation-et-dejeuner-decouvrez-les-appellations-de-lemilie-romagne\\\/#primaryimage\"},\"image\":{\"@id\":\"https:\\\/\\\/italchamber.qc.ca\\\/fr\\\/events\\\/seance-de-formation-et-dejeuner-decouvrez-les-appellations-de-lemilie-romagne\\\/#primaryimage\"},\"thumbnailUrl\":\"https:\\\/\\\/italchamber.qc.ca\\\/wp-content\\\/uploads\\\/2024\\\/10\\\/Seance-de-formatin-ER-web.png\",\"datePublished\":\"2019-05-14T19:13:06+00:00\",\"breadcrumb\":{\"@id\":\"https:\\\/\\\/italchamber.qc.ca\\\/fr\\\/events\\\/seance-de-formation-et-dejeuner-decouvrez-les-appellations-de-lemilie-romagne\\\/#breadcrumb\"},\"inLanguage\":\"fr-FR\",\"potentialAction\":[{\"@type\":\"ReadAction\",\"target\":[\"https:\\\/\\\/italchamber.qc.ca\\\/fr\\\/events\\\/seance-de-formation-et-dejeuner-decouvrez-les-appellations-de-lemilie-romagne\\\/\"]}]},{\"@type\":\"ImageObject\",\"inLanguage\":\"fr-FR\",\"@id\":\"https:\\\/\\\/italchamber.qc.ca\\\/fr\\\/events\\\/seance-de-formation-et-dejeuner-decouvrez-les-appellations-de-lemilie-romagne\\\/#primaryimage\",\"url\":\"https:\\\/\\\/italchamber.qc.ca\\\/wp-content\\\/uploads\\\/2024\\\/10\\\/Seance-de-formatin-ER-web.png\",\"contentUrl\":\"https:\\\/\\\/italchamber.qc.ca\\\/wp-content\\\/uploads\\\/2024\\\/10\\\/Seance-de-formatin-ER-web.png\",\"width\":860,\"height\":315},{\"@type\":\"BreadcrumbList\",\"@id\":\"https:\\\/\\\/italchamber.qc.ca\\\/fr\\\/events\\\/seance-de-formation-et-dejeuner-decouvrez-les-appellations-de-lemilie-romagne\\\/#breadcrumb\",\"itemListElement\":[{\"@type\":\"ListItem\",\"position\":1,\"name\":\"Home\",\"item\":\"https:\\\/\\\/italchamber.qc.ca\\\/fr\\\/accueil\\\/\"},{\"@type\":\"ListItem\",\"position\":2,\"name\":\"Events\",\"item\":\"https:\\\/\\\/italchamber.qc.ca\\\/fr\\\/events\\\/\"},{\"@type\":\"ListItem\",\"position\":3,\"name\":\"S\u00e9ance de formation et d\u00e9jeuner : D\u00e9couvrez les appellations de l&#8217;\u00c9milie-Romagne\"}]},{\"@type\":\"WebSite\",\"@id\":\"https:\\\/\\\/italchamber.qc.ca\\\/fr\\\/#website\",\"url\":\"https:\\\/\\\/italchamber.qc.ca\\\/fr\\\/\",\"name\":\"ICCC\",\"description\":\"Italian Chamber of Commerce in Canada\",\"publisher\":{\"@id\":\"https:\\\/\\\/italchamber.qc.ca\\\/fr\\\/#organization\"},\"potentialAction\":[{\"@type\":\"SearchAction\",\"target\":{\"@type\":\"EntryPoint\",\"urlTemplate\":\"https:\\\/\\\/italchamber.qc.ca\\\/fr\\\/?s={search_term_string}\"},\"query-input\":{\"@type\":\"PropertyValueSpecification\",\"valueRequired\":true,\"valueName\":\"search_term_string\"}}],\"inLanguage\":\"fr-FR\"},{\"@type\":\"Organization\",\"@id\":\"https:\\\/\\\/italchamber.qc.ca\\\/fr\\\/#organization\",\"name\":\"ICCC\",\"url\":\"https:\\\/\\\/italchamber.qc.ca\\\/fr\\\/\",\"logo\":{\"@type\":\"ImageObject\",\"inLanguage\":\"fr-FR\",\"@id\":\"https:\\\/\\\/italchamber.qc.ca\\\/fr\\\/#\\\/schema\\\/logo\\\/image\\\/\",\"url\":\"https:\\\/\\\/italchamber.qc.ca\\\/wp-content\\\/uploads\\\/2025\\\/05\\\/ICCC-Logo-French.svg\",\"contentUrl\":\"https:\\\/\\\/italchamber.qc.ca\\\/wp-content\\\/uploads\\\/2025\\\/05\\\/ICCC-Logo-French.svg\",\"caption\":\"ICCC\"},\"image\":{\"@id\":\"https:\\\/\\\/italchamber.qc.ca\\\/fr\\\/#\\\/schema\\\/logo\\\/image\\\/\"}}]}<\/script>\n<!-- \/ Yoast SEO plugin. -->","yoast_head_json":{"title":"S\u00e9ance de formation et d\u00e9jeuner : D\u00e9couvrez les appellations de l'\u00c9milie-Romagne - ICCC","robots":{"index":"index","follow":"follow","max-snippet":"max-snippet:-1","max-image-preview":"max-image-preview:large","max-video-preview":"max-video-preview:-1"},"canonical":"https:\/\/italchamber.qc.ca\/fr\/events\/seance-de-formation-et-dejeuner-decouvrez-les-appellations-de-lemilie-romagne\/","og_locale":"fr_FR","og_type":"article","og_title":"S\u00e9ance de formation et d\u00e9jeuner : D\u00e9couvrez les appellations de l'\u00c9milie-Romagne - ICCC","og_description":"D\u00e9couvrez les appellations de l'\u00c9milie-Romagne avec Romain Gruson, sommelier d\u2019exp\u00e9rience et professeur de sommellerie \u00e0 l\u2019ITHQ.","og_url":"https:\/\/italchamber.qc.ca\/fr\/events\/seance-de-formation-et-dejeuner-decouvrez-les-appellations-de-lemilie-romagne\/","og_site_name":"ICCC","og_image":[{"width":860,"height":315,"url":"https:\/\/italchamber.qc.ca\/wp-content\/uploads\/2024\/10\/Seance-de-formatin-ER-web.png","type":"image\/png"}],"twitter_card":"summary_large_image","schema":{"@context":"https:\/\/schema.org","@graph":[{"@type":"WebPage","@id":"https:\/\/italchamber.qc.ca\/fr\/events\/seance-de-formation-et-dejeuner-decouvrez-les-appellations-de-lemilie-romagne\/","url":"https:\/\/italchamber.qc.ca\/fr\/events\/seance-de-formation-et-dejeuner-decouvrez-les-appellations-de-lemilie-romagne\/","name":"S\u00e9ance de formation et d\u00e9jeuner : D\u00e9couvrez les appellations de l'\u00c9milie-Romagne - ICCC","isPartOf":{"@id":"https:\/\/italchamber.qc.ca\/fr\/#website"},"primaryImageOfPage":{"@id":"https:\/\/italchamber.qc.ca\/fr\/events\/seance-de-formation-et-dejeuner-decouvrez-les-appellations-de-lemilie-romagne\/#primaryimage"},"image":{"@id":"https:\/\/italchamber.qc.ca\/fr\/events\/seance-de-formation-et-dejeuner-decouvrez-les-appellations-de-lemilie-romagne\/#primaryimage"},"thumbnailUrl":"https:\/\/italchamber.qc.ca\/wp-content\/uploads\/2024\/10\/Seance-de-formatin-ER-web.png","datePublished":"2019-05-14T19:13:06+00:00","breadcrumb":{"@id":"https:\/\/italchamber.qc.ca\/fr\/events\/seance-de-formation-et-dejeuner-decouvrez-les-appellations-de-lemilie-romagne\/#breadcrumb"},"inLanguage":"fr-FR","potentialAction":[{"@type":"ReadAction","target":["https:\/\/italchamber.qc.ca\/fr\/events\/seance-de-formation-et-dejeuner-decouvrez-les-appellations-de-lemilie-romagne\/"]}]},{"@type":"ImageObject","inLanguage":"fr-FR","@id":"https:\/\/italchamber.qc.ca\/fr\/events\/seance-de-formation-et-dejeuner-decouvrez-les-appellations-de-lemilie-romagne\/#primaryimage","url":"https:\/\/italchamber.qc.ca\/wp-content\/uploads\/2024\/10\/Seance-de-formatin-ER-web.png","contentUrl":"https:\/\/italchamber.qc.ca\/wp-content\/uploads\/2024\/10\/Seance-de-formatin-ER-web.png","width":860,"height":315},{"@type":"BreadcrumbList","@id":"https:\/\/italchamber.qc.ca\/fr\/events\/seance-de-formation-et-dejeuner-decouvrez-les-appellations-de-lemilie-romagne\/#breadcrumb","itemListElement":[{"@type":"ListItem","position":1,"name":"Home","item":"https:\/\/italchamber.qc.ca\/fr\/accueil\/"},{"@type":"ListItem","position":2,"name":"Events","item":"https:\/\/italchamber.qc.ca\/fr\/events\/"},{"@type":"ListItem","position":3,"name":"S\u00e9ance de formation et d\u00e9jeuner : D\u00e9couvrez les appellations de l&#8217;\u00c9milie-Romagne"}]},{"@type":"WebSite","@id":"https:\/\/italchamber.qc.ca\/fr\/#website","url":"https:\/\/italchamber.qc.ca\/fr\/","name":"ICCC","description":"Italian Chamber of Commerce in Canada","publisher":{"@id":"https:\/\/italchamber.qc.ca\/fr\/#organization"},"potentialAction":[{"@type":"SearchAction","target":{"@type":"EntryPoint","urlTemplate":"https:\/\/italchamber.qc.ca\/fr\/?s={search_term_string}"},"query-input":{"@type":"PropertyValueSpecification","valueRequired":true,"valueName":"search_term_string"}}],"inLanguage":"fr-FR"},{"@type":"Organization","@id":"https:\/\/italchamber.qc.ca\/fr\/#organization","name":"ICCC","url":"https:\/\/italchamber.qc.ca\/fr\/","logo":{"@type":"ImageObject","inLanguage":"fr-FR","@id":"https:\/\/italchamber.qc.ca\/fr\/#\/schema\/logo\/image\/","url":"https:\/\/italchamber.qc.ca\/wp-content\/uploads\/2025\/05\/ICCC-Logo-French.svg","contentUrl":"https:\/\/italchamber.qc.ca\/wp-content\/uploads\/2025\/05\/ICCC-Logo-French.svg","caption":"ICCC"},"image":{"@id":"https:\/\/italchamber.qc.ca\/fr\/#\/schema\/logo\/image\/"}}]}},"_links":{"self":[{"href":"https:\/\/italchamber.qc.ca\/fr\/wp-json\/wp\/v2\/event\/8320","targetHints":{"allow":["GET"]}}],"collection":[{"href":"https:\/\/italchamber.qc.ca\/fr\/wp-json\/wp\/v2\/event"}],"about":[{"href":"https:\/\/italchamber.qc.ca\/fr\/wp-json\/wp\/v2\/types\/event"}],"version-history":[{"count":0,"href":"https:\/\/italchamber.qc.ca\/fr\/wp-json\/wp\/v2\/event\/8320\/revisions"}],"wp:featuredmedia":[{"embeddable":true,"href":"https:\/\/italchamber.qc.ca\/fr\/wp-json\/wp\/v2\/media\/8338"}],"wp:attachment":[{"href":"https:\/\/italchamber.qc.ca\/fr\/wp-json\/wp\/v2\/media?parent=8320"}],"wp:term":[{"taxonomy":"event_category","embeddable":true,"href":"https:\/\/italchamber.qc.ca\/fr\/wp-json\/wp\/v2\/event_category?post=8320"}],"curies":[{"name":"wp","href":"https:\/\/api.w.org\/{rel}","templated":true}]}}

Séance de formation et déjeuner : Découvrez les appellations de l&rsquo;Émilie-Romagne

<p style="text-align: center;"><strong><span style="color: #000000;">** Activité réservée pour les médias et les professionnels du secteur **</span></strong></p>
<p><span style="color: #000000;">La séance de formation sera animée par <strong>Romain Gruson</strong>, sommelier d’expérience et professeur de sommellerie à l’ITHQ, ancien président de l’Association canadienne des sommeliers professionnels au Québec (ACSP-Qc) et vice-président pour le Canada de 2013 à 2017.</span></p>
<p><span style="color: #000000;"><strong>Horaire de la journée</strong></span></p>
<p><span style="color: #000000;">10h30 à 12h00  Atelier technique pour les médias et professionnels  </span><br />
<span style="color: #000000;">12h00 à 13h30  Lunch pour les médias et professionnels</span></p>

<p>Découvrez les appellations de l&rsquo;Émilie-Romagne avec Romain Gruson, sommelier d’expérience et professeur de sommellerie à l’ITHQ.</p>

<!-- This site is optimized with the Yoast SEO plugin v27.4 - https://yoast.com/product/yoast-seo-wordpress/ -->
<title>Séance de formation et déjeuner : Découvrez les appellations de l&#039;Émilie-Romagne - ICCC</title>
<meta name="robots" content="index, follow, max-snippet:-1, max-image-preview:large, max-video-preview:-1" />
<link rel="canonical" href="https://italchamber.qc.ca/fr/events/seance-de-formation-et-dejeuner-decouvrez-les-appellations-de-lemilie-romagne/" />
<meta property="og:locale" content="fr_FR" />
<meta property="og:type" content="article" />
<meta property="og:title" content="Séance de formation et déjeuner : Découvrez les appellations de l&#039;Émilie-Romagne - ICCC" />
<meta property="og:description" content="Découvrez les appellations de l&#039;Émilie-Romagne avec Romain Gruson, sommelier d’expérience et professeur de sommellerie à l’ITHQ." />
<meta property="og:url" content="https://italchamber.qc.ca/fr/events/seance-de-formation-et-dejeuner-decouvrez-les-appellations-de-lemilie-romagne/" />
<meta property="og:site_name" content="ICCC" />
<meta property="og:image" content="https://italchamber.qc.ca/wp-content/uploads/2024/10/Seance-de-formatin-ER-web.png" />
	<meta property="og:image:width" content="860" />
	<meta property="og:image:height" content="315" />
	<meta property="og:image:type" content="image/png" />
<meta name="twitter:card" content="summary_large_image" />
<script type="application/ld+json" class="yoast-schema-graph">{"@context":"https:\/\/schema.org","@graph":[{"@type":"WebPage","@id":"https:\/\/italchamber.qc.ca\/fr\/events\/seance-de-formation-et-dejeuner-decouvrez-les-appellations-de-lemilie-romagne\/","url":"https:\/\/italchamber.qc.ca\/fr\/events\/seance-de-formation-et-dejeuner-decouvrez-les-appellations-de-lemilie-romagne\/","name":"Séance de formation et déjeuner : Découvrez les appellations de l'Émilie-Romagne - ICCC","isPartOf":{"@id":"https:\/\/italchamber.qc.ca\/fr\/#website"},"primaryImageOfPage":{"@id":"https:\/\/italchamber.qc.ca\/fr\/events\/seance-de-formation-et-dejeuner-decouvrez-les-appellations-de-lemilie-romagne\/#primaryimage"},"image":{"@id":"https:\/\/italchamber.qc.ca\/fr\/events\/seance-de-formation-et-dejeuner-decouvrez-les-appellations-de-lemilie-romagne\/#primaryimage"},"thumbnailUrl":"https:\/\/italchamber.qc.ca\/wp-content\/uploads\/2024\/10\/Seance-de-formatin-ER-web.png","datePublished":"2019-05-14T19:13:06+00:00","breadcrumb":{"@id":"https:\/\/italchamber.qc.ca\/fr\/events\/seance-de-formation-et-dejeuner-decouvrez-les-appellations-de-lemilie-romagne\/#breadcrumb"},"inLanguage":"fr-FR","potentialAction":[{"@type":"ReadAction","target":["https:\/\/italchamber.qc.ca\/fr\/events\/seance-de-formation-et-dejeuner-decouvrez-les-appellations-de-lemilie-romagne\/"]}]},{"@type":"ImageObject","inLanguage":"fr-FR","@id":"https:\/\/italchamber.qc.ca\/fr\/events\/seance-de-formation-et-dejeuner-decouvrez-les-appellations-de-lemilie-romagne\/#primaryimage","url":"https:\/\/italchamber.qc.ca\/wp-content\/uploads\/2024\/10\/Seance-de-formatin-ER-web.png","contentUrl":"https:\/\/italchamber.qc.ca\/wp-content\/uploads\/2024\/10\/Seance-de-formatin-ER-web.png","width":860,"height":315},{"@type":"BreadcrumbList","@id":"https:\/\/italchamber.qc.ca\/fr\/events\/seance-de-formation-et-dejeuner-decouvrez-les-appellations-de-lemilie-romagne\/#breadcrumb","itemListElement":[{"@type":"ListItem","position":1,"name":"Home","item":"https:\/\/italchamber.qc.ca\/fr\/accueil\/"},{"@type":"ListItem","position":2,"name":"Events","item":"https:\/\/italchamber.qc.ca\/fr\/events\/"},{"@type":"ListItem","position":3,"name":"Séance de formation et déjeuner : Découvrez les appellations de l&#8217;Émilie-Romagne"}]},{"@type":"WebSite","@id":"https:\/\/italchamber.qc.ca\/fr\/#website","url":"https:\/\/italchamber.qc.ca\/fr\/","name":"ICCC","description":"Italian Chamber of Commerce in Canada","publisher":{"@id":"https:\/\/italchamber.qc.ca\/fr\/#organization"},"potentialAction":[{"@type":"SearchAction","target":{"@type":"EntryPoint","urlTemplate":"https:\/\/italchamber.qc.ca\/fr\/?s={search_term_string}"},"query-input":{"@type":"PropertyValueSpecification","valueRequired":true,"valueName":"search_term_string"}}],"inLanguage":"fr-FR"},{"@type":"Organization","@id":"https:\/\/italchamber.qc.ca\/fr\/#organization","name":"ICCC","url":"https:\/\/italchamber.qc.ca\/fr\/","logo":{"@type":"ImageObject","inLanguage":"fr-FR","@id":"https:\/\/italchamber.qc.ca\/fr\/#\/schema\/logo\/image\/","url":"https:\/\/italchamber.qc.ca\/wp-content\/uploads\/2025\/05\/ICCC-Logo-French.svg","contentUrl":"https:\/\/italchamber.qc.ca\/wp-content\/uploads\/2025\/05\/ICCC-Logo-French.svg","caption":"ICCC"},"image":{"@id":"https:\/\/italchamber.qc.ca\/fr\/#\/schema\/logo\/image\/"}}]}</script>
<!-- / Yoast SEO plugin. -->

Séance de formation et déjeuner : Découvrez les appellations de l'Émilie-Romagne - ICCC

Découvrez les appellations de l'Émilie-Romagne avec Romain Gruson, sommelier d’expérience et professeur de sommellerie à l’ITHQ.

Séance de formation et déjeuner : Découvrez les appellations de l&#8217;Émilie-Romagne
