{"id":8248,"date":"2019-02-04T19:40:37","date_gmt":"2019-02-04T19:40:37","guid":{"rendered":"https:\/\/italchamber.qc.ca\/events\/gala-de-la-ccic-art-passion-3\/"},"modified":"2024-10-11T18:31:48","modified_gmt":"2024-10-11T18:31:48","slug":"gala-de-la-ccic-art-passion-3","status":"publish","type":"event","link":"https:\/\/italchamber.qc.ca\/fr\/events\/gala-de-la-ccic-art-passion-3\/","title":{"rendered":"Gala de la CCIC &#8211; Art &#038; Passion"},"content":{"rendered":"<p><img fetchpriority=\"high\" decoding=\"async\" class=\"aligncenter wp-image-8649 size-full\" src=\"https:\/\/italchamber.qc.ca\/wp-content\/uploads\/2024\/10\/revised-good.jpg\" alt=\"\" width=\"600\" height=\"1673\" \/><\/p>\n<p><img decoding=\"async\" class=\"aligncenter wp-image-7160\" src=\"https:\/\/italchamber.qc.ca\/wp-content\/uploads\/2024\/10\/Gala-Cause.png\" alt=\"\" width=\"600\" height=\"220\" \/><\/p>\n<p><a href=\"https:\/\/italchamber.qc.ca\/wp-content\/uploads\/2019\/02\/Programme-de-visibilit\u00e9-2019-Gala.pdf\" target=\"_blank\" rel=\"noopener noreferrer\"><img decoding=\"async\" class=\"aligncenter wp-image-6181 size-medium\" src=\"https:\/\/italchamber.qc.ca\/wp-content\/uploads\/2024\/10\/Bouton-daction-partenaire-300x175.jpg\" alt=\"\" width=\"300\" height=\"175\" \/><\/a><\/p>\n<p><em>fotografia tratta dall\u2019opera \u201cBest of Heinz Beck\u201d di Heinz Beck edita da Giunti Editore S.p.A. (2017), Firenze-Milano,\u00a0<a href=\"https:\/\/urlsand.esvalabs.com\/?u=http%3A%2F%2Fwww.giunti.it&amp;e=71b582b5&amp;h=f656031f&amp;f=y&amp;p=n\">www.giunti.it<\/a><\/em><br \/>\n<em>\u00a9 Archivio Giunti\/Studio Brambilla Serrani, Milano<\/em><\/p>\n","protected":false},"excerpt":{"rendered":"<p>Une soir\u00e9e de c\u00e9l\u00e9bration exclusive, o\u00f9 la gastronomie et la culture de l\u2019Italie sont \u00e0 l\u2019honneur.   Cette ann\u00e9e, la CCIC a le plaisir d\u2019accueillir le Chef Heinz Beck, 3 \u00e9toiles Michelin.<\/p>\n","protected":false},"featured_media":8217,"template":"","event_category":[],"class_list":["post-8248","event","type-event","status-publish","has-post-thumbnail","hentry"],"acf":[],"yoast_head":"<!-- This site is optimized with the Yoast SEO plugin v27.4 - https:\/\/yoast.com\/product\/yoast-seo-wordpress\/ -->\n<title>Gala de la CCIC - Art &amp; Passion - ICCC<\/title>\n<meta name=\"robots\" content=\"index, follow, max-snippet:-1, max-image-preview:large, max-video-preview:-1\" \/>\n<link rel=\"canonical\" href=\"https:\/\/italchamber.qc.ca\/fr\/events\/gala-de-la-ccic-art-passion-3\/\" \/>\n<meta property=\"og:locale\" content=\"fr_FR\" \/>\n<meta property=\"og:type\" content=\"article\" \/>\n<meta property=\"og:title\" content=\"Gala de la CCIC - Art &amp; Passion - ICCC\" \/>\n<meta property=\"og:description\" content=\"Une soir\u00e9e de c\u00e9l\u00e9bration exclusive, o\u00f9 la gastronomie et la culture de l\u2019Italie sont \u00e0 l\u2019honneur.  Cette ann\u00e9e, la CCIC a le plaisir d\u2019accueillir le Chef Heinz Beck, 3 \u00e9toiles Michelin.\" \/>\n<meta property=\"og:url\" content=\"https:\/\/italchamber.qc.ca\/fr\/events\/gala-de-la-ccic-art-passion-3\/\" \/>\n<meta property=\"og:site_name\" content=\"ICCC\" \/>\n<meta property=\"article:modified_time\" content=\"2024-10-11T18:31:48+00:00\" \/>\n<meta property=\"og:image\" content=\"https:\/\/italchamber.qc.ca\/wp-content\/uploads\/2024\/10\/Gala-header.jpg\" \/>\n\t<meta property=\"og:image:width\" content=\"860\" \/>\n\t<meta property=\"og:image:height\" content=\"315\" \/>\n\t<meta property=\"og:image:type\" content=\"image\/jpeg\" \/>\n<meta name=\"twitter:card\" content=\"summary_large_image\" \/>\n<script type=\"application\/ld+json\" class=\"yoast-schema-graph\">{\"@context\":\"https:\\\/\\\/schema.org\",\"@graph\":[{\"@type\":\"WebPage\",\"@id\":\"https:\\\/\\\/italchamber.qc.ca\\\/fr\\\/events\\\/gala-de-la-ccic-art-passion-3\\\/\",\"url\":\"https:\\\/\\\/italchamber.qc.ca\\\/fr\\\/events\\\/gala-de-la-ccic-art-passion-3\\\/\",\"name\":\"Gala de la CCIC - Art & Passion - ICCC\",\"isPartOf\":{\"@id\":\"https:\\\/\\\/italchamber.qc.ca\\\/fr\\\/#website\"},\"primaryImageOfPage\":{\"@id\":\"https:\\\/\\\/italchamber.qc.ca\\\/fr\\\/events\\\/gala-de-la-ccic-art-passion-3\\\/#primaryimage\"},\"image\":{\"@id\":\"https:\\\/\\\/italchamber.qc.ca\\\/fr\\\/events\\\/gala-de-la-ccic-art-passion-3\\\/#primaryimage\"},\"thumbnailUrl\":\"https:\\\/\\\/italchamber.qc.ca\\\/wp-content\\\/uploads\\\/2024\\\/10\\\/Gala-header.jpg\",\"datePublished\":\"2019-02-04T19:40:37+00:00\",\"dateModified\":\"2024-10-11T18:31:48+00:00\",\"breadcrumb\":{\"@id\":\"https:\\\/\\\/italchamber.qc.ca\\\/fr\\\/events\\\/gala-de-la-ccic-art-passion-3\\\/#breadcrumb\"},\"inLanguage\":\"fr-FR\",\"potentialAction\":[{\"@type\":\"ReadAction\",\"target\":[\"https:\\\/\\\/italchamber.qc.ca\\\/fr\\\/events\\\/gala-de-la-ccic-art-passion-3\\\/\"]}]},{\"@type\":\"ImageObject\",\"inLanguage\":\"fr-FR\",\"@id\":\"https:\\\/\\\/italchamber.qc.ca\\\/fr\\\/events\\\/gala-de-la-ccic-art-passion-3\\\/#primaryimage\",\"url\":\"https:\\\/\\\/italchamber.qc.ca\\\/wp-content\\\/uploads\\\/2024\\\/10\\\/Gala-header.jpg\",\"contentUrl\":\"https:\\\/\\\/italchamber.qc.ca\\\/wp-content\\\/uploads\\\/2024\\\/10\\\/Gala-header.jpg\",\"width\":860,\"height\":315},{\"@type\":\"BreadcrumbList\",\"@id\":\"https:\\\/\\\/italchamber.qc.ca\\\/fr\\\/events\\\/gala-de-la-ccic-art-passion-3\\\/#breadcrumb\",\"itemListElement\":[{\"@type\":\"ListItem\",\"position\":1,\"name\":\"Home\",\"item\":\"https:\\\/\\\/italchamber.qc.ca\\\/fr\\\/accueil\\\/\"},{\"@type\":\"ListItem\",\"position\":2,\"name\":\"Events\",\"item\":\"https:\\\/\\\/italchamber.qc.ca\\\/fr\\\/events\\\/\"},{\"@type\":\"ListItem\",\"position\":3,\"name\":\"Gala de la CCIC &#8211; Art &#038; Passion\"}]},{\"@type\":\"WebSite\",\"@id\":\"https:\\\/\\\/italchamber.qc.ca\\\/fr\\\/#website\",\"url\":\"https:\\\/\\\/italchamber.qc.ca\\\/fr\\\/\",\"name\":\"ICCC\",\"description\":\"Italian Chamber of Commerce in Canada\",\"publisher\":{\"@id\":\"https:\\\/\\\/italchamber.qc.ca\\\/fr\\\/#organization\"},\"potentialAction\":[{\"@type\":\"SearchAction\",\"target\":{\"@type\":\"EntryPoint\",\"urlTemplate\":\"https:\\\/\\\/italchamber.qc.ca\\\/fr\\\/?s={search_term_string}\"},\"query-input\":{\"@type\":\"PropertyValueSpecification\",\"valueRequired\":true,\"valueName\":\"search_term_string\"}}],\"inLanguage\":\"fr-FR\"},{\"@type\":\"Organization\",\"@id\":\"https:\\\/\\\/italchamber.qc.ca\\\/fr\\\/#organization\",\"name\":\"ICCC\",\"url\":\"https:\\\/\\\/italchamber.qc.ca\\\/fr\\\/\",\"logo\":{\"@type\":\"ImageObject\",\"inLanguage\":\"fr-FR\",\"@id\":\"https:\\\/\\\/italchamber.qc.ca\\\/fr\\\/#\\\/schema\\\/logo\\\/image\\\/\",\"url\":\"https:\\\/\\\/italchamber.qc.ca\\\/wp-content\\\/uploads\\\/2025\\\/05\\\/ICCC-Logo-French.svg\",\"contentUrl\":\"https:\\\/\\\/italchamber.qc.ca\\\/wp-content\\\/uploads\\\/2025\\\/05\\\/ICCC-Logo-French.svg\",\"caption\":\"ICCC\"},\"image\":{\"@id\":\"https:\\\/\\\/italchamber.qc.ca\\\/fr\\\/#\\\/schema\\\/logo\\\/image\\\/\"}}]}<\/script>\n<!-- \/ Yoast SEO plugin. -->","yoast_head_json":{"title":"Gala de la CCIC - Art & Passion - ICCC","robots":{"index":"index","follow":"follow","max-snippet":"max-snippet:-1","max-image-preview":"max-image-preview:large","max-video-preview":"max-video-preview:-1"},"canonical":"https:\/\/italchamber.qc.ca\/fr\/events\/gala-de-la-ccic-art-passion-3\/","og_locale":"fr_FR","og_type":"article","og_title":"Gala de la CCIC - Art & Passion - ICCC","og_description":"Une soir\u00e9e de c\u00e9l\u00e9bration exclusive, o\u00f9 la gastronomie et la culture de l\u2019Italie sont \u00e0 l\u2019honneur.  Cette ann\u00e9e, la CCIC a le plaisir d\u2019accueillir le Chef Heinz Beck, 3 \u00e9toiles Michelin.","og_url":"https:\/\/italchamber.qc.ca\/fr\/events\/gala-de-la-ccic-art-passion-3\/","og_site_name":"ICCC","article_modified_time":"2024-10-11T18:31:48+00:00","og_image":[{"width":860,"height":315,"url":"https:\/\/italchamber.qc.ca\/wp-content\/uploads\/2024\/10\/Gala-header.jpg","type":"image\/jpeg"}],"twitter_card":"summary_large_image","schema":{"@context":"https:\/\/schema.org","@graph":[{"@type":"WebPage","@id":"https:\/\/italchamber.qc.ca\/fr\/events\/gala-de-la-ccic-art-passion-3\/","url":"https:\/\/italchamber.qc.ca\/fr\/events\/gala-de-la-ccic-art-passion-3\/","name":"Gala de la CCIC - Art & Passion - ICCC","isPartOf":{"@id":"https:\/\/italchamber.qc.ca\/fr\/#website"},"primaryImageOfPage":{"@id":"https:\/\/italchamber.qc.ca\/fr\/events\/gala-de-la-ccic-art-passion-3\/#primaryimage"},"image":{"@id":"https:\/\/italchamber.qc.ca\/fr\/events\/gala-de-la-ccic-art-passion-3\/#primaryimage"},"thumbnailUrl":"https:\/\/italchamber.qc.ca\/wp-content\/uploads\/2024\/10\/Gala-header.jpg","datePublished":"2019-02-04T19:40:37+00:00","dateModified":"2024-10-11T18:31:48+00:00","breadcrumb":{"@id":"https:\/\/italchamber.qc.ca\/fr\/events\/gala-de-la-ccic-art-passion-3\/#breadcrumb"},"inLanguage":"fr-FR","potentialAction":[{"@type":"ReadAction","target":["https:\/\/italchamber.qc.ca\/fr\/events\/gala-de-la-ccic-art-passion-3\/"]}]},{"@type":"ImageObject","inLanguage":"fr-FR","@id":"https:\/\/italchamber.qc.ca\/fr\/events\/gala-de-la-ccic-art-passion-3\/#primaryimage","url":"https:\/\/italchamber.qc.ca\/wp-content\/uploads\/2024\/10\/Gala-header.jpg","contentUrl":"https:\/\/italchamber.qc.ca\/wp-content\/uploads\/2024\/10\/Gala-header.jpg","width":860,"height":315},{"@type":"BreadcrumbList","@id":"https:\/\/italchamber.qc.ca\/fr\/events\/gala-de-la-ccic-art-passion-3\/#breadcrumb","itemListElement":[{"@type":"ListItem","position":1,"name":"Home","item":"https:\/\/italchamber.qc.ca\/fr\/accueil\/"},{"@type":"ListItem","position":2,"name":"Events","item":"https:\/\/italchamber.qc.ca\/fr\/events\/"},{"@type":"ListItem","position":3,"name":"Gala de la CCIC &#8211; Art &#038; Passion"}]},{"@type":"WebSite","@id":"https:\/\/italchamber.qc.ca\/fr\/#website","url":"https:\/\/italchamber.qc.ca\/fr\/","name":"ICCC","description":"Italian Chamber of Commerce in Canada","publisher":{"@id":"https:\/\/italchamber.qc.ca\/fr\/#organization"},"potentialAction":[{"@type":"SearchAction","target":{"@type":"EntryPoint","urlTemplate":"https:\/\/italchamber.qc.ca\/fr\/?s={search_term_string}"},"query-input":{"@type":"PropertyValueSpecification","valueRequired":true,"valueName":"search_term_string"}}],"inLanguage":"fr-FR"},{"@type":"Organization","@id":"https:\/\/italchamber.qc.ca\/fr\/#organization","name":"ICCC","url":"https:\/\/italchamber.qc.ca\/fr\/","logo":{"@type":"ImageObject","inLanguage":"fr-FR","@id":"https:\/\/italchamber.qc.ca\/fr\/#\/schema\/logo\/image\/","url":"https:\/\/italchamber.qc.ca\/wp-content\/uploads\/2025\/05\/ICCC-Logo-French.svg","contentUrl":"https:\/\/italchamber.qc.ca\/wp-content\/uploads\/2025\/05\/ICCC-Logo-French.svg","caption":"ICCC"},"image":{"@id":"https:\/\/italchamber.qc.ca\/fr\/#\/schema\/logo\/image\/"}}]}},"_links":{"self":[{"href":"https:\/\/italchamber.qc.ca\/fr\/wp-json\/wp\/v2\/event\/8248","targetHints":{"allow":["GET"]}}],"collection":[{"href":"https:\/\/italchamber.qc.ca\/fr\/wp-json\/wp\/v2\/event"}],"about":[{"href":"https:\/\/italchamber.qc.ca\/fr\/wp-json\/wp\/v2\/types\/event"}],"version-history":[{"count":0,"href":"https:\/\/italchamber.qc.ca\/fr\/wp-json\/wp\/v2\/event\/8248\/revisions"}],"wp:featuredmedia":[{"embeddable":true,"href":"https:\/\/italchamber.qc.ca\/fr\/wp-json\/wp\/v2\/media\/8217"}],"wp:attachment":[{"href":"https:\/\/italchamber.qc.ca\/fr\/wp-json\/wp\/v2\/media?parent=8248"}],"wp:term":[{"taxonomy":"event_category","embeddable":true,"href":"https:\/\/italchamber.qc.ca\/fr\/wp-json\/wp\/v2\/event_category?post=8248"}],"curies":[{"name":"wp","href":"https:\/\/api.w.org\/{rel}","templated":true}]}}

<p><img fetchpriority="high" decoding="async" class="aligncenter wp-image-8649 size-full" src="https://italchamber.qc.ca/wp-content/uploads/2024/10/revised-good.jpg" alt="" width="600" height="1673" /></p>
<p><img decoding="async" class="aligncenter wp-image-7160" src="https://italchamber.qc.ca/wp-content/uploads/2024/10/Gala-Cause.png" alt="" width="600" height="220" /></p>
<p><a href="https://italchamber.qc.ca/wp-content/uploads/2019/02/Programme-de-visibilité-2019-Gala.pdf" target="_blank" rel="noopener noreferrer"><img decoding="async" class="aligncenter wp-image-6181 size-medium" src="https://italchamber.qc.ca/wp-content/uploads/2024/10/Bouton-daction-partenaire-300x175.jpg" alt="" width="300" height="175" /></a></p>
<p><em>fotografia tratta dall’opera “Best of Heinz Beck” di Heinz Beck edita da Giunti Editore S.p.A. (2017), Firenze-Milano, <a href="https://urlsand.esvalabs.com/?u=http%3A%2F%2Fwww.giunti.it&amp;e=71b582b5&amp;h=f656031f&amp;f=y&amp;p=n">www.giunti.it</a></em><br />
<em>© Archivio Giunti/Studio Brambilla Serrani, Milano</em></p>

<p>Une soirée de célébration exclusive, où la gastronomie et la culture de l’Italie sont à l’honneur.   Cette année, la CCIC a le plaisir d’accueillir le Chef Heinz Beck, 3 étoiles Michelin.</p>

<!-- This site is optimized with the Yoast SEO plugin v27.4 - https://yoast.com/product/yoast-seo-wordpress/ -->
<title>Gala de la CCIC - Art &amp; Passion - ICCC</title>
<meta name="robots" content="index, follow, max-snippet:-1, max-image-preview:large, max-video-preview:-1" />
<link rel="canonical" href="https://italchamber.qc.ca/fr/events/gala-de-la-ccic-art-passion-3/" />
<meta property="og:locale" content="fr_FR" />
<meta property="og:type" content="article" />
<meta property="og:title" content="Gala de la CCIC - Art &amp; Passion - ICCC" />
<meta property="og:description" content="Une soirée de célébration exclusive, où la gastronomie et la culture de l’Italie sont à l’honneur.  Cette année, la CCIC a le plaisir d’accueillir le Chef Heinz Beck, 3 étoiles Michelin." />
<meta property="og:url" content="https://italchamber.qc.ca/fr/events/gala-de-la-ccic-art-passion-3/" />
<meta property="og:site_name" content="ICCC" />
<meta property="article:modified_time" content="2024-10-11T18:31:48+00:00" />
<meta property="og:image" content="https://italchamber.qc.ca/wp-content/uploads/2024/10/Gala-header.jpg" />
	<meta property="og:image:width" content="860" />
	<meta property="og:image:height" content="315" />
	<meta property="og:image:type" content="image/jpeg" />
<meta name="twitter:card" content="summary_large_image" />
<script type="application/ld+json" class="yoast-schema-graph">{"@context":"https:\/\/schema.org","@graph":[{"@type":"WebPage","@id":"https:\/\/italchamber.qc.ca\/fr\/events\/gala-de-la-ccic-art-passion-3\/","url":"https:\/\/italchamber.qc.ca\/fr\/events\/gala-de-la-ccic-art-passion-3\/","name":"Gala de la CCIC - Art & Passion - ICCC","isPartOf":{"@id":"https:\/\/italchamber.qc.ca\/fr\/#website"},"primaryImageOfPage":{"@id":"https:\/\/italchamber.qc.ca\/fr\/events\/gala-de-la-ccic-art-passion-3\/#primaryimage"},"image":{"@id":"https:\/\/italchamber.qc.ca\/fr\/events\/gala-de-la-ccic-art-passion-3\/#primaryimage"},"thumbnailUrl":"https:\/\/italchamber.qc.ca\/wp-content\/uploads\/2024\/10\/Gala-header.jpg","datePublished":"2019-02-04T19:40:37+00:00","dateModified":"2024-10-11T18:31:48+00:00","breadcrumb":{"@id":"https:\/\/italchamber.qc.ca\/fr\/events\/gala-de-la-ccic-art-passion-3\/#breadcrumb"},"inLanguage":"fr-FR","potentialAction":[{"@type":"ReadAction","target":["https:\/\/italchamber.qc.ca\/fr\/events\/gala-de-la-ccic-art-passion-3\/"]}]},{"@type":"ImageObject","inLanguage":"fr-FR","@id":"https:\/\/italchamber.qc.ca\/fr\/events\/gala-de-la-ccic-art-passion-3\/#primaryimage","url":"https:\/\/italchamber.qc.ca\/wp-content\/uploads\/2024\/10\/Gala-header.jpg","contentUrl":"https:\/\/italchamber.qc.ca\/wp-content\/uploads\/2024\/10\/Gala-header.jpg","width":860,"height":315},{"@type":"BreadcrumbList","@id":"https:\/\/italchamber.qc.ca\/fr\/events\/gala-de-la-ccic-art-passion-3\/#breadcrumb","itemListElement":[{"@type":"ListItem","position":1,"name":"Home","item":"https:\/\/italchamber.qc.ca\/fr\/accueil\/"},{"@type":"ListItem","position":2,"name":"Events","item":"https:\/\/italchamber.qc.ca\/fr\/events\/"},{"@type":"ListItem","position":3,"name":"Gala de la CCIC &#8211; Art &#038; Passion"}]},{"@type":"WebSite","@id":"https:\/\/italchamber.qc.ca\/fr\/#website","url":"https:\/\/italchamber.qc.ca\/fr\/","name":"ICCC","description":"Italian Chamber of Commerce in Canada","publisher":{"@id":"https:\/\/italchamber.qc.ca\/fr\/#organization"},"potentialAction":[{"@type":"SearchAction","target":{"@type":"EntryPoint","urlTemplate":"https:\/\/italchamber.qc.ca\/fr\/?s={search_term_string}"},"query-input":{"@type":"PropertyValueSpecification","valueRequired":true,"valueName":"search_term_string"}}],"inLanguage":"fr-FR"},{"@type":"Organization","@id":"https:\/\/italchamber.qc.ca\/fr\/#organization","name":"ICCC","url":"https:\/\/italchamber.qc.ca\/fr\/","logo":{"@type":"ImageObject","inLanguage":"fr-FR","@id":"https:\/\/italchamber.qc.ca\/fr\/#\/schema\/logo\/image\/","url":"https:\/\/italchamber.qc.ca\/wp-content\/uploads\/2025\/05\/ICCC-Logo-French.svg","contentUrl":"https:\/\/italchamber.qc.ca\/wp-content\/uploads\/2025\/05\/ICCC-Logo-French.svg","caption":"ICCC"},"image":{"@id":"https:\/\/italchamber.qc.ca\/fr\/#\/schema\/logo\/image\/"}}]}</script>
<!-- / Yoast SEO plugin. -->

Une soirée de célébration exclusive, où la gastronomie et la culture de l’Italie sont à l’honneur.  Cette année, la CCIC a le plaisir d’accueillir le Chef Heinz Beck, 3 étoiles Michelin.
