{"id":7823,"date":"2018-11-15T15:19:59","date_gmt":"2018-11-15T15:19:59","guid":{"rendered":"https:\/\/italchamber.qc.ca\/events\/mini-salon-prosecco-doc-pour-les-agences-de-vin\/"},"modified":"2018-11-15T15:19:59","modified_gmt":"2018-11-15T15:19:59","slug":"mini-salon-prosecco-doc-pour-les-agences-de-vin","status":"publish","type":"event","link":"https:\/\/italchamber.qc.ca\/fr\/events\/mini-salon-prosecco-doc-pour-les-agences-de-vin\/","title":{"rendered":"Mini- salon Prosecco DOC &#8211; pour les agences de vin"},"content":{"rendered":"<p><span style=\"color: #000000;\">Les agences de vin sont invit\u00e9s \u00e0 venir rencontrer des producteurs de Prosecco DOC, qui ne sont pas encore pr\u00e9sents sur la march\u00e9:<\/span><\/p>\n<ul>\n<li><a href=\"http:\/\/www.aziendacasere.com\" target=\"_blank\" rel=\"noopener\">Casere<\/a><\/li>\n<li><a href=\"http:\/\/www.lagioiosa.it\" target=\"_blank\" rel=\"noopener\">La\u00a0Gioiosa\u00a0et\u00a0Amorosa\u00a0<\/a><\/li>\n<li><a href=\"http:\/\/www.masot.it\" target=\"_blank\" rel=\"noopener\">Masot\u00a0<\/a><\/li>\n<\/ul>\n<p><span style=\"color: #a92c5c;\">Heure:<\/span> <span style=\"color: #000000;\">10h00\u00a0\u00e0\u00a012h30\u00a0et\u00a0de\u00a013h30\u00a0\u00e0\u00a017h00<\/span><br \/>\n<span style=\"color: #a92c5c;\">Lieu:<\/span>\u00a0\u00a0\u00a0\u00a0\u00a0<span style=\"color: #000000;\">Marriott\u00a0Ch\u00e2teau\u00a0Champlain\u00a0<\/span><br \/>\n<span style=\"color: #000000;\">Salle\u00a0Maisonneuve\u00a0BC<\/span><\/p>\n<p><span style=\"color: #a92c5c;\">RSVP obligatoire<\/span>:<br \/>\n<span style=\"color: #000000;\">Inga Lavall\u00e9e : 514-844-4249 #228 ou\u00a0 <a href=\"mailto:lavallee.montreal@italchamber.qc.ca\">lavallee.montreal@italchamber.qc.ca\u00a0<\/a><\/span><\/p>\n","protected":false},"excerpt":{"rendered":"<p>Les agences de vin sont invit\u00e9s \u00e0 venir rencontrer des producteurs de Prosecco DOC, qui ne sont pas encore pr\u00e9sents sur la march\u00e9: Casere La\u00a0Gioiosa\u00a0et\u00a0Amorosa\u00a0 Masot\u00a0 Heure: 10h00\u00a0\u00e0\u00a012h30\u00a0et\u00a0de\u00a013h30\u00a0\u00e0\u00a017h00 Lieu:\u00a0\u00a0\u00a0\u00a0\u00a0Marriott\u00a0Ch\u00e2teau\u00a0Champlain\u00a0 Salle\u00a0Maisonneuve\u00a0BC RSVP obligatoire: Inga Lavall\u00e9e : 514-844-4249 #228 ou\u00a0 lavallee.montreal@italchamber.qc.ca\u00a0<\/p>\n","protected":false},"featured_media":7804,"template":"","event_category":[],"class_list":["post-7823","event","type-event","status-publish","has-post-thumbnail","hentry"],"acf":[],"yoast_head":"<!-- This site is optimized with the Yoast SEO plugin v27.4 - https:\/\/yoast.com\/product\/yoast-seo-wordpress\/ -->\n<title>Mini- salon Prosecco DOC - pour les agences de vin - ICCC<\/title>\n<meta name=\"robots\" content=\"index, follow, max-snippet:-1, max-image-preview:large, max-video-preview:-1\" \/>\n<link rel=\"canonical\" href=\"https:\/\/italchamber.qc.ca\/fr\/events\/mini-salon-prosecco-doc-pour-les-agences-de-vin\/\" \/>\n<meta property=\"og:locale\" content=\"fr_FR\" \/>\n<meta property=\"og:type\" content=\"article\" \/>\n<meta property=\"og:title\" content=\"Mini- salon Prosecco DOC - pour les agences de vin - ICCC\" \/>\n<meta property=\"og:description\" content=\"Les agences de vin sont invit\u00e9s \u00e0 venir rencontrer des producteurs de Prosecco DOC, qui ne sont pas encore pr\u00e9sents sur la march\u00e9: Casere La\u00a0Gioiosa\u00a0et\u00a0Amorosa\u00a0 Masot\u00a0 Heure: 10h00\u00a0\u00e0\u00a012h30\u00a0et\u00a0de\u00a013h30\u00a0\u00e0\u00a017h00 Lieu:\u00a0\u00a0\u00a0\u00a0\u00a0Marriott\u00a0Ch\u00e2teau\u00a0Champlain\u00a0 Salle\u00a0Maisonneuve\u00a0BC RSVP obligatoire: Inga Lavall\u00e9e : 514-844-4249 #228 ou\u00a0 lavallee.montreal@italchamber.qc.ca\u00a0\" \/>\n<meta property=\"og:url\" content=\"https:\/\/italchamber.qc.ca\/fr\/events\/mini-salon-prosecco-doc-pour-les-agences-de-vin\/\" \/>\n<meta property=\"og:site_name\" content=\"ICCC\" \/>\n<meta property=\"og:image\" content=\"https:\/\/italchamber.qc.ca\/wp-content\/uploads\/2024\/10\/VVI-Roadshow-web.png\" \/>\n\t<meta property=\"og:image:width\" content=\"860\" \/>\n\t<meta property=\"og:image:height\" content=\"315\" \/>\n\t<meta property=\"og:image:type\" content=\"image\/png\" \/>\n<meta name=\"twitter:card\" content=\"summary_large_image\" \/>\n<script type=\"application\/ld+json\" class=\"yoast-schema-graph\">{\"@context\":\"https:\\\/\\\/schema.org\",\"@graph\":[{\"@type\":\"WebPage\",\"@id\":\"https:\\\/\\\/italchamber.qc.ca\\\/fr\\\/events\\\/mini-salon-prosecco-doc-pour-les-agences-de-vin\\\/\",\"url\":\"https:\\\/\\\/italchamber.qc.ca\\\/fr\\\/events\\\/mini-salon-prosecco-doc-pour-les-agences-de-vin\\\/\",\"name\":\"Mini- salon Prosecco DOC - pour les agences de vin - ICCC\",\"isPartOf\":{\"@id\":\"https:\\\/\\\/italchamber.qc.ca\\\/fr\\\/#website\"},\"primaryImageOfPage\":{\"@id\":\"https:\\\/\\\/italchamber.qc.ca\\\/fr\\\/events\\\/mini-salon-prosecco-doc-pour-les-agences-de-vin\\\/#primaryimage\"},\"image\":{\"@id\":\"https:\\\/\\\/italchamber.qc.ca\\\/fr\\\/events\\\/mini-salon-prosecco-doc-pour-les-agences-de-vin\\\/#primaryimage\"},\"thumbnailUrl\":\"https:\\\/\\\/italchamber.qc.ca\\\/wp-content\\\/uploads\\\/2024\\\/10\\\/VVI-Roadshow-web.png\",\"datePublished\":\"2018-11-15T15:19:59+00:00\",\"breadcrumb\":{\"@id\":\"https:\\\/\\\/italchamber.qc.ca\\\/fr\\\/events\\\/mini-salon-prosecco-doc-pour-les-agences-de-vin\\\/#breadcrumb\"},\"inLanguage\":\"fr-FR\",\"potentialAction\":[{\"@type\":\"ReadAction\",\"target\":[\"https:\\\/\\\/italchamber.qc.ca\\\/fr\\\/events\\\/mini-salon-prosecco-doc-pour-les-agences-de-vin\\\/\"]}]},{\"@type\":\"ImageObject\",\"inLanguage\":\"fr-FR\",\"@id\":\"https:\\\/\\\/italchamber.qc.ca\\\/fr\\\/events\\\/mini-salon-prosecco-doc-pour-les-agences-de-vin\\\/#primaryimage\",\"url\":\"https:\\\/\\\/italchamber.qc.ca\\\/wp-content\\\/uploads\\\/2024\\\/10\\\/VVI-Roadshow-web.png\",\"contentUrl\":\"https:\\\/\\\/italchamber.qc.ca\\\/wp-content\\\/uploads\\\/2024\\\/10\\\/VVI-Roadshow-web.png\",\"width\":860,\"height\":315},{\"@type\":\"BreadcrumbList\",\"@id\":\"https:\\\/\\\/italchamber.qc.ca\\\/fr\\\/events\\\/mini-salon-prosecco-doc-pour-les-agences-de-vin\\\/#breadcrumb\",\"itemListElement\":[{\"@type\":\"ListItem\",\"position\":1,\"name\":\"Home\",\"item\":\"https:\\\/\\\/italchamber.qc.ca\\\/fr\\\/accueil\\\/\"},{\"@type\":\"ListItem\",\"position\":2,\"name\":\"Events\",\"item\":\"https:\\\/\\\/italchamber.qc.ca\\\/fr\\\/events\\\/\"},{\"@type\":\"ListItem\",\"position\":3,\"name\":\"Mini- salon Prosecco DOC &#8211; pour les agences de vin\"}]},{\"@type\":\"WebSite\",\"@id\":\"https:\\\/\\\/italchamber.qc.ca\\\/fr\\\/#website\",\"url\":\"https:\\\/\\\/italchamber.qc.ca\\\/fr\\\/\",\"name\":\"ICCC\",\"description\":\"Italian Chamber of Commerce in Canada\",\"publisher\":{\"@id\":\"https:\\\/\\\/italchamber.qc.ca\\\/fr\\\/#organization\"},\"potentialAction\":[{\"@type\":\"SearchAction\",\"target\":{\"@type\":\"EntryPoint\",\"urlTemplate\":\"https:\\\/\\\/italchamber.qc.ca\\\/fr\\\/?s={search_term_string}\"},\"query-input\":{\"@type\":\"PropertyValueSpecification\",\"valueRequired\":true,\"valueName\":\"search_term_string\"}}],\"inLanguage\":\"fr-FR\"},{\"@type\":\"Organization\",\"@id\":\"https:\\\/\\\/italchamber.qc.ca\\\/fr\\\/#organization\",\"name\":\"ICCC\",\"url\":\"https:\\\/\\\/italchamber.qc.ca\\\/fr\\\/\",\"logo\":{\"@type\":\"ImageObject\",\"inLanguage\":\"fr-FR\",\"@id\":\"https:\\\/\\\/italchamber.qc.ca\\\/fr\\\/#\\\/schema\\\/logo\\\/image\\\/\",\"url\":\"https:\\\/\\\/italchamber.qc.ca\\\/wp-content\\\/uploads\\\/2025\\\/05\\\/ICCC-Logo-French.svg\",\"contentUrl\":\"https:\\\/\\\/italchamber.qc.ca\\\/wp-content\\\/uploads\\\/2025\\\/05\\\/ICCC-Logo-French.svg\",\"caption\":\"ICCC\"},\"image\":{\"@id\":\"https:\\\/\\\/italchamber.qc.ca\\\/fr\\\/#\\\/schema\\\/logo\\\/image\\\/\"}}]}<\/script>\n<!-- \/ Yoast SEO plugin. -->","yoast_head_json":{"title":"Mini- salon Prosecco DOC - pour les agences de vin - ICCC","robots":{"index":"index","follow":"follow","max-snippet":"max-snippet:-1","max-image-preview":"max-image-preview:large","max-video-preview":"max-video-preview:-1"},"canonical":"https:\/\/italchamber.qc.ca\/fr\/events\/mini-salon-prosecco-doc-pour-les-agences-de-vin\/","og_locale":"fr_FR","og_type":"article","og_title":"Mini- salon Prosecco DOC - pour les agences de vin - ICCC","og_description":"Les agences de vin sont invit\u00e9s \u00e0 venir rencontrer des producteurs de Prosecco DOC, qui ne sont pas encore pr\u00e9sents sur la march\u00e9: Casere La\u00a0Gioiosa\u00a0et\u00a0Amorosa\u00a0 Masot\u00a0 Heure: 10h00\u00a0\u00e0\u00a012h30\u00a0et\u00a0de\u00a013h30\u00a0\u00e0\u00a017h00 Lieu:\u00a0\u00a0\u00a0\u00a0\u00a0Marriott\u00a0Ch\u00e2teau\u00a0Champlain\u00a0 Salle\u00a0Maisonneuve\u00a0BC RSVP obligatoire: Inga Lavall\u00e9e : 514-844-4249 #228 ou\u00a0 lavallee.montreal@italchamber.qc.ca\u00a0","og_url":"https:\/\/italchamber.qc.ca\/fr\/events\/mini-salon-prosecco-doc-pour-les-agences-de-vin\/","og_site_name":"ICCC","og_image":[{"width":860,"height":315,"url":"https:\/\/italchamber.qc.ca\/wp-content\/uploads\/2024\/10\/VVI-Roadshow-web.png","type":"image\/png"}],"twitter_card":"summary_large_image","schema":{"@context":"https:\/\/schema.org","@graph":[{"@type":"WebPage","@id":"https:\/\/italchamber.qc.ca\/fr\/events\/mini-salon-prosecco-doc-pour-les-agences-de-vin\/","url":"https:\/\/italchamber.qc.ca\/fr\/events\/mini-salon-prosecco-doc-pour-les-agences-de-vin\/","name":"Mini- salon Prosecco DOC - pour les agences de vin - ICCC","isPartOf":{"@id":"https:\/\/italchamber.qc.ca\/fr\/#website"},"primaryImageOfPage":{"@id":"https:\/\/italchamber.qc.ca\/fr\/events\/mini-salon-prosecco-doc-pour-les-agences-de-vin\/#primaryimage"},"image":{"@id":"https:\/\/italchamber.qc.ca\/fr\/events\/mini-salon-prosecco-doc-pour-les-agences-de-vin\/#primaryimage"},"thumbnailUrl":"https:\/\/italchamber.qc.ca\/wp-content\/uploads\/2024\/10\/VVI-Roadshow-web.png","datePublished":"2018-11-15T15:19:59+00:00","breadcrumb":{"@id":"https:\/\/italchamber.qc.ca\/fr\/events\/mini-salon-prosecco-doc-pour-les-agences-de-vin\/#breadcrumb"},"inLanguage":"fr-FR","potentialAction":[{"@type":"ReadAction","target":["https:\/\/italchamber.qc.ca\/fr\/events\/mini-salon-prosecco-doc-pour-les-agences-de-vin\/"]}]},{"@type":"ImageObject","inLanguage":"fr-FR","@id":"https:\/\/italchamber.qc.ca\/fr\/events\/mini-salon-prosecco-doc-pour-les-agences-de-vin\/#primaryimage","url":"https:\/\/italchamber.qc.ca\/wp-content\/uploads\/2024\/10\/VVI-Roadshow-web.png","contentUrl":"https:\/\/italchamber.qc.ca\/wp-content\/uploads\/2024\/10\/VVI-Roadshow-web.png","width":860,"height":315},{"@type":"BreadcrumbList","@id":"https:\/\/italchamber.qc.ca\/fr\/events\/mini-salon-prosecco-doc-pour-les-agences-de-vin\/#breadcrumb","itemListElement":[{"@type":"ListItem","position":1,"name":"Home","item":"https:\/\/italchamber.qc.ca\/fr\/accueil\/"},{"@type":"ListItem","position":2,"name":"Events","item":"https:\/\/italchamber.qc.ca\/fr\/events\/"},{"@type":"ListItem","position":3,"name":"Mini- salon Prosecco DOC &#8211; pour les agences de vin"}]},{"@type":"WebSite","@id":"https:\/\/italchamber.qc.ca\/fr\/#website","url":"https:\/\/italchamber.qc.ca\/fr\/","name":"ICCC","description":"Italian Chamber of Commerce in Canada","publisher":{"@id":"https:\/\/italchamber.qc.ca\/fr\/#organization"},"potentialAction":[{"@type":"SearchAction","target":{"@type":"EntryPoint","urlTemplate":"https:\/\/italchamber.qc.ca\/fr\/?s={search_term_string}"},"query-input":{"@type":"PropertyValueSpecification","valueRequired":true,"valueName":"search_term_string"}}],"inLanguage":"fr-FR"},{"@type":"Organization","@id":"https:\/\/italchamber.qc.ca\/fr\/#organization","name":"ICCC","url":"https:\/\/italchamber.qc.ca\/fr\/","logo":{"@type":"ImageObject","inLanguage":"fr-FR","@id":"https:\/\/italchamber.qc.ca\/fr\/#\/schema\/logo\/image\/","url":"https:\/\/italchamber.qc.ca\/wp-content\/uploads\/2025\/05\/ICCC-Logo-French.svg","contentUrl":"https:\/\/italchamber.qc.ca\/wp-content\/uploads\/2025\/05\/ICCC-Logo-French.svg","caption":"ICCC"},"image":{"@id":"https:\/\/italchamber.qc.ca\/fr\/#\/schema\/logo\/image\/"}}]}},"_links":{"self":[{"href":"https:\/\/italchamber.qc.ca\/fr\/wp-json\/wp\/v2\/event\/7823","targetHints":{"allow":["GET"]}}],"collection":[{"href":"https:\/\/italchamber.qc.ca\/fr\/wp-json\/wp\/v2\/event"}],"about":[{"href":"https:\/\/italchamber.qc.ca\/fr\/wp-json\/wp\/v2\/types\/event"}],"version-history":[{"count":0,"href":"https:\/\/italchamber.qc.ca\/fr\/wp-json\/wp\/v2\/event\/7823\/revisions"}],"wp:featuredmedia":[{"embeddable":true,"href":"https:\/\/italchamber.qc.ca\/fr\/wp-json\/wp\/v2\/media\/7804"}],"wp:attachment":[{"href":"https:\/\/italchamber.qc.ca\/fr\/wp-json\/wp\/v2\/media?parent=7823"}],"wp:term":[{"taxonomy":"event_category","embeddable":true,"href":"https:\/\/italchamber.qc.ca\/fr\/wp-json\/wp\/v2\/event_category?post=7823"}],"curies":[{"name":"wp","href":"https:\/\/api.w.org\/{rel}","templated":true}]}}

<p><span style="color: #000000;">Les agences de vin sont invités à venir rencontrer des producteurs de Prosecco DOC, qui ne sont pas encore présents sur la marché:</span></p>
<ul>
<li><a href="http://www.aziendacasere.com" target="_blank" rel="noopener">Casere</a></li>
<li><a href="http://www.lagioiosa.it" target="_blank" rel="noopener">La Gioiosa et Amorosa </a></li>
<li><a href="http://www.masot.it" target="_blank" rel="noopener">Masot </a></li>
</ul>
<p><span style="color: #a92c5c;">Heure:</span> <span style="color: #000000;">10h00 à 12h30 et de 13h30 à 17h00</span><br />
<span style="color: #a92c5c;">Lieu:</span>     <span style="color: #000000;">Marriott Château Champlain </span><br />
<span style="color: #000000;">Salle Maisonneuve BC</span></p>
<p><span style="color: #a92c5c;">RSVP obligatoire</span>:<br />
<span style="color: #000000;">Inga Lavallée : 514-844-4249 #228 ou  <a href="mailto:lavallee.montreal@italchamber.qc.ca">lavallee.montreal@italchamber.qc.ca </a></span></p>

<p>Les agences de vin sont invités à venir rencontrer des producteurs de Prosecco DOC, qui ne sont pas encore présents sur la marché: Casere La Gioiosa et Amorosa  Masot  Heure: 10h00 à 12h30 et de 13h30 à 17h00 Lieu:     Marriott Château Champlain  Salle Maisonneuve BC RSVP obligatoire: Inga Lavallée : 514-844-4249 #228 ou  lavallee.montreal@italchamber.qc.ca </p>

<!-- This site is optimized with the Yoast SEO plugin v27.4 - https://yoast.com/product/yoast-seo-wordpress/ -->
<title>Mini- salon Prosecco DOC - pour les agences de vin - ICCC</title>
<meta name="robots" content="index, follow, max-snippet:-1, max-image-preview:large, max-video-preview:-1" />
<link rel="canonical" href="https://italchamber.qc.ca/fr/events/mini-salon-prosecco-doc-pour-les-agences-de-vin/" />
<meta property="og:locale" content="fr_FR" />
<meta property="og:type" content="article" />
<meta property="og:title" content="Mini- salon Prosecco DOC - pour les agences de vin - ICCC" />
<meta property="og:description" content="Les agences de vin sont invités à venir rencontrer des producteurs de Prosecco DOC, qui ne sont pas encore présents sur la marché: Casere La Gioiosa et Amorosa  Masot  Heure: 10h00 à 12h30 et de 13h30 à 17h00 Lieu:     Marriott Château Champlain  Salle Maisonneuve BC RSVP obligatoire: Inga Lavallée : 514-844-4249 #228 ou  lavallee.montreal@italchamber.qc.ca " />
<meta property="og:url" content="https://italchamber.qc.ca/fr/events/mini-salon-prosecco-doc-pour-les-agences-de-vin/" />
<meta property="og:site_name" content="ICCC" />
<meta property="og:image" content="https://italchamber.qc.ca/wp-content/uploads/2024/10/VVI-Roadshow-web.png" />
	<meta property="og:image:width" content="860" />
	<meta property="og:image:height" content="315" />
	<meta property="og:image:type" content="image/png" />
<meta name="twitter:card" content="summary_large_image" />
<script type="application/ld+json" class="yoast-schema-graph">{"@context":"https:\/\/schema.org","@graph":[{"@type":"WebPage","@id":"https:\/\/italchamber.qc.ca\/fr\/events\/mini-salon-prosecco-doc-pour-les-agences-de-vin\/","url":"https:\/\/italchamber.qc.ca\/fr\/events\/mini-salon-prosecco-doc-pour-les-agences-de-vin\/","name":"Mini- salon Prosecco DOC - pour les agences de vin - ICCC","isPartOf":{"@id":"https:\/\/italchamber.qc.ca\/fr\/#website"},"primaryImageOfPage":{"@id":"https:\/\/italchamber.qc.ca\/fr\/events\/mini-salon-prosecco-doc-pour-les-agences-de-vin\/#primaryimage"},"image":{"@id":"https:\/\/italchamber.qc.ca\/fr\/events\/mini-salon-prosecco-doc-pour-les-agences-de-vin\/#primaryimage"},"thumbnailUrl":"https:\/\/italchamber.qc.ca\/wp-content\/uploads\/2024\/10\/VVI-Roadshow-web.png","datePublished":"2018-11-15T15:19:59+00:00","breadcrumb":{"@id":"https:\/\/italchamber.qc.ca\/fr\/events\/mini-salon-prosecco-doc-pour-les-agences-de-vin\/#breadcrumb"},"inLanguage":"fr-FR","potentialAction":[{"@type":"ReadAction","target":["https:\/\/italchamber.qc.ca\/fr\/events\/mini-salon-prosecco-doc-pour-les-agences-de-vin\/"]}]},{"@type":"ImageObject","inLanguage":"fr-FR","@id":"https:\/\/italchamber.qc.ca\/fr\/events\/mini-salon-prosecco-doc-pour-les-agences-de-vin\/#primaryimage","url":"https:\/\/italchamber.qc.ca\/wp-content\/uploads\/2024\/10\/VVI-Roadshow-web.png","contentUrl":"https:\/\/italchamber.qc.ca\/wp-content\/uploads\/2024\/10\/VVI-Roadshow-web.png","width":860,"height":315},{"@type":"BreadcrumbList","@id":"https:\/\/italchamber.qc.ca\/fr\/events\/mini-salon-prosecco-doc-pour-les-agences-de-vin\/#breadcrumb","itemListElement":[{"@type":"ListItem","position":1,"name":"Home","item":"https:\/\/italchamber.qc.ca\/fr\/accueil\/"},{"@type":"ListItem","position":2,"name":"Events","item":"https:\/\/italchamber.qc.ca\/fr\/events\/"},{"@type":"ListItem","position":3,"name":"Mini- salon Prosecco DOC &#8211; pour les agences de vin"}]},{"@type":"WebSite","@id":"https:\/\/italchamber.qc.ca\/fr\/#website","url":"https:\/\/italchamber.qc.ca\/fr\/","name":"ICCC","description":"Italian Chamber of Commerce in Canada","publisher":{"@id":"https:\/\/italchamber.qc.ca\/fr\/#organization"},"potentialAction":[{"@type":"SearchAction","target":{"@type":"EntryPoint","urlTemplate":"https:\/\/italchamber.qc.ca\/fr\/?s={search_term_string}"},"query-input":{"@type":"PropertyValueSpecification","valueRequired":true,"valueName":"search_term_string"}}],"inLanguage":"fr-FR"},{"@type":"Organization","@id":"https:\/\/italchamber.qc.ca\/fr\/#organization","name":"ICCC","url":"https:\/\/italchamber.qc.ca\/fr\/","logo":{"@type":"ImageObject","inLanguage":"fr-FR","@id":"https:\/\/italchamber.qc.ca\/fr\/#\/schema\/logo\/image\/","url":"https:\/\/italchamber.qc.ca\/wp-content\/uploads\/2025\/05\/ICCC-Logo-French.svg","contentUrl":"https:\/\/italchamber.qc.ca\/wp-content\/uploads\/2025\/05\/ICCC-Logo-French.svg","caption":"ICCC"},"image":{"@id":"https:\/\/italchamber.qc.ca\/fr\/#\/schema\/logo\/image\/"}}]}</script>
<!-- / Yoast SEO plugin. -->

Les agences de vin sont invités à venir rencontrer des producteurs de Prosecco DOC, qui ne sont pas encore présents sur la marché: Casere La Gioiosa et Amorosa  Masot  Heure: 10h00 à 12h30 et de 13h30 à 17h00 Lieu:     Marriott Château Champlain  Salle Maisonneuve BC RSVP obligatoire: Inga Lavallée : 514-844-4249 #228 ou  lavallee.montreal@italchamber.qc.ca
