{"version":"1.0","provider_name":"ICCC","provider_url":"https:\/\/italchamber.qc.ca\/fr\/","author_name":"ICCC","author_url":"https:\/\/italchamber.qc.ca\/fr\/","title":"Serge Marchand - ICCC","type":"rich","width":600,"height":338,"html":"<blockquote class=\"wp-embedded-content\" data-secret=\"KE0OA8eiV9\"><a href=\"https:\/\/italchamber.qc.ca\/fr\/speakers\/serge-marchand-2\/\">Serge Marchand<\/a><\/blockquote><iframe sandbox=\"allow-scripts\" security=\"restricted\" src=\"https:\/\/italchamber.qc.ca\/fr\/speakers\/serge-marchand-2\/embed\/#?secret=KE0OA8eiV9\" width=\"600\" height=\"338\" title=\"\u00ab\u00a0Serge Marchand\u00a0\u00bb &#8212; ICCC\" data-secret=\"KE0OA8eiV9\" frameborder=\"0\" marginwidth=\"0\" marginheight=\"0\" scrolling=\"no\" class=\"wp-embedded-content\"><\/iframe><script>\n\/*! This file is auto-generated *\/\n!function(d,l){\"use strict\";l.querySelector&&d.addEventListener&&\"undefined\"!=typeof URL&&(d.wp=d.wp||{},d.wp.receiveEmbedMessage||(d.wp.receiveEmbedMessage=function(e){var t=e.data;if((t||t.secret||t.message||t.value)&&!\/[^a-zA-Z0-9]\/.test(t.secret)){for(var s,r,n,a=l.querySelectorAll('iframe[data-secret=\"'+t.secret+'\"]'),o=l.querySelectorAll('blockquote[data-secret=\"'+t.secret+'\"]'),c=new RegExp(\"^https?:$\",\"i\"),i=0;i<o.length;i++)o[i].style.display=\"none\";for(i=0;i<a.length;i++)s=a[i],e.source===s.contentWindow&&(s.removeAttribute(\"style\"),\"height\"===t.message?(1e3<(r=parseInt(t.value,10))?r=1e3:~~r<200&&(r=200),s.height=r):\"link\"===t.message&&(r=new URL(s.getAttribute(\"src\")),n=new URL(t.value),c.test(n.protocol))&&n.host===r.host&&l.activeElement===s&&(d.top.location.href=t.value))}},d.addEventListener(\"message\",d.wp.receiveEmbedMessage,!1),l.addEventListener(\"DOMContentLoaded\",function(){for(var e,t,s=l.querySelectorAll(\"iframe.wp-embedded-content\"),r=0;r<s.length;r++)(t=(e=s[r]).getAttribute(\"data-secret\"))||(t=Math.random().toString(36).substring(2,12),e.src+=\"#?secret=\"+t,e.setAttribute(\"data-secret\",t)),e.contentWindow.postMessage({message:\"ready\",secret:t},\"*\")},!1)))}(window,document);\n\/\/# sourceURL=https:\/\/italchamber.qc.ca\/wp-includes\/js\/wp-embed.min.js\n<\/script>\n","thumbnail_url":"https:\/\/italchamber.qc.ca\/wp-content\/uploads\/2024\/10\/Serge-Marchand-Genome-Quebec.jpg","thumbnail_width":320,"thumbnail_height":200,"description":"Avec une exp\u00e9rience de plus de 30 ans dans le milieu de la recherche au Qu\u00e9bec, Serge Marchand poss\u00e8de une impressionnante feuille de route dans le secteur des sciences. Avant de se joindre \u00e0 l\u2019\u00e9quipe de G\u00e9nome Qu\u00e9bec en janvier 2019 \u00e0 titre de vice-pr\u00e9sident aux affaires scientifiques, Serge \u00e9tait directeur scientifique du FRQS de [&hellip;]"}

Avec une expérience de plus de 30 ans dans le milieu de la recherche au Québec, Serge Marchand possède une impressionnante feuille de route dans le secteur des sciences. Avant de se joindre à l’équipe de Génome Québec en janvier 2019 à titre de vice-président aux affaires scientifiques, Serge était directeur scientifique du FRQS de [&hellip;]
