{"version":"1.0","provider_name":"ICCC","provider_url":"https:\/\/italchamber.qc.ca\/fr\/","author_name":"ICCC","author_url":"https:\/\/italchamber.qc.ca\/fr\/","title":"Matthieu Cardinal - ICCC","type":"rich","width":600,"height":338,"html":"<blockquote class=\"wp-embedded-content\" data-secret=\"QSqYEP11XO\"><a href=\"https:\/\/italchamber.qc.ca\/fr\/speakers\/matthieu-cardinal-3\/\">Matthieu Cardinal<\/a><\/blockquote><iframe sandbox=\"allow-scripts\" security=\"restricted\" src=\"https:\/\/italchamber.qc.ca\/fr\/speakers\/matthieu-cardinal-3\/embed\/#?secret=QSqYEP11XO\" width=\"600\" height=\"338\" title=\"\u00ab\u00a0Matthieu Cardinal\u00a0\u00bb &#8212; ICCC\" data-secret=\"QSqYEP11XO\" frameborder=\"0\" marginwidth=\"0\" marginheight=\"0\" scrolling=\"no\" class=\"wp-embedded-content\"><\/iframe><script>\n\/*! This file is auto-generated *\/\n!function(d,l){\"use strict\";l.querySelector&&d.addEventListener&&\"undefined\"!=typeof URL&&(d.wp=d.wp||{},d.wp.receiveEmbedMessage||(d.wp.receiveEmbedMessage=function(e){var t=e.data;if((t||t.secret||t.message||t.value)&&!\/[^a-zA-Z0-9]\/.test(t.secret)){for(var s,r,n,a=l.querySelectorAll('iframe[data-secret=\"'+t.secret+'\"]'),o=l.querySelectorAll('blockquote[data-secret=\"'+t.secret+'\"]'),c=new RegExp(\"^https?:$\",\"i\"),i=0;i<o.length;i++)o[i].style.display=\"none\";for(i=0;i<a.length;i++)s=a[i],e.source===s.contentWindow&&(s.removeAttribute(\"style\"),\"height\"===t.message?(1e3<(r=parseInt(t.value,10))?r=1e3:~~r<200&&(r=200),s.height=r):\"link\"===t.message&&(r=new URL(s.getAttribute(\"src\")),n=new URL(t.value),c.test(n.protocol))&&n.host===r.host&&l.activeElement===s&&(d.top.location.href=t.value))}},d.addEventListener(\"message\",d.wp.receiveEmbedMessage,!1),l.addEventListener(\"DOMContentLoaded\",function(){for(var e,t,s=l.querySelectorAll(\"iframe.wp-embedded-content\"),r=0;r<s.length;r++)(t=(e=s[r]).getAttribute(\"data-secret\"))||(t=Math.random().toString(36).substring(2,12),e.src+=\"#?secret=\"+t,e.setAttribute(\"data-secret\",t)),e.contentWindow.postMessage({message:\"ready\",secret:t},\"*\")},!1)))}(window,document);\n\/\/# sourceURL=https:\/\/italchamber.qc.ca\/wp-includes\/js\/wp-embed.min.js\n<\/script>\n","thumbnail_url":"https:\/\/italchamber.qc.ca\/wp-content\/uploads\/2024\/10\/Matthieu-Cardinal-Finance-Montreal-768x479.jpg","thumbnail_width":600,"thumbnail_height":374,"description":"Matthieu Cardinal est Vice-pr\u00e9sident, Affaires publiques et partenariats strat\u00e9giques pour Finance Montr\u00e9al. \u00c0 ce titre, il est responsable de l\u2019\u00e9laboration et de la mise en \u0153uvre de la strat\u00e9gie de promotion de l\u2019industrie des services financiers du Qu\u00e9bec, du d\u00e9veloppement du membership institutionnel, de l\u2019organisation des \u00e9v\u00e9nements, de la gestion des affaires publiques et du [&hellip;]"}

Matthieu Cardinal est Vice-président, Affaires publiques et partenariats stratégiques pour Finance Montréal. À ce titre, il est responsable de l’élaboration et de la mise en œuvre de la stratégie de promotion de l’industrie des services financiers du Québec, du développement du membership institutionnel, de l’organisation des événements, de la gestion des affaires publiques et du [&hellip;]
