{"version":"1.0","provider_name":"ICCC","provider_url":"https:\/\/italchamber.qc.ca\/fr\/","author_name":"ICCC","author_url":"https:\/\/italchamber.qc.ca\/fr\/","title":"Andrea Ferrari - Ambassadeur d'Italie au Canada - ICCC","type":"rich","width":600,"height":338,"html":"<blockquote class=\"wp-embedded-content\" data-secret=\"i2N5FvII7X\"><a href=\"https:\/\/italchamber.qc.ca\/fr\/speakers\/andrea-ferrari-ambassador-of-italy-in-canada-2\/\">Andrea Ferrari &#8211; Ambassadeur d&rsquo;Italie au Canada<\/a><\/blockquote><iframe sandbox=\"allow-scripts\" security=\"restricted\" src=\"https:\/\/italchamber.qc.ca\/fr\/speakers\/andrea-ferrari-ambassador-of-italy-in-canada-2\/embed\/#?secret=i2N5FvII7X\" width=\"600\" height=\"338\" title=\"\u00ab\u00a0Andrea Ferrari &#8211; Ambassadeur d&rsquo;Italie au Canada\u00a0\u00bb &#8212; ICCC\" data-secret=\"i2N5FvII7X\" frameborder=\"0\" marginwidth=\"0\" marginheight=\"0\" scrolling=\"no\" class=\"wp-embedded-content\"><\/iframe><script>\n\/*! This file is auto-generated *\/\n!function(d,l){\"use strict\";l.querySelector&&d.addEventListener&&\"undefined\"!=typeof URL&&(d.wp=d.wp||{},d.wp.receiveEmbedMessage||(d.wp.receiveEmbedMessage=function(e){var t=e.data;if((t||t.secret||t.message||t.value)&&!\/[^a-zA-Z0-9]\/.test(t.secret)){for(var s,r,n,a=l.querySelectorAll('iframe[data-secret=\"'+t.secret+'\"]'),o=l.querySelectorAll('blockquote[data-secret=\"'+t.secret+'\"]'),c=new RegExp(\"^https?:$\",\"i\"),i=0;i<o.length;i++)o[i].style.display=\"none\";for(i=0;i<a.length;i++)s=a[i],e.source===s.contentWindow&&(s.removeAttribute(\"style\"),\"height\"===t.message?(1e3<(r=parseInt(t.value,10))?r=1e3:~~r<200&&(r=200),s.height=r):\"link\"===t.message&&(r=new URL(s.getAttribute(\"src\")),n=new URL(t.value),c.test(n.protocol))&&n.host===r.host&&l.activeElement===s&&(d.top.location.href=t.value))}},d.addEventListener(\"message\",d.wp.receiveEmbedMessage,!1),l.addEventListener(\"DOMContentLoaded\",function(){for(var e,t,s=l.querySelectorAll(\"iframe.wp-embedded-content\"),r=0;r<s.length;r++)(t=(e=s[r]).getAttribute(\"data-secret\"))||(t=Math.random().toString(36).substring(2,12),e.src+=\"#?secret=\"+t,e.setAttribute(\"data-secret\",t)),e.contentWindow.postMessage({message:\"ready\",secret:t},\"*\")},!1)))}(window,document);\n\/\/# sourceURL=https:\/\/italchamber.qc.ca\/wp-includes\/js\/wp-embed.min.js\n<\/script>\n","thumbnail_url":"https:\/\/italchamber.qc.ca\/wp-content\/uploads\/2024\/10\/foto_ufficiale_amb._ferrari-e1634841388681-768x720.jpg","thumbnail_width":600,"thumbnail_height":563,"description":"Andrea Ferrari est n\u00e9 \u00e0 Rome en 1963. Dipl\u00f4m\u00e9 en Science politiques \u00e0 l\u2019Universit\u00e9 de Rome, il commence son parcours professionnel dans la diplomatie au Minist\u00e8re des Affaires \u00e9trang\u00e8res italien en 1990, aupr\u00e8s de la Direction g\u00e9n\u00e9rale des Affaires juridiques, Direction du droit des trait\u00e9s et par la suite au Service de Presse et des [&hellip;]"}

Andrea Ferrari est né à Rome en 1963. Diplômé en Science politiques à l’Université de Rome, il commence son parcours professionnel dans la diplomatie au Ministère des Affaires étrangères italien en 1990, auprès de la Direction générale des Affaires juridiques, Direction du droit des traités et par la suite au Service de Presse et des [&hellip;]
