{"version":"1.0","provider_name":"ICCC","provider_url":"https:\/\/italchamber.qc.ca\/fr\/","author_name":"motto","author_url":"https:\/\/italchamber.qc.ca\/fr\/author\/motto\/","title":"Moment historique dans les relations Canada-Italie - ICCC","type":"rich","width":600,"height":338,"html":"<blockquote class=\"wp-embedded-content\" data-secret=\"DuIErGnXiq\"><a href=\"https:\/\/italchamber.qc.ca\/fr\/moment-historique-dans-les-relations-canada-italie\/\">Moment historique dans les relations Canada-Italie<\/a><\/blockquote><iframe sandbox=\"allow-scripts\" security=\"restricted\" src=\"https:\/\/italchamber.qc.ca\/fr\/moment-historique-dans-les-relations-canada-italie\/embed\/#?secret=DuIErGnXiq\" width=\"600\" height=\"338\" title=\"\u00ab\u00a0Moment historique dans les relations Canada-Italie\u00a0\u00bb &#8212; ICCC\" data-secret=\"DuIErGnXiq\" frameborder=\"0\" marginwidth=\"0\" marginheight=\"0\" scrolling=\"no\" class=\"wp-embedded-content\"><\/iframe><script>\n\/*! This file is auto-generated *\/\n!function(d,l){\"use strict\";l.querySelector&&d.addEventListener&&\"undefined\"!=typeof URL&&(d.wp=d.wp||{},d.wp.receiveEmbedMessage||(d.wp.receiveEmbedMessage=function(e){var t=e.data;if((t||t.secret||t.message||t.value)&&!\/[^a-zA-Z0-9]\/.test(t.secret)){for(var s,r,n,a=l.querySelectorAll('iframe[data-secret=\"'+t.secret+'\"]'),o=l.querySelectorAll('blockquote[data-secret=\"'+t.secret+'\"]'),c=new RegExp(\"^https?:$\",\"i\"),i=0;i<o.length;i++)o[i].style.display=\"none\";for(i=0;i<a.length;i++)s=a[i],e.source===s.contentWindow&&(s.removeAttribute(\"style\"),\"height\"===t.message?(1e3<(r=parseInt(t.value,10))?r=1e3:~~r<200&&(r=200),s.height=r):\"link\"===t.message&&(r=new URL(s.getAttribute(\"src\")),n=new URL(t.value),c.test(n.protocol))&&n.host===r.host&&l.activeElement===s&&(d.top.location.href=t.value))}},d.addEventListener(\"message\",d.wp.receiveEmbedMessage,!1),l.addEventListener(\"DOMContentLoaded\",function(){for(var e,t,s=l.querySelectorAll(\"iframe.wp-embedded-content\"),r=0;r<s.length;r++)(t=(e=s[r]).getAttribute(\"data-secret\"))||(t=Math.random().toString(36).substring(2,12),e.src+=\"#?secret=\"+t,e.setAttribute(\"data-secret\",t)),e.contentWindow.postMessage({message:\"ready\",secret:t},\"*\")},!1)))}(window,document);\n\/\/# sourceURL=https:\/\/italchamber.qc.ca\/wp-includes\/js\/wp-embed.min.js\n<\/script>\n","thumbnail_url":"https:\/\/italchamber.qc.ca\/wp-content\/uploads\/2024\/10\/Sergio-Mattallera-webpage.png","thumbnail_width":860,"thumbnail_height":315,"description":"Apr\u00e8s la visite du Premier Ministre Trudeau en Italie au mois de mai, c\u2019est maintenant au tour du Pr\u00e9sident de la R\u00e9publique, Son Excellence Sergio Mattarella, de visiter officiellement le Canada&#8230;une premi\u00e8re pour un chef d&rsquo;\u00e9tat italien depuis 20 ans. Mercredi soir, lors d\u2019une r\u00e9ception exclusive \u00e0 laquelle a particip\u00e9e la CCIC, le Pr\u00e9sident Sergio [&hellip;]"}

Après la visite du Premier Ministre Trudeau en Italie au mois de mai, c’est maintenant au tour du Président de la République, Son Excellence Sergio Mattarella, de visiter officiellement le Canada&#8230;une première pour un chef d&rsquo;état italien depuis 20 ans. Mercredi soir, lors d’une réception exclusive à laquelle a participée la CCIC, le Président Sergio [&hellip;]
