{"version":"1.0","provider_name":"ICCC","provider_url":"https:\/\/italchamber.qc.ca\/fr\/","author_name":"ICCC","author_url":"https:\/\/italchamber.qc.ca\/fr\/","title":"Eat &amp; Think Pink Canada au SIAL Montr\u00e9al 2024 - ICCC","type":"rich","width":600,"height":338,"html":"<blockquote class=\"wp-embedded-content\" data-secret=\"eA7EMifbSh\"><a href=\"https:\/\/italchamber.qc.ca\/fr\/eat-think-pink-canada-au-sial-montreal-2024\/\">Eat &amp; Think Pink Canada au SIAL Montr\u00e9al 2024<\/a><\/blockquote><iframe sandbox=\"allow-scripts\" security=\"restricted\" src=\"https:\/\/italchamber.qc.ca\/fr\/eat-think-pink-canada-au-sial-montreal-2024\/embed\/#?secret=eA7EMifbSh\" width=\"600\" height=\"338\" title=\"\u00ab\u00a0Eat &amp; Think Pink Canada au SIAL Montr\u00e9al 2024\u00a0\u00bb &#8212; ICCC\" data-secret=\"eA7EMifbSh\" frameborder=\"0\" marginwidth=\"0\" marginheight=\"0\" scrolling=\"no\" class=\"wp-embedded-content\"><\/iframe><script>\n\/*! This file is auto-generated *\/\n!function(d,l){\"use strict\";l.querySelector&&d.addEventListener&&\"undefined\"!=typeof URL&&(d.wp=d.wp||{},d.wp.receiveEmbedMessage||(d.wp.receiveEmbedMessage=function(e){var t=e.data;if((t||t.secret||t.message||t.value)&&!\/[^a-zA-Z0-9]\/.test(t.secret)){for(var s,r,n,a=l.querySelectorAll('iframe[data-secret=\"'+t.secret+'\"]'),o=l.querySelectorAll('blockquote[data-secret=\"'+t.secret+'\"]'),c=new RegExp(\"^https?:$\",\"i\"),i=0;i<o.length;i++)o[i].style.display=\"none\";for(i=0;i<a.length;i++)s=a[i],e.source===s.contentWindow&&(s.removeAttribute(\"style\"),\"height\"===t.message?(1e3<(r=parseInt(t.value,10))?r=1e3:~~r<200&&(r=200),s.height=r):\"link\"===t.message&&(r=new URL(s.getAttribute(\"src\")),n=new URL(t.value),c.test(n.protocol))&&n.host===r.host&&l.activeElement===s&&(d.top.location.href=t.value))}},d.addEventListener(\"message\",d.wp.receiveEmbedMessage,!1),l.addEventListener(\"DOMContentLoaded\",function(){for(var e,t,s=l.querySelectorAll(\"iframe.wp-embedded-content\"),r=0;r<s.length;r++)(t=(e=s[r]).getAttribute(\"data-secret\"))||(t=Math.random().toString(36).substring(2,12),e.src+=\"#?secret=\"+t,e.setAttribute(\"data-secret\",t)),e.contentWindow.postMessage({message:\"ready\",secret:t},\"*\")},!1)))}(window,document);\n\/\/# sourceURL=https:\/\/italchamber.qc.ca\/wp-includes\/js\/wp-embed.min.js\n<\/script>\n","thumbnail_url":"https:\/\/italchamber.qc.ca\/wp-content\/uploads\/2024\/10\/Headers-3.png","thumbnail_width":860,"thumbnail_height":315,"description":"La campagne \u00ab\u00a0Eat &amp; Think Pink\u00a0\u00bb \u00e9tait de retour \u00e0 Montr\u00e9al pour une deuxi\u00e8me ann\u00e9e. Organis\u00e9e en collaboration avec la Chambre de commerce italienne au Canada, le programme d\u2019activit\u00e9s pour OPAS, la plus grande organisation de produits de viande porcine en Italie, comprenait une pr\u00e9sence au Salon International de l\u2019Alimentation (SIAL) du 15 au 17 [&hellip;]"}

Eat &amp; Think Pink Canada au SIAL Montréal 2024 - ICCC

<blockquote class="wp-embedded-content" data-secret="eA7EMifbSh"><a href="https://italchamber.qc.ca/fr/eat-think-pink-canada-au-sial-montreal-2024/">Eat &amp; Think Pink Canada au SIAL Montréal 2024</a></blockquote><iframe sandbox="allow-scripts" security="restricted" src="https://italchamber.qc.ca/fr/eat-think-pink-canada-au-sial-montreal-2024/embed/#?secret=eA7EMifbSh" width="600" height="338" title="« Eat &amp; Think Pink Canada au SIAL Montréal 2024 » &#8212; ICCC" data-secret="eA7EMifbSh" frameborder="0" marginwidth="0" marginheight="0" scrolling="no" class="wp-embedded-content"></iframe><script>
/*! This file is auto-generated */
!function(d,l){"use strict";l.querySelector&&d.addEventListener&&"undefined"!=typeof URL&&(d.wp=d.wp||{},d.wp.receiveEmbedMessage||(d.wp.receiveEmbedMessage=function(e){var t=e.data;if((t||t.secret||t.message||t.value)&&!/[^a-zA-Z0-9]/.test(t.secret)){for(var s,r,n,a=l.querySelectorAll('iframe[data-secret="'+t.secret+'"]'),o=l.querySelectorAll('blockquote[data-secret="'+t.secret+'"]'),c=new RegExp("^https?:$","i"),i=0;i<o.length;i++)o[i].style.display="none";for(i=0;i<a.length;i++)s=a[i],e.source===s.contentWindow&&(s.removeAttribute("style"),"height"===t.message?(1e3<(r=parseInt(t.value,10))?r=1e3:~~r<200&&(r=200),s.height=r):"link"===t.message&&(r=new URL(s.getAttribute("src")),n=new URL(t.value),c.test(n.protocol))&&n.host===r.host&&l.activeElement===s&&(d.top.location.href=t.value))}},d.addEventListener("message",d.wp.receiveEmbedMessage,!1),l.addEventListener("DOMContentLoaded",function(){for(var e,t,s=l.querySelectorAll("iframe.wp-embedded-content"),r=0;r<s.length;r++)(t=(e=s[r]).getAttribute("data-secret"))||(t=Math.random().toString(36).substring(2,12),e.src+="#?secret="+t,e.setAttribute("data-secret",t)),e.contentWindow.postMessage({message:"ready",secret:t},"*")},!1)))}(window,document);
//# sourceURL=https://italchamber.qc.ca/wp-includes/js/wp-embed.min.js
</script>

La campagne « Eat &amp; Think Pink » était de retour à Montréal pour une deuxième année. Organisée en collaboration avec la Chambre de commerce italienne au Canada, le programme d’activités pour OPAS, la plus grande organisation de produits de viande porcine en Italie, comprenait une présence au Salon International de l’Alimentation (SIAL) du 15 au 17 [&hellip;]
